{"id":41106,"date":"2025-07-07T21:37:00","date_gmt":"2025-07-07T19:37:00","guid":{"rendered":"https:\/\/noonsong.de\/veranstaltung\/noonsong-event-2022-10-22\/"},"modified":"2025-07-07T21:37:00","modified_gmt":"2025-07-07T19:37:00","slug":"noonsong-event-2022-10-22","status":"publish","type":"tribe_events","link":"https:\/\/noonsong.de\/en\/event\/noonsong-event-2022-10-22\/","title":{"rendered":"599. NoonSong am 22.10.2022 um 12:00"},"content":{"rendered":"\n<div class=\"wp-block-group is-layout-constrained wp-block-group-is-layout-constrained\">\n\n<h2 class=\"wp-block-heading\">Programme<\/h2>\n\n\n\n<p class=\"wp-block-paragraph\">\n<strong>Organ prelude<\/strong>: Johann Sebastian Bach (1685-1750): Herr Gott, nun schleu\u00df den Himmel auf (BWV 1092)<br\/><strong>Preces<\/strong>: Kenneth Leighton (1929-1988): Preces &amp; Responses f\u00fcr vierstimmig gemischten Chor a cappella<br\/><strong>Psalm of the day<\/strong>: Psalm 108: Johann Gottlob Harrer (1703-1755): Mein Herz ist bereit f\u00fcr vierstimmig gemischten Chor a cappella<br\/><strong>Psalm of the week<\/strong>: Psalm 32: Gregor Wagener (16. Jh.): Wohl dem, dem die \u00dcbertretung vergeben sind f\u00fcr vierstimmigen Chor a cappella<br\/><strong>Responsorium<\/strong>: gregorianisch\n\n<br\/><strong>Canticle<\/strong>: Melchior Franck (1579-1639): Meine Seele erhebt den Herren (Der Lobgesang Mariens) f\u00fcr vierstimmig gemischten Chor a cappella<br\/><strong>Hymn<\/strong>: Johann Cr\u00fcger (1598-1662): Ich singe dir mit Herz und Mund f\u00fcr vierstimmig gemischten Chor a cappella<br\/><strong>Organ postlude<\/strong>: Charles John Stanley (1712-1786): Voluntary VIII in d-Moll (Allegro-Adagio-Allegro) (op. 6,8)<br\/><strong>Bible reading<\/strong>: Evangelium nach Markus 2,1-12<\/p>\n\n\n\n<div style=\"height:30px\" aria-hidden=\"true\" class=\"wp-block-spacer\"><\/div>\n\n\n\n<blockquote class=\"wp-block-quote is-layout-flow wp-block-quote-is-layout-flow\" style=\"font-family:Playfair-Display\">\nLiturgy: 19. Sonntag nach Trinitatis<br>\nPfarrer: Alexander Brodt-Zabka<br>\nOrganistin: Karolina Juodelyte<br>\nLocation: <a href=\"\/kontakt\/#anker-kommen-sie-vorbei\">Kirche am Hohenzollernplatz<\/a>\n<\/blockquote>\n\n<\/div>\n\n<div style=\"height:20px\" aria-hidden=\"true\" class=\"wp-block-spacer\"><\/div>\n\n\n\n<div class=\"wp-block-group is-layout-constrained wp-block-group-is-layout-constrained\">\n<h2 class=\"wp-block-heading\">Listen<\/h2>\n\n\n\n\n<p class=\"wp-block-paragraph\">Here you can listen to this NoonSong. If you&#8217;d like to listen to more NoonSongs recordings, please register.<\/p>\n\n<div class=\"um-locked-content\">\n\t<div class=\"um-locked-content-msg\">This content has been restricted to logged-in users only. Please <a href=\"https:\/\/noonsong.de\/en\/login-audio-archive\/?redirect_to=https%3A%2F%2Fnoonsong.de%2Fen%2Fwp-json%2Fwp%2Fv2%2Ftribe_events%2F41106\">log in<\/a> to view this content.<\/div>\n<\/div>\n<\/div>\n\n<div style=\"height:20px\" aria-hidden=\"true\" class=\"wp-block-spacer\"><\/div>\n\n\n\n<div class=\"wp-block-group is-layout-constrained wp-block-group-is-layout-constrained\">\n\n<h2 class=\"wp-block-heading\">Watch<\/h2>\n\n\n\n\n<p class=\"wp-block-paragraph\">Experience the recorded live-stream of this NoonSong.<\/p>\n\n\n\n\n\n<p class=\"wp-block-paragraph\">You&#8217;ll find many selected video recordings of NoonSongs and other concerts on our <a href=\"https:\/\/youtube.com\/sirventesberlin\" target=\"_blank\" rel=\"noreferrer noopener\">YouTube channel<\/a>.\n<\/p>\n\n\n\n\n<div style=\"height:1em\" aria-hidden=\"true\" class=\"wp-block-spacer\"><\/div>\n<div class=\"um-locked-content\">\n\t<div class=\"um-locked-content-msg\">This content has been restricted to logged-in users only. Please <a href=\"https:\/\/noonsong.de\/en\/login-audio-archive\/?redirect_to=https%3A%2F%2Fnoonsong.de%2Fen%2Fwp-json%2Fwp%2Fv2%2Ftribe_events%2F41106\">log in<\/a> to view this content.<\/div>\n<\/div>\n\n<div style=\"height:20px\" aria-hidden=\"true\" class=\"wp-block-spacer\"><\/div>\n\n<\/div>\n\n<div style=\"height:20px\" aria-hidden=\"true\" class=\"wp-block-spacer\"><\/div>\n\n\n\n<div class=\"wp-block-group is-layout-constrained wp-block-group-is-layout-constrained\">\n\n<h2 class=\"wp-block-heading\">Programme PDF<\/h2>\n\n\n\n\n<p class=\"wp-block-paragraph\">Read more about this NoonSong in the programme document.<\/p>\n\n\n\n\n<div style=\"height:1em\" aria-hidden=\"true\" class=\"wp-block-spacer\"><\/div>\n\n\n\n<figure class=\"wp-block-image aligncenter is-resized\">\n<a target=\"_blank\" rel=\"noopener noreferrer\" href=\"https:\/\/noonsong.de\/wp-content\/uploads\/2023\/05\/user_upload2022-10-22-Liturgie.pdf\">\n<img decoding=\"async\" src=\"https:\/\/noonsong.de\/wp-content\/uploads\/2023\/05\/user_upload2022-10-22-Liturgie-pdf.jpg\" alt=\"\" style=\"max-height:45em; max-width:61.8%\" \/>\n<br>\nPDF DOWNLOAD\n<\/a>\n<\/figure>\n\n\n\n<div style=\"height:20px\" aria-hidden=\"true\" class=\"wp-block-spacer\"><\/div>\n\n<\/div>\n\n<div style=\"height:50px\" aria-hidden=\"true\" class=\"wp-block-spacer\"><\/div>\n\n\n\n<p class=\"wp-block-paragraph\" hidden>, , , , , Harrer, Johann; Harrer, Johann G., Wohl dem die \u00dcbertretung vergeben sind, Wagner, Gregor, Magnificat\nDer Lobgesang Mariens\nDas deutsche Magnificat: Meine Seele erhebt den Herren, Francus, Melchior; Frank, Melchior; Franco, Melchior; Francke, Melchior; Franc, Melchior; Franc, M., , Cr\u00fcger, Johann; Cr\u00fcger, Johannes; Cr\u00fcger, J.; Cr\u00fcgerus, Johannes; Kr\u00fcger, Johann; Kr\u00fcger, Johannes, Choralbearbeitungen, BWV 1090-1120. Herr Gott, nun schleu\u00df den Himmel auf\nOrgelchor\u00e4le der Sammlung J. G. Neumeister. Herr Gott, nun schleu\u00df den Himmel auf\nHerr Gott, nun schleu\u00df den Himmel auf, BWV 1092\nChoralbearbeitungen, Orgel, BWV 1092 (a-Moll), Bach; Bach, G. S.; Bach, Iogann Sebast\u02b9jan; Bach, Joh. Sebastian; Bach, Giov. Sebast.; Bach, Jean Sebastien; Bach, Jean Sebastian; Bach, J. Seb.; Bach, Sebastiano; Bach, John Sebastian; Bach, Iogann S.; Bach, Iogann Sebast&#x27;jan; Bach, Iogann Sebastian; Bach, Giovanni Sebastian; Bach, Johan Sebastian; Bach, Joannes Sebastianus; Bach, Giov. Seb.; Bach, Giovanni S.; B\u0101\u1e35, J\u014dh\u0101n Seba\u1e63t\u012b&#x27;\u0101n; Bach, I. S.; Bach, J.-S.; Bach, Giovanni Sebastiano; Bach, Jean-Sebastien; Bach, Sebastian; Bach, Jan Sebastian; Bach, J. S.; Bach, Johann-Sebastian; Bach, Jean S.; Bach, Johannes S.; Bach, Johannes Sebastian; Bach, Joh. Seb.; Bach, Joh.-Seb.; Bach, Joh. Sebas.; Bach, Johann Seb.; Bach, Joh. Sebast.; Bach, Johann S.; Bach, Iogann Sebastjan; Bach, Jean S\u00e9bastien; Bach, Jean-S\u00e9bastien; Bach, Johann; Bakh, Iogann Sebastian, Voluntaries, Orgel, op. 6,8, Stanley, J.; Stanley, Charles John; Stanlay, John, <\/p>\n\n","protected":false},"excerpt":{"rendered":"<p>Vermutlich kennen Sie den s\u00e4chsischen Komponisten Gottlob Harrer nicht, aber dessen Amtsvorg\u00e4nger, n\u00e4mlich Johann Sebastian Bach. Die heute erstmals im NoonSong zu h\u00f6rende Motette &#8220;Mein Herz ist bereit&#8221; macht die stilistische Zeitenwende deutlich, ist doch Harrers Musik viel galanter und eing\u00e4ngiger, aber auch l\u00e4ngst nicht so unverwechselbar wie die seines Vorg\u00e4ngers.<\/p>\n","protected":false},"author":16,"featured_media":4819,"template":"","meta":{"_et_pb_use_builder":"","_et_pb_old_content":"","_et_gb_content_width":"","_tribe_events_status":"","_tribe_events_status_reason":"","footnotes":""},"tags":[365,340,140,446,105,137,176],"tribe_events_cat":[722,743,723,711,712,716,717,719,729,708,735,724,744,720],"class_list":["post-41106","tribe_events","type-tribe_events","status-publish","has-post-thumbnail","hentry","tag-charles-john-stanley","tag-gregor-wagener","tag-johann-crueger","tag-johann-gottlob-harrer","tag-johann-sebastian-bach","tag-kenneth-leighton","tag-melchior-franck","tribe_events_cat-20-jahrhundert","tribe_events_cat-audio","tribe_events_cat-barock","tribe_events_cat-berlin","tribe_events_cat-chor","tribe_events_cat-gottesdienst","tribe_events_cat-kirche","tribe_events_cat-konzert","tribe_events_cat-liturgie","tribe_events_cat-noonsong","tribe_events_cat-pdf","tribe_events_cat-renaissance","tribe_events_cat-video","tribe_events_cat-vokal","cat_20-jahrhundert","cat_audio","cat_barock","cat_berlin","cat_chor","cat_gottesdienst","cat_kirche","cat_konzert","cat_liturgie","cat_noonsong","cat_pdf","cat_renaissance","cat_video","cat_vokal"],"acf":[],"_links":{"self":[{"href":"https:\/\/noonsong.de\/en\/wp-json\/wp\/v2\/tribe_events\/41106","targetHints":{"allow":["GET"]}}],"collection":[{"href":"https:\/\/noonsong.de\/en\/wp-json\/wp\/v2\/tribe_events"}],"about":[{"href":"https:\/\/noonsong.de\/en\/wp-json\/wp\/v2\/types\/tribe_events"}],"author":[{"embeddable":true,"href":"https:\/\/noonsong.de\/en\/wp-json\/wp\/v2\/users\/16"}],"version-history":[{"count":1,"href":"https:\/\/noonsong.de\/en\/wp-json\/wp\/v2\/tribe_events\/41106\/revisions"}],"predecessor-version":[{"id":57032,"href":"https:\/\/noonsong.de\/en\/wp-json\/wp\/v2\/tribe_events\/41106\/revisions\/57032"}],"wp:featuredmedia":[{"embeddable":true,"href":"https:\/\/noonsong.de\/en\/wp-json\/wp\/v2\/media\/4819"}],"wp:attachment":[{"href":"https:\/\/noonsong.de\/en\/wp-json\/wp\/v2\/media?parent=41106"}],"wp:term":[{"taxonomy":"post_tag","embeddable":true,"href":"https:\/\/noonsong.de\/en\/wp-json\/wp\/v2\/tags?post=41106"},{"taxonomy":"tribe_events_cat","embeddable":true,"href":"https:\/\/noonsong.de\/en\/wp-json\/wp\/v2\/tribe_events_cat?post=41106"}],"curies":[{"name":"wp","href":"https:\/\/api.w.org\/{rel}","templated":true}]}}

<div class="wp-block-group is-layout-constrained wp-block-group-is-layout-constrained">

<h2 class="wp-block-heading">Programme</h2>



<p class="wp-block-paragraph">
<strong>Organ prelude</strong>: Johann Sebastian Bach (1685-1750): Herr Gott, nun schleuß den Himmel auf (BWV 1092)<br/><strong>Preces</strong>: Kenneth Leighton (1929-1988): Preces &amp; Responses für vierstimmig gemischten Chor a cappella<br/><strong>Psalm of the day</strong>: Psalm 108: Johann Gottlob Harrer (1703-1755): Mein Herz ist bereit für vierstimmig gemischten Chor a cappella<br/><strong>Psalm of the week</strong>: Psalm 32: Gregor Wagener (16. Jh.): Wohl dem, dem die Übertretung vergeben sind für vierstimmigen Chor a cappella<br/><strong>Responsorium</strong>: gregorianisch

<br/><strong>Canticle</strong>: Melchior Franck (1579-1639): Meine Seele erhebt den Herren (Der Lobgesang Mariens) für vierstimmig gemischten Chor a cappella<br/><strong>Hymn</strong>: Johann Crüger (1598-1662): Ich singe dir mit Herz und Mund für vierstimmig gemischten Chor a cappella<br/><strong>Organ postlude</strong>: Charles John Stanley (1712-1786): Voluntary VIII in d-Moll (Allegro-Adagio-Allegro) (op. 6,8)<br/><strong>Bible reading</strong>: Evangelium nach Markus 2,1-12</p>



<div style="height:30px" aria-hidden="true" class="wp-block-spacer"></div>



<blockquote class="wp-block-quote is-layout-flow wp-block-quote-is-layout-flow" style="font-family:Playfair-Display">
Liturgy: 19. Sonntag nach Trinitatis<br>
Pfarrer: Alexander Brodt-Zabka<br>
Organistin: Karolina Juodelyte<br>
Location: <a href="/kontakt/#anker-kommen-sie-vorbei">Kirche am Hohenzollernplatz</a>
</blockquote>

</div>

<div style="height:20px" aria-hidden="true" class="wp-block-spacer"></div>



<div class="wp-block-group is-layout-constrained wp-block-group-is-layout-constrained">
<h2 class="wp-block-heading">Listen</h2>




<p class="wp-block-paragraph">Here you can listen to this NoonSong. If you&#8217;d like to listen to more NoonSongs recordings, please register.</p>

<div class="um-locked-content">
	<div class="um-locked-content-msg">This content has been restricted to logged-in users only. Please <a href="https://noonsong.de/en/login-audio-archive/?redirect_to=https%3A%2F%2Fnoonsong.de%2Fen%2Fwp-json%2Fwp%2Fv2%2Ftribe_events%2F41106">log in</a> to view this content.</div>
</div>
</div>

<div style="height:20px" aria-hidden="true" class="wp-block-spacer"></div>



<div class="wp-block-group is-layout-constrained wp-block-group-is-layout-constrained">

<h2 class="wp-block-heading">Watch</h2>




<p class="wp-block-paragraph">Experience the recorded live-stream of this NoonSong.</p>





<p class="wp-block-paragraph">You&#8217;ll find many selected video recordings of NoonSongs and other concerts on our <a href="https://youtube.com/sirventesberlin" target="_blank" rel="noreferrer noopener">YouTube channel</a>.
</p>




<div style="height:1em" aria-hidden="true" class="wp-block-spacer"></div>
<div class="um-locked-content">
	<div class="um-locked-content-msg">This content has been restricted to logged-in users only. Please <a href="https://noonsong.de/en/login-audio-archive/?redirect_to=https%3A%2F%2Fnoonsong.de%2Fen%2Fwp-json%2Fwp%2Fv2%2Ftribe_events%2F41106">log in</a> to view this content.</div>
</div>

<div style="height:20px" aria-hidden="true" class="wp-block-spacer"></div>

</div>

<div style="height:20px" aria-hidden="true" class="wp-block-spacer"></div>



<div class="wp-block-group is-layout-constrained wp-block-group-is-layout-constrained">

<h2 class="wp-block-heading">Programme PDF</h2>




<p class="wp-block-paragraph">Read more about this NoonSong in the programme document.</p>




<div style="height:1em" aria-hidden="true" class="wp-block-spacer"></div>



<figure class="wp-block-image aligncenter is-resized">
<a target="_blank" rel="noopener noreferrer" href="https://noonsong.de/wp-content/uploads/2023/05/user_upload2022-10-22-Liturgie.pdf">
<img decoding="async" src="https://noonsong.de/wp-content/uploads/2023/05/user_upload2022-10-22-Liturgie-pdf.jpg" alt="" style="max-height:45em; max-width:61.8%" />
<br>
PDF DOWNLOAD
</a>
</figure>



<div style="height:20px" aria-hidden="true" class="wp-block-spacer"></div>

</div>

<div style="height:50px" aria-hidden="true" class="wp-block-spacer"></div>



<p class="wp-block-paragraph" hidden>, , , , , Harrer, Johann; Harrer, Johann G., Wohl dem die Übertretung vergeben sind, Wagner, Gregor, Magnificat
Der Lobgesang Mariens
Das deutsche Magnificat: Meine Seele erhebt den Herren, Francus, Melchior; Frank, Melchior; Franco, Melchior; Francke, Melchior; Franc, Melchior; Franc, M., , Crüger, Johann; Crüger, Johannes; Crüger, J.; Crügerus, Johannes; Krüger, Johann; Krüger, Johannes, Choralbearbeitungen, BWV 1090-1120. Herr Gott, nun schleuß den Himmel auf
Orgelchoräle der Sammlung J. G. Neumeister. Herr Gott, nun schleuß den Himmel auf
Herr Gott, nun schleuß den Himmel auf, BWV 1092
Choralbearbeitungen, Orgel, BWV 1092 (a-Moll), Bach; Bach, G. S.; Bach, Iogann Sebastʹjan; Bach, Joh. Sebastian; Bach, Giov. Sebast.; Bach, Jean Sebastien; Bach, Jean Sebastian; Bach, J. Seb.; Bach, Sebastiano; Bach, John Sebastian; Bach, Iogann S.; Bach, Iogann Sebast&#x27;jan; Bach, Iogann Sebastian; Bach, Giovanni Sebastian; Bach, Johan Sebastian; Bach, Joannes Sebastianus; Bach, Giov. Seb.; Bach, Giovanni S.; Bāḵ, Jōhān Sebaṣtī&#x27;ān; Bach, I. S.; Bach, J.-S.; Bach, Giovanni Sebastiano; Bach, Jean-Sebastien; Bach, Sebastian; Bach, Jan Sebastian; Bach, J. S.; Bach, Johann-Sebastian; Bach, Jean S.; Bach, Johannes S.; Bach, Johannes Sebastian; Bach, Joh. Seb.; Bach, Joh.-Seb.; Bach, Joh. Sebas.; Bach, Johann Seb.; Bach, Joh. Sebast.; Bach, Johann S.; Bach, Iogann Sebastjan; Bach, Jean Sébastien; Bach, Jean-Sébastien; Bach, Johann; Bakh, Iogann Sebastian, Voluntaries, Orgel, op. 6,8, Stanley, J.; Stanley, Charles John; Stanlay, John, </p>

<p>Vermutlich kennen Sie den sächsischen Komponisten Gottlob Harrer nicht, aber dessen Amtsvorgänger, nämlich Johann Sebastian Bach. Die heute erstmals im NoonSong zu hörende Motette &#8220;Mein Herz ist bereit&#8221; macht die stilistische Zeitenwende deutlich, ist doch Harrers Musik viel galanter und eingängiger, aber auch längst nicht so unverwechselbar wie die seines Vorgängers.</p>
