{"id":41122,"date":"2025-07-07T21:42:06","date_gmt":"2025-07-07T19:42:06","guid":{"rendered":"https:\/\/noonsong.de\/veranstaltung\/noonsong-event-2018-09-29\/"},"modified":"2025-07-07T21:42:06","modified_gmt":"2025-07-07T19:42:06","slug":"noonsong-event-2018-09-29","status":"publish","type":"tribe_events","link":"https:\/\/noonsong.de\/en\/event\/noonsong-event-2018-09-29\/","title":{"rendered":"437. NoonSong am 29.09.2018 um 12:00"},"content":{"rendered":"\n<div class=\"wp-block-group is-layout-constrained wp-block-group-is-layout-constrained\">\n\n<h2 class=\"wp-block-heading\">Programme<\/h2>\n\n\n\n<p>\n<strong>Organ prelude<\/strong>: Georg B\u00f6hm (1661-1733): Vater unser im Himmelreich<br\/><strong>Preces<\/strong>: Reimar Johne (*1969): Preces und Responses f\u00fcr vierstimmig gemischten Chor a cappella<br\/><strong>Psalm of the day<\/strong>: Psalm 100: Hans Leo Ha\u00dfler (1564-1612): Jubilate deo \u00e0 5 f\u00fcr vierstimmig gemischten Chor a cappella<br\/><strong>Psalm of the week<\/strong>: Psalm 148: J\u00f3zef \u015aw\u00edder (1930-2014): Laudate Dominum f\u00fcr vierstimmig gemischten Chor a cappella<br\/><strong>Responsorium<\/strong>: gregorianisch\n\n<br\/><strong>Canticle<\/strong>: Hans Leo Ha\u00dfler (1564-1612): Magnificat quinti toni f\u00fcr vierstimmig gemischten Chor a cappella<br\/><strong>Hymn<\/strong>: Johann Cr\u00fcger (1598-1662): Ich singe dir mit Herz und Mund f\u00fcr vierstimmig gemischten Chor a cappella<br\/><strong>Organ postlude<\/strong>: Dietrich Buxtehude (1637-1707): Fuge in g-Moll (BuxWV 149)<br\/><strong>Bible reading<\/strong>: Evangelium nach Lukas 10,17-20<\/p>\n\n\n\n<div style=\"height:30px\" aria-hidden=\"true\" class=\"wp-block-spacer\"><\/div>\n\n\n\n<blockquote class=\"wp-block-quote is-layout-flow wp-block-quote-is-layout-flow\" style=\"font-family:Playfair-Display\">\nLiturgy: Erzengel Michael<br>\nPfarrer: Dr. Sebastian W. Stork<br>\nOrganist: Daniel Clark<br>\nLocation: <a href=\"\/kontakt\/#anker-kommen-sie-vorbei\">Kirche am Hohenzollernplatz<\/a>\n<\/blockquote>\n\n<\/div>\n\n<div style=\"height:20px\" aria-hidden=\"true\" class=\"wp-block-spacer\"><\/div>\n\n\n\n<div class=\"wp-block-group is-layout-constrained wp-block-group-is-layout-constrained\">\n<h2 class=\"wp-block-heading\">Listen<\/h2>\n\n\n\n\n<p>Here you can listen to this NoonSong. If you&#8217;d like to listen to more NoonSongs recordings, please register.<\/p>\n\n<div class=\"um-locked-content\">\n\t<div class=\"um-locked-content-msg\">This content has been restricted to logged-in users only. Please <a href=\"https:\/\/noonsong.de\/en\/login-audio-archive\/?redirect_to=https%3A%2F%2Fnoonsong.de%2Fen%2Fwp-json%2Fwp%2Fv2%2Ftribe_events%2F41122\">log in<\/a> to view this content.<\/div>\n<\/div>\n<\/div>\n\n<div style=\"height:20px\" aria-hidden=\"true\" class=\"wp-block-spacer\"><\/div>\n\n\n\n<div class=\"wp-block-group is-layout-constrained wp-block-group-is-layout-constrained\">\n\n<h2 class=\"wp-block-heading\">Programme PDF<\/h2>\n\n\n\n\n<p>Read more about this NoonSong in the programme document.<\/p>\n\n\n\n\n<div style=\"height:1em\" aria-hidden=\"true\" class=\"wp-block-spacer\"><\/div>\n\n\n\n<figure class=\"wp-block-image aligncenter is-resized\">\n<a target=\"_blank\" rel=\"noopener noreferrer\" href=\"https:\/\/noonsong.de\/wp-content\/uploads\/2024\/07\/2018-09-29-Liturgie.pdf\">\n<img decoding=\"async\" src=\"https:\/\/noonsong.de\/wp-content\/uploads\/2024\/07\/2018-09-29-Liturgie-pdf.jpg\" alt=\"\" style=\"max-height:45em; max-width:61.8%\" \/>\n<br>\nPDF DOWNLOAD\n<\/a>\n<\/figure>\n\n\n\n<div style=\"height:20px\" aria-hidden=\"true\" class=\"wp-block-spacer\"><\/div>\n\n<\/div>\n\n<div style=\"height:50px\" aria-hidden=\"true\" class=\"wp-block-spacer\"><\/div>\n\n\n\n<p hidden>, , , , , Hassler, Hans Leo; Hassler, J. L.; Hasler, Jean Leo; Hasler, Hans Leo von; Hasler, Giovan Leo; Hasler, Ioannes Leo; Hasler, L.; Hasler, Hanns Leo; Hassler, Hans L.; Hasler, Hans L.; Hasler, Joanne Leone; Hasler, &#8230;; Hassler, Johann Leo; Hasler, Johann Leo; Hasler, Hans Leo; Hasler, Johannes Leo; Hasler, J. L.; Haslerus, Hans Leo; Hassler, H. L.; Hassler, L\u00e9o; Hassler, Hans Leo; Haslero, Joanne Leone, , Swider, Jozef , , Hassler, Hans Leo; Hassler, J. L.; Hasler, Jean Leo; Hasler, Hans Leo von; Hasler, Giovan Leo; Hasler, Ioannes Leo; Hasler, L.; Hasler, Hanns Leo; Hassler, Hans L.; Hasler, Hans L.; Hasler, Joanne Leone; Hasler, &#8230;; Hassler, Johann Leo; Hasler, Johann Leo; Hasler, Hans Leo; Hasler, Johannes Leo; Hasler, J. L.; Haslerus, Hans Leo; Hassler, H. L.; Hassler, L\u00e9o; Hassler, Hans Leo; Haslero, Joanne Leone, , Cr\u00fcger, Johann; Cr\u00fcger, Johannes; Cr\u00fcger, J.; Cr\u00fcgerus, Johannes; Kr\u00fcger, Johann; Kr\u00fcger, Johannes, Choralvorspiele. Vater unser im Himmelreich, Nr. 1\nVater unser im Himmelreich\nVater unser im Himmelreich, Nr. 1, B\u00f6hm, Georg; Boehm, Georg; Boehm, Georges; B\u00f6hm, Johann Georg; B\u00f6hm, G., Fuga in g-Moll (BuxWV 149), Buxtehude, &#8230;; Buxtehude, D.; Buxtehude, Diderik; Buxtehude, Diderich; Buxtehude, Dieterich, <\/p>\n\n","protected":false},"excerpt":{"rendered":"<p style='position:absolute'>&nbsp;<\/p>\n","protected":false},"author":16,"featured_media":4562,"template":"","meta":{"_et_pb_use_builder":"","_et_pb_old_content":"","_et_gb_content_width":"","_tribe_events_status":"","_tribe_events_status_reason":"","footnotes":""},"tags":[205,252,169,140,267,196],"tribe_events_cat":[722,743,723,711,712,716,717,719,729,708,735,724,720],"class_list":["post-41122","tribe_events","type-tribe_events","status-publish","has-post-thumbnail","hentry","tag-dietrich-buxtehude","tag-georg-boehm","tag-hans-leo-hassler","tag-johann-crueger","tag-jozef-swider","tag-reimar-johne","tribe_events_cat-20-jahrhundert","tribe_events_cat-audio","tribe_events_cat-barock","tribe_events_cat-berlin","tribe_events_cat-chor","tribe_events_cat-gottesdienst","tribe_events_cat-kirche","tribe_events_cat-konzert","tribe_events_cat-liturgie","tribe_events_cat-noonsong","tribe_events_cat-pdf","tribe_events_cat-renaissance","tribe_events_cat-vokal","cat_20-jahrhundert","cat_audio","cat_barock","cat_berlin","cat_chor","cat_gottesdienst","cat_kirche","cat_konzert","cat_liturgie","cat_noonsong","cat_pdf","cat_renaissance","cat_vokal"],"acf":[],"_links":{"self":[{"href":"https:\/\/noonsong.de\/en\/wp-json\/wp\/v2\/tribe_events\/41122","targetHints":{"allow":["GET"]}}],"collection":[{"href":"https:\/\/noonsong.de\/en\/wp-json\/wp\/v2\/tribe_events"}],"about":[{"href":"https:\/\/noonsong.de\/en\/wp-json\/wp\/v2\/types\/tribe_events"}],"author":[{"embeddable":true,"href":"https:\/\/noonsong.de\/en\/wp-json\/wp\/v2\/users\/16"}],"version-history":[{"count":1,"href":"https:\/\/noonsong.de\/en\/wp-json\/wp\/v2\/tribe_events\/41122\/revisions"}],"predecessor-version":[{"id":57354,"href":"https:\/\/noonsong.de\/en\/wp-json\/wp\/v2\/tribe_events\/41122\/revisions\/57354"}],"wp:featuredmedia":[{"embeddable":true,"href":"https:\/\/noonsong.de\/en\/wp-json\/wp\/v2\/media\/4562"}],"wp:attachment":[{"href":"https:\/\/noonsong.de\/en\/wp-json\/wp\/v2\/media?parent=41122"}],"wp:term":[{"taxonomy":"post_tag","embeddable":true,"href":"https:\/\/noonsong.de\/en\/wp-json\/wp\/v2\/tags?post=41122"},{"taxonomy":"tribe_events_cat","embeddable":true,"href":"https:\/\/noonsong.de\/en\/wp-json\/wp\/v2\/tribe_events_cat?post=41122"}],"curies":[{"name":"wp","href":"https:\/\/api.w.org\/{rel}","templated":true}]}}

<div class="wp-block-group is-layout-constrained wp-block-group-is-layout-constrained">

<h2 class="wp-block-heading">Programme</h2>



<p>
<strong>Organ prelude</strong>: Georg Böhm (1661-1733): Vater unser im Himmelreich<br/><strong>Preces</strong>: Reimar Johne (*1969): Preces und Responses für vierstimmig gemischten Chor a cappella<br/><strong>Psalm of the day</strong>: Psalm 100: Hans Leo Haßler (1564-1612): Jubilate deo à 5 für vierstimmig gemischten Chor a cappella<br/><strong>Psalm of the week</strong>: Psalm 148: Józef Śwíder (1930-2014): Laudate Dominum für vierstimmig gemischten Chor a cappella<br/><strong>Responsorium</strong>: gregorianisch

<br/><strong>Canticle</strong>: Hans Leo Haßler (1564-1612): Magnificat quinti toni für vierstimmig gemischten Chor a cappella<br/><strong>Hymn</strong>: Johann Crüger (1598-1662): Ich singe dir mit Herz und Mund für vierstimmig gemischten Chor a cappella<br/><strong>Organ postlude</strong>: Dietrich Buxtehude (1637-1707): Fuge in g-Moll (BuxWV 149)<br/><strong>Bible reading</strong>: Evangelium nach Lukas 10,17-20</p>



<div style="height:30px" aria-hidden="true" class="wp-block-spacer"></div>



<blockquote class="wp-block-quote is-layout-flow wp-block-quote-is-layout-flow" style="font-family:Playfair-Display">
Liturgy: Erzengel Michael<br>
Pfarrer: Dr. Sebastian W. Stork<br>
Organist: Daniel Clark<br>
Location: <a href="/kontakt/#anker-kommen-sie-vorbei">Kirche am Hohenzollernplatz</a>
</blockquote>

</div>

<div style="height:20px" aria-hidden="true" class="wp-block-spacer"></div>



<div class="wp-block-group is-layout-constrained wp-block-group-is-layout-constrained">
<h2 class="wp-block-heading">Listen</h2>




<p>Here you can listen to this NoonSong. If you&#8217;d like to listen to more NoonSongs recordings, please register.</p>

<div class="um-locked-content">
	<div class="um-locked-content-msg">This content has been restricted to logged-in users only. Please <a href="https://noonsong.de/en/login-audio-archive/?redirect_to=https%3A%2F%2Fnoonsong.de%2Fen%2Fwp-json%2Fwp%2Fv2%2Ftribe_events%2F41122">log in</a> to view this content.</div>
</div>
</div>

<div style="height:20px" aria-hidden="true" class="wp-block-spacer"></div>



<div class="wp-block-group is-layout-constrained wp-block-group-is-layout-constrained">

<h2 class="wp-block-heading">Programme PDF</h2>




<p>Read more about this NoonSong in the programme document.</p>




<div style="height:1em" aria-hidden="true" class="wp-block-spacer"></div>



<figure class="wp-block-image aligncenter is-resized">
<a target="_blank" rel="noopener noreferrer" href="https://noonsong.de/wp-content/uploads/2024/07/2018-09-29-Liturgie.pdf">
<img decoding="async" src="https://noonsong.de/wp-content/uploads/2024/07/2018-09-29-Liturgie-pdf.jpg" alt="" style="max-height:45em; max-width:61.8%" />
<br>
PDF DOWNLOAD
</a>
</figure>



<div style="height:20px" aria-hidden="true" class="wp-block-spacer"></div>

</div>

<div style="height:50px" aria-hidden="true" class="wp-block-spacer"></div>



<p hidden>, , , , , Hassler, Hans Leo; Hassler, J. L.; Hasler, Jean Leo; Hasler, Hans Leo von; Hasler, Giovan Leo; Hasler, Ioannes Leo; Hasler, L.; Hasler, Hanns Leo; Hassler, Hans L.; Hasler, Hans L.; Hasler, Joanne Leone; Hasler, &#8230;; Hassler, Johann Leo; Hasler, Johann Leo; Hasler, Hans Leo; Hasler, Johannes Leo; Hasler, J. L.; Haslerus, Hans Leo; Hassler, H. L.; Hassler, Léo; Hassler, Hans Leo; Haslero, Joanne Leone, , Swider, Jozef , , Hassler, Hans Leo; Hassler, J. L.; Hasler, Jean Leo; Hasler, Hans Leo von; Hasler, Giovan Leo; Hasler, Ioannes Leo; Hasler, L.; Hasler, Hanns Leo; Hassler, Hans L.; Hasler, Hans L.; Hasler, Joanne Leone; Hasler, &#8230;; Hassler, Johann Leo; Hasler, Johann Leo; Hasler, Hans Leo; Hasler, Johannes Leo; Hasler, J. L.; Haslerus, Hans Leo; Hassler, H. L.; Hassler, Léo; Hassler, Hans Leo; Haslero, Joanne Leone, , Crüger, Johann; Crüger, Johannes; Crüger, J.; Crügerus, Johannes; Krüger, Johann; Krüger, Johannes, Choralvorspiele. Vater unser im Himmelreich, Nr. 1
Vater unser im Himmelreich
Vater unser im Himmelreich, Nr. 1, Böhm, Georg; Boehm, Georg; Boehm, Georges; Böhm, Johann Georg; Böhm, G., Fuga in g-Moll (BuxWV 149), Buxtehude, &#8230;; Buxtehude, D.; Buxtehude, Diderik; Buxtehude, Diderich; Buxtehude, Dieterich, </p>
