{"id":41153,"date":"2025-10-26T03:01:04","date_gmt":"2025-10-26T02:01:04","guid":{"rendered":"https:\/\/noonsong.de\/veranstaltung\/noonsong-event-2010-06-05\/"},"modified":"2025-10-26T03:01:04","modified_gmt":"2025-10-26T02:01:04","slug":"noonsong-event-2010-06-05","status":"publish","type":"tribe_events","link":"https:\/\/noonsong.de\/en\/event\/noonsong-event-2010-06-05\/","title":{"rendered":"70. NoonSong am 05.06.2010 um 12:00"},"content":{"rendered":"\n<div class=\"wp-block-group is-layout-constrained wp-block-group-is-layout-constrained\">\n\n<h2 class=\"wp-block-heading\">Programme<\/h2>\n\n\n\n<p>\n<strong>Organ prelude<\/strong>: Johann Sebastian Bach (1685-1750): Pr\u00e4ludium und Fuge D-Dur: Pr\u00e4ludium D-Dur (BWV 532,1)<br\/><strong>Preces<\/strong>: Simon Berg (*1973): Preces und Responses f\u00fcr vierstimmig gemischten Chor a cappella<br\/><strong>Psalm of the day<\/strong>: Psalm 33: Juan Guti\u00e9rrez de Padilla (ca. 1590-1664): Exsultate iusti in Domino f\u00fcr zwei vierstimmig gemischte Ch\u00f6re a cappella<br\/><strong>Psalm of the week<\/strong>: Psalm 81b: William Byrd (ca. 1540-1623): Cibavit eos f\u00fcr vierstimmig gemischten Chor a cappella<br\/><strong>Responsorium<\/strong>: gregorianisch\n\n<br\/><strong>Canticle<\/strong>: William Byrd (ca. 1540-1623): Magnificat f\u00fcr vierstimmig gemischten Chor a cappella<br\/><strong>Hymn<\/strong>: Michael Praetorius (1571-1621): Nun bitten wir den Heiligen Geist f\u00fcr vierstimmig gemischten Chor a cappella<br\/><strong>Organ postlude<\/strong>: Maurice Durufl\u00e9 (1902-1986): Fugue sur le nom d\u2018Alain (op. 7)<br\/><strong>Bible reading<\/strong>: 1. Johannesbrief 4,16b-21<\/p>\n\n\n\n<div style=\"height:30px\" aria-hidden=\"true\" class=\"wp-block-spacer\"><\/div>\n\n\n\n<blockquote class=\"wp-block-quote is-layout-flow wp-block-quote-is-layout-flow\" style=\"font-family:Playfair-Display\">\nLiturgy: 1. Sonntag nach Trinitatis<br>\nPfarrerin: Anna Kim-Chi Nguyen-Huu<br>\nOrganist: Simon Menges<br>\nLocation: <a href=\"\/kontakt\/#anker-kommen-sie-vorbei\">Kirche am Hohenzollernplatz<\/a>\n<\/blockquote>\n\n<\/div>\n\n<div style=\"height:20px\" aria-hidden=\"true\" class=\"wp-block-spacer\"><\/div>\n\n\n\n<div class=\"wp-block-group is-layout-constrained wp-block-group-is-layout-constrained\">\n\n<h2 class=\"wp-block-heading\">Programme PDF<\/h2>\n\n\n\n\n<p>Read more about this NoonSong in the programme document.<\/p>\n\n\n\n\n<div style=\"height:1em\" aria-hidden=\"true\" class=\"wp-block-spacer\"><\/div>\n\n\n\n<figure class=\"wp-block-image aligncenter is-resized\">\n<a target=\"_blank\" rel=\"noopener noreferrer\" href=\"https:\/\/noonsong.de\/wp-content\/uploads\/2024\/07\/2010-06-05-Liturgie.pdf\">\n<img decoding=\"async\" src=\"https:\/\/noonsong.de\/wp-content\/uploads\/2024\/07\/2010-06-05-Liturgie-pdf.jpg\" alt=\"\" style=\"max-height:45em; max-width:61.8%\" \/>\n<br>\nPDF DOWNLOAD\n<\/a>\n<\/figure>\n\n\n\n<div style=\"height:20px\" aria-hidden=\"true\" class=\"wp-block-spacer\"><\/div>\n\n<\/div>\n\n<div style=\"height:50px\" aria-hidden=\"true\" class=\"wp-block-spacer\"><\/div>\n\n\n\n<p hidden>, , , , , Guti\u00e9rrez Padilla, Juan de; Padilla, Juan de Guti\u00e9rrez; Padilla, Juan Guti\u00e9rrez de, , Byrd, &#8230;; Byrd, W.; Byrd, Guil.; Byrd of Virginia, William; Berd, V.; Byred, William; Bird, William; Byrde, William, , Byrd, &#8230;; Byrd, W.; Byrd, Guil.; Byrd of Virginia, William; Berd, V.; Byred, William; Bird, William; Byrde, William, Musae Sioniae, Theil 6. Nun bitten wir den Heiligen Geist\nNun bitten wir den Heiligen Geist, Praetorius, M.; Praetorius; Praetorij, Micha\u00eblis; Pr\u00e4torius, Michael; Pr\u00e4torius, Mich.; Schulthei\u00df, Michael; Schultheiss, Michael, Pr\u00e4ludium und Fuge, Orgel, BWV 532 (D-Dur). Praeludium\nPr\u00e4ludien und Fugen, Org BWV 532. Pr\u00e4ludium\nBWV 532 1, Bach; Bach, G. S.; Bach, Iogann Sebast\u02b9jan; Bach, Joh. Sebastian; Bach, Giov. Sebast.; Bach, Jean Sebastien; Bach, Jean Sebastian; Bach, J. Seb.; Bach, Sebastiano; Bach, John Sebastian; Bach, Iogann S.; Bach, Iogann Sebast&#x27;jan; Bach, Iogann Sebastian; Bach, Giovanni Sebastian; Bach, Johan Sebastian; Bach, Joannes Sebastianus; Bach, Giov. Seb.; Bach, Giovanni S.; B\u0101\u1e35, J\u014dh\u0101n Seba\u1e63t\u012b&#x27;\u0101n; Bach, I. S.; Bach, J.-S.; Bach, Giovanni Sebastiano; Bach, Jean-Sebastien; Bach, Sebastian; Bach, Jan Sebastian; Bach, J. S.; Bach, Johann-Sebastian; Bach, Jean S.; Bach, Johannes S.; Bach, Johannes Sebastian; Bach, Joh. Seb.; Bach, Joh.-Seb.; Bach, Joh. Sebas.; Bach, Johann Seb.; Bach, Joh. Sebast.; Bach, Johann S.; Bach, Iogann Sebastjan; Bach, Jean S\u00e9bastien; Bach, Jean-S\u00e9bastien; Bach, Johann; Bakh, Iogann Sebastian, Pr\u00e9lude et fugue sur le nom d&#x27;Alain\t\nPr\u00e4ludien und Fugen, Org, op. 7, , <\/p>\n\n","protected":false},"excerpt":{"rendered":"<p style='position:absolute'>&nbsp;<\/p>\n","protected":false},"author":16,"featured_media":18529,"template":"","meta":{"_et_pb_use_builder":"","_et_pb_old_content":"","_et_gb_content_width":"","_tribe_events_status":"","_tribe_events_status_reason":"","footnotes":""},"tags":[105,378,434,145,151,113],"tribe_events_cat":[722,723,711,712,716,717,719,729,708,735,724,720],"class_list":["post-41153","tribe_events","type-tribe_events","status-publish","has-post-thumbnail","hentry","tag-johann-sebastian-bach","tag-juan-gutierrez-de-padilla","tag-maurice-durufle","tag-michael-praetorius","tag-simon-berg","tag-william-byrd","tribe_events_cat-20-jahrhundert","tribe_events_cat-barock","tribe_events_cat-berlin","tribe_events_cat-chor","tribe_events_cat-gottesdienst","tribe_events_cat-kirche","tribe_events_cat-konzert","tribe_events_cat-liturgie","tribe_events_cat-noonsong","tribe_events_cat-pdf","tribe_events_cat-renaissance","tribe_events_cat-vokal","cat_20-jahrhundert","cat_barock","cat_berlin","cat_chor","cat_gottesdienst","cat_kirche","cat_konzert","cat_liturgie","cat_noonsong","cat_pdf","cat_renaissance","cat_vokal"],"acf":[],"_links":{"self":[{"href":"https:\/\/noonsong.de\/en\/wp-json\/wp\/v2\/tribe_events\/41153","targetHints":{"allow":["GET"]}}],"collection":[{"href":"https:\/\/noonsong.de\/en\/wp-json\/wp\/v2\/tribe_events"}],"about":[{"href":"https:\/\/noonsong.de\/en\/wp-json\/wp\/v2\/types\/tribe_events"}],"author":[{"embeddable":true,"href":"https:\/\/noonsong.de\/en\/wp-json\/wp\/v2\/users\/16"}],"version-history":[{"count":2,"href":"https:\/\/noonsong.de\/en\/wp-json\/wp\/v2\/tribe_events\/41153\/revisions"}],"predecessor-version":[{"id":58101,"href":"https:\/\/noonsong.de\/en\/wp-json\/wp\/v2\/tribe_events\/41153\/revisions\/58101"}],"wp:featuredmedia":[{"embeddable":true,"href":"https:\/\/noonsong.de\/en\/wp-json\/wp\/v2\/media\/18529"}],"wp:attachment":[{"href":"https:\/\/noonsong.de\/en\/wp-json\/wp\/v2\/media?parent=41153"}],"wp:term":[{"taxonomy":"post_tag","embeddable":true,"href":"https:\/\/noonsong.de\/en\/wp-json\/wp\/v2\/tags?post=41153"},{"taxonomy":"tribe_events_cat","embeddable":true,"href":"https:\/\/noonsong.de\/en\/wp-json\/wp\/v2\/tribe_events_cat?post=41153"}],"curies":[{"name":"wp","href":"https:\/\/api.w.org\/{rel}","templated":true}]}}

<div class="wp-block-group is-layout-constrained wp-block-group-is-layout-constrained">

<h2 class="wp-block-heading">Programme</h2>



<p>
<strong>Organ prelude</strong>: Johann Sebastian Bach (1685-1750): Präludium und Fuge D-Dur: Präludium D-Dur (BWV 532,1)<br/><strong>Preces</strong>: Simon Berg (*1973): Preces und Responses für vierstimmig gemischten Chor a cappella<br/><strong>Psalm of the day</strong>: Psalm 33: Juan Gutiérrez de Padilla (ca. 1590-1664): Exsultate iusti in Domino für zwei vierstimmig gemischte Chöre a cappella<br/><strong>Psalm of the week</strong>: Psalm 81b: William Byrd (ca. 1540-1623): Cibavit eos für vierstimmig gemischten Chor a cappella<br/><strong>Responsorium</strong>: gregorianisch

<br/><strong>Canticle</strong>: William Byrd (ca. 1540-1623): Magnificat für vierstimmig gemischten Chor a cappella<br/><strong>Hymn</strong>: Michael Praetorius (1571-1621): Nun bitten wir den Heiligen Geist für vierstimmig gemischten Chor a cappella<br/><strong>Organ postlude</strong>: Maurice Duruflé (1902-1986): Fugue sur le nom d‘Alain (op. 7)<br/><strong>Bible reading</strong>: 1. Johannesbrief 4,16b-21</p>



<div style="height:30px" aria-hidden="true" class="wp-block-spacer"></div>



<blockquote class="wp-block-quote is-layout-flow wp-block-quote-is-layout-flow" style="font-family:Playfair-Display">
Liturgy: 1. Sonntag nach Trinitatis<br>
Pfarrerin: Anna Kim-Chi Nguyen-Huu<br>
Organist: Simon Menges<br>
Location: <a href="/kontakt/#anker-kommen-sie-vorbei">Kirche am Hohenzollernplatz</a>
</blockquote>

</div>

<div style="height:20px" aria-hidden="true" class="wp-block-spacer"></div>



<div class="wp-block-group is-layout-constrained wp-block-group-is-layout-constrained">

<h2 class="wp-block-heading">Programme PDF</h2>




<p>Read more about this NoonSong in the programme document.</p>




<div style="height:1em" aria-hidden="true" class="wp-block-spacer"></div>



<figure class="wp-block-image aligncenter is-resized">
<a target="_blank" rel="noopener noreferrer" href="https://noonsong.de/wp-content/uploads/2024/07/2010-06-05-Liturgie.pdf">
<img decoding="async" src="https://noonsong.de/wp-content/uploads/2024/07/2010-06-05-Liturgie-pdf.jpg" alt="" style="max-height:45em; max-width:61.8%" />
<br>
PDF DOWNLOAD
</a>
</figure>



<div style="height:20px" aria-hidden="true" class="wp-block-spacer"></div>

</div>

<div style="height:50px" aria-hidden="true" class="wp-block-spacer"></div>



<p hidden>, , , , , Gutiérrez Padilla, Juan de; Padilla, Juan de Gutiérrez; Padilla, Juan Gutiérrez de, , Byrd, &#8230;; Byrd, W.; Byrd, Guil.; Byrd of Virginia, William; Berd, V.; Byred, William; Bird, William; Byrde, William, , Byrd, &#8230;; Byrd, W.; Byrd, Guil.; Byrd of Virginia, William; Berd, V.; Byred, William; Bird, William; Byrde, William, Musae Sioniae, Theil 6. Nun bitten wir den Heiligen Geist
Nun bitten wir den Heiligen Geist, Praetorius, M.; Praetorius; Praetorij, Michaëlis; Prätorius, Michael; Prätorius, Mich.; Schultheiß, Michael; Schultheiss, Michael, Präludium und Fuge, Orgel, BWV 532 (D-Dur). Praeludium
Präludien und Fugen, Org BWV 532. Präludium
BWV 532 1, Bach; Bach, G. S.; Bach, Iogann Sebastʹjan; Bach, Joh. Sebastian; Bach, Giov. Sebast.; Bach, Jean Sebastien; Bach, Jean Sebastian; Bach, J. Seb.; Bach, Sebastiano; Bach, John Sebastian; Bach, Iogann S.; Bach, Iogann Sebast&#x27;jan; Bach, Iogann Sebastian; Bach, Giovanni Sebastian; Bach, Johan Sebastian; Bach, Joannes Sebastianus; Bach, Giov. Seb.; Bach, Giovanni S.; Bāḵ, Jōhān Sebaṣtī&#x27;ān; Bach, I. S.; Bach, J.-S.; Bach, Giovanni Sebastiano; Bach, Jean-Sebastien; Bach, Sebastian; Bach, Jan Sebastian; Bach, J. S.; Bach, Johann-Sebastian; Bach, Jean S.; Bach, Johannes S.; Bach, Johannes Sebastian; Bach, Joh. Seb.; Bach, Joh.-Seb.; Bach, Joh. Sebas.; Bach, Johann Seb.; Bach, Joh. Sebast.; Bach, Johann S.; Bach, Iogann Sebastjan; Bach, Jean Sébastien; Bach, Jean-Sébastien; Bach, Johann; Bakh, Iogann Sebastian, Prélude et fugue sur le nom d&#x27;Alain	
Präludien und Fugen, Org, op. 7, , </p>
