{"id":41160,"date":"2025-07-07T21:36:08","date_gmt":"2025-07-07T19:36:08","guid":{"rendered":"https:\/\/noonsong.de\/veranstaltung\/noonsong-event-2010-09-18\/"},"modified":"2025-07-07T21:36:08","modified_gmt":"2025-07-07T19:36:08","slug":"noonsong-event-2010-09-18","status":"publish","type":"tribe_events","link":"https:\/\/noonsong.de\/en\/event\/noonsong-event-2010-09-18\/","title":{"rendered":"81. NoonSong am 18.09.2010 um 12:00"},"content":{"rendered":"\n<div class=\"wp-block-group is-layout-constrained wp-block-group-is-layout-constrained\">\n\n<h2 class=\"wp-block-heading\">Programme<\/h2>\n\n\n\n<p>\n<strong>Organ prelude<\/strong>: Johann Sebastian Bach (1685-1750): Allabreve D-Dur (BWV 589)<br\/><strong>Preces<\/strong>: William Smith (1603-1645): Preces &amp; Responses f\u00fcr vierstimmig gemischten Chor a cappella<br\/><strong>Psalm of the day<\/strong>: Psalm 56: Thomas Attwood Walmisley (1814-1856): Anglican chant f\u00fcr vierstimmig gemischten Chor a cappella<br\/><strong>Psalm of the week<\/strong>: Psalm 30: Alessandro Scarlatti (1660-1725): Exaltabo te f\u00fcr vierstimmig gemischten Chor a cappella<br\/><strong>Responsorium<\/strong>: gregorianisch\n\n<br\/><strong>Canticle<\/strong>: Orlando di Lasso (ca. 1532-1594): Magnificat octavi toni f\u00fcr vierstimmig gemischten Chor a cappella<br\/><strong>Hymn<\/strong>: Michael Praetorius (1571-1621): Was mein Gott will f\u00fcr vierstimmig gemischten Chor a cappella<br\/><strong>Organ postlude<\/strong>: Louis Nicolas Cl\u00e9rambault (1676-1749): R\u00e9cit de Nazard, aus: Suite du premier Ton<br\/><strong>Bible reading<\/strong>: Klagelieder 3,22\u201326.31\u201332<\/p>\n\n\n\n<div style=\"height:30px\" aria-hidden=\"true\" class=\"wp-block-spacer\"><\/div>\n\n\n\n<blockquote class=\"wp-block-quote is-layout-flow wp-block-quote-is-layout-flow\" style=\"font-family:Playfair-Display\">\nLiturgy: 16. Sonntag nach Trinitatis<br>\nPfarrerin: Anna Kim-Chi Nguyen-Huu<br>\nOrganist: Rudolf Seidel<br>\nLocation: <a href=\"\/kontakt\/#anker-kommen-sie-vorbei\">Kirche am Hohenzollernplatz<\/a>\n<\/blockquote>\n\n<\/div>\n\n<div style=\"height:20px\" aria-hidden=\"true\" class=\"wp-block-spacer\"><\/div>\n\n\n\n<div class=\"wp-block-group is-layout-constrained wp-block-group-is-layout-constrained\">\n\n<h2 class=\"wp-block-heading\">Programme PDF<\/h2>\n\n\n\n\n<p>Read more about this NoonSong in the programme document.<\/p>\n\n\n\n\n<div style=\"height:1em\" aria-hidden=\"true\" class=\"wp-block-spacer\"><\/div>\n\n\n\n<figure class=\"wp-block-image aligncenter is-resized\">\n<a target=\"_blank\" rel=\"noopener noreferrer\" href=\"https:\/\/noonsong.de\/wp-content\/uploads\/2024\/07\/2010-09-18-Liturgie.pdf\">\n<img decoding=\"async\" src=\"https:\/\/noonsong.de\/wp-content\/uploads\/2024\/07\/2010-09-18-Liturgie-pdf.jpg\" alt=\"\" style=\"max-height:45em; max-width:61.8%\" \/>\n<br>\nPDF DOWNLOAD\n<\/a>\n<\/figure>\n\n\n\n<div style=\"height:20px\" aria-hidden=\"true\" class=\"wp-block-spacer\"><\/div>\n\n<\/div>\n\n<div style=\"height:50px\" aria-hidden=\"true\" class=\"wp-block-spacer\"><\/div>\n\n\n\n<p hidden>Buch der Klagelieder\nKlagelieder des Jeremia Klagelieder Jeremias\nLamentationes, , , , , Walmisley, Thomas A., , Scarlatti, Pietro Alessandro Gaspare; Scarlatti, Allessandro; Scarlatti, Alesandro; Scarlatti, Pietro A.; Scarlatti, A.; Scarlatti, Pietro Alessandro, , Lasso, Orlando di; Lasso, Orlando de; Lassus, Rolando di; DiLasso, Orlando; Lassus, Orlandus di; Lassus, Orlando di; Lassus, Orlande de; Lassus, Rolando de; Lasso, Orlandi di; Lassus, Rolland de; Lassus, Orlando de; Orlando, Di Lasso; Lassvs, Orlando de; Di Lasso, Orlando; Lassus, Orlandus; Orlande De Lassus; Lassus, Roland de; De Lassus, Orlandus; De Lassus, Roland; Lassus, Orlandus de; Lassus, Orland de; De Lassus, Orland, , Praetorius, M.; Praetorius; Praetorij, Micha\u00eblis; Pr\u00e4torius, Michael; Pr\u00e4torius, Mich.; Schulthei\u00df, Michael; Schultheiss, Michael, Allabreve, BWV 589\nAllabreve in D\nAllabreve BWV 589, Bach; Bach, G. S.; Bach, Iogann Sebast\u02b9jan; Bach, Joh. Sebastian; Bach, Giov. Sebast.; Bach, Jean Sebastien; Bach, Jean Sebastian; Bach, J. Seb.; Bach, Sebastiano; Bach, John Sebastian; Bach, Iogann S.; Bach, Iogann Sebast&#x27;jan; Bach, Iogann Sebastian; Bach, Giovanni Sebastian; Bach, Johan Sebastian; Bach, Joannes Sebastianus; Bach, Giov. Seb.; Bach, Giovanni S.; B\u0101\u1e35, J\u014dh\u0101n Seba\u1e63t\u012b&#x27;\u0101n; Bach, I. S.; Bach, J.-S.; Bach, Giovanni Sebastiano; Bach, Jean-Sebastien; Bach, Sebastian; Bach, Jan Sebastian; Bach, J. S.; Bach, Johann-Sebastian; Bach, Jean S.; Bach, Johannes S.; Bach, Johannes Sebastian; Bach, Joh. Seb.; Bach, Joh.-Seb.; Bach, Joh. Sebas.; Bach, Johann Seb.; Bach, Joh. Sebast.; Bach, Johann S.; Bach, Iogann Sebastjan; Bach, Jean S\u00e9bastien; Bach, Jean-S\u00e9bastien; Bach, Johann; Bakh, Iogann Sebastian, Livre d&#x27;orgue. Suite, 2. Ton, R\u00e9cit de Nazard, Cl\u00e9rambault, Louis N.; Cl\u00e9rambault, L.-N.; Klerambo, L. N.; Cl\u00e9rambault, L. N.; Clairembault, Louis Nicolas; Clerambaut, &#8230;; Clerembault; Cl\u00e9rambault, Nicolas; Cl\u00e9rambault, Louis-Nicolas; Klerambo, L.-N.; Cl\u00e9rambault, Mr.; Clairembault, Louis-Nicolas, <\/p>\n\n","protected":false},"excerpt":{"rendered":"<p style='position:absolute'>&nbsp;<\/p>\n","protected":false},"author":16,"featured_media":19072,"template":"","meta":{"_et_pb_use_builder":"","_et_pb_old_content":"","_et_gb_content_width":"","_tribe_events_status":"","_tribe_events_status_reason":"","footnotes":""},"tags":[298,105,237,145,152,334,114],"tribe_events_cat":[723,711,712,716,717,719,729,708,735,724,725,720],"class_list":["post-41160","tribe_events","type-tribe_events","status-publish","has-post-thumbnail","hentry","tag-alessandro-scarlatti","tag-johann-sebastian-bach","tag-louis-nicolas-clerambault","tag-michael-praetorius","tag-orlando-di-lasso","tag-thomas-attwood-walmisley","tag-william-smith","tribe_events_cat-barock","tribe_events_cat-berlin","tribe_events_cat-chor","tribe_events_cat-gottesdienst","tribe_events_cat-kirche","tribe_events_cat-konzert","tribe_events_cat-liturgie","tribe_events_cat-noonsong","tribe_events_cat-pdf","tribe_events_cat-renaissance","tribe_events_cat-romantik","tribe_events_cat-vokal","cat_barock","cat_berlin","cat_chor","cat_gottesdienst","cat_kirche","cat_konzert","cat_liturgie","cat_noonsong","cat_pdf","cat_renaissance","cat_romantik","cat_vokal"],"acf":[],"_links":{"self":[{"href":"https:\/\/noonsong.de\/en\/wp-json\/wp\/v2\/tribe_events\/41160","targetHints":{"allow":["GET"]}}],"collection":[{"href":"https:\/\/noonsong.de\/en\/wp-json\/wp\/v2\/tribe_events"}],"about":[{"href":"https:\/\/noonsong.de\/en\/wp-json\/wp\/v2\/types\/tribe_events"}],"author":[{"embeddable":true,"href":"https:\/\/noonsong.de\/en\/wp-json\/wp\/v2\/users\/16"}],"version-history":[{"count":1,"href":"https:\/\/noonsong.de\/en\/wp-json\/wp\/v2\/tribe_events\/41160\/revisions"}],"predecessor-version":[{"id":56979,"href":"https:\/\/noonsong.de\/en\/wp-json\/wp\/v2\/tribe_events\/41160\/revisions\/56979"}],"wp:featuredmedia":[{"embeddable":true,"href":"https:\/\/noonsong.de\/en\/wp-json\/wp\/v2\/media\/19072"}],"wp:attachment":[{"href":"https:\/\/noonsong.de\/en\/wp-json\/wp\/v2\/media?parent=41160"}],"wp:term":[{"taxonomy":"post_tag","embeddable":true,"href":"https:\/\/noonsong.de\/en\/wp-json\/wp\/v2\/tags?post=41160"},{"taxonomy":"tribe_events_cat","embeddable":true,"href":"https:\/\/noonsong.de\/en\/wp-json\/wp\/v2\/tribe_events_cat?post=41160"}],"curies":[{"name":"wp","href":"https:\/\/api.w.org\/{rel}","templated":true}]}}

<div class="wp-block-group is-layout-constrained wp-block-group-is-layout-constrained">

<h2 class="wp-block-heading">Programme</h2>



<p>
<strong>Organ prelude</strong>: Johann Sebastian Bach (1685-1750): Allabreve D-Dur (BWV 589)<br/><strong>Preces</strong>: William Smith (1603-1645): Preces &amp; Responses für vierstimmig gemischten Chor a cappella<br/><strong>Psalm of the day</strong>: Psalm 56: Thomas Attwood Walmisley (1814-1856): Anglican chant für vierstimmig gemischten Chor a cappella<br/><strong>Psalm of the week</strong>: Psalm 30: Alessandro Scarlatti (1660-1725): Exaltabo te für vierstimmig gemischten Chor a cappella<br/><strong>Responsorium</strong>: gregorianisch

<br/><strong>Canticle</strong>: Orlando di Lasso (ca. 1532-1594): Magnificat octavi toni für vierstimmig gemischten Chor a cappella<br/><strong>Hymn</strong>: Michael Praetorius (1571-1621): Was mein Gott will für vierstimmig gemischten Chor a cappella<br/><strong>Organ postlude</strong>: Louis Nicolas Clérambault (1676-1749): Récit de Nazard, aus: Suite du premier Ton<br/><strong>Bible reading</strong>: Klagelieder 3,22–26.31–32</p>



<div style="height:30px" aria-hidden="true" class="wp-block-spacer"></div>



<blockquote class="wp-block-quote is-layout-flow wp-block-quote-is-layout-flow" style="font-family:Playfair-Display">
Liturgy: 16. Sonntag nach Trinitatis<br>
Pfarrerin: Anna Kim-Chi Nguyen-Huu<br>
Organist: Rudolf Seidel<br>
Location: <a href="/kontakt/#anker-kommen-sie-vorbei">Kirche am Hohenzollernplatz</a>
</blockquote>

</div>

<div style="height:20px" aria-hidden="true" class="wp-block-spacer"></div>



<div class="wp-block-group is-layout-constrained wp-block-group-is-layout-constrained">

<h2 class="wp-block-heading">Programme PDF</h2>




<p>Read more about this NoonSong in the programme document.</p>




<div style="height:1em" aria-hidden="true" class="wp-block-spacer"></div>



<figure class="wp-block-image aligncenter is-resized">
<a target="_blank" rel="noopener noreferrer" href="https://noonsong.de/wp-content/uploads/2024/07/2010-09-18-Liturgie.pdf">
<img decoding="async" src="https://noonsong.de/wp-content/uploads/2024/07/2010-09-18-Liturgie-pdf.jpg" alt="" style="max-height:45em; max-width:61.8%" />
<br>
PDF DOWNLOAD
</a>
</figure>



<div style="height:20px" aria-hidden="true" class="wp-block-spacer"></div>

</div>

<div style="height:50px" aria-hidden="true" class="wp-block-spacer"></div>



<p hidden>Buch der Klagelieder
Klagelieder des Jeremia Klagelieder Jeremias
Lamentationes, , , , , Walmisley, Thomas A., , Scarlatti, Pietro Alessandro Gaspare; Scarlatti, Allessandro; Scarlatti, Alesandro; Scarlatti, Pietro A.; Scarlatti, A.; Scarlatti, Pietro Alessandro, , Lasso, Orlando di; Lasso, Orlando de; Lassus, Rolando di; DiLasso, Orlando; Lassus, Orlandus di; Lassus, Orlando di; Lassus, Orlande de; Lassus, Rolando de; Lasso, Orlandi di; Lassus, Rolland de; Lassus, Orlando de; Orlando, Di Lasso; Lassvs, Orlando de; Di Lasso, Orlando; Lassus, Orlandus; Orlande De Lassus; Lassus, Roland de; De Lassus, Orlandus; De Lassus, Roland; Lassus, Orlandus de; Lassus, Orland de; De Lassus, Orland, , Praetorius, M.; Praetorius; Praetorij, Michaëlis; Prätorius, Michael; Prätorius, Mich.; Schultheiß, Michael; Schultheiss, Michael, Allabreve, BWV 589
Allabreve in D
Allabreve BWV 589, Bach; Bach, G. S.; Bach, Iogann Sebastʹjan; Bach, Joh. Sebastian; Bach, Giov. Sebast.; Bach, Jean Sebastien; Bach, Jean Sebastian; Bach, J. Seb.; Bach, Sebastiano; Bach, John Sebastian; Bach, Iogann S.; Bach, Iogann Sebast&#x27;jan; Bach, Iogann Sebastian; Bach, Giovanni Sebastian; Bach, Johan Sebastian; Bach, Joannes Sebastianus; Bach, Giov. Seb.; Bach, Giovanni S.; Bāḵ, Jōhān Sebaṣtī&#x27;ān; Bach, I. S.; Bach, J.-S.; Bach, Giovanni Sebastiano; Bach, Jean-Sebastien; Bach, Sebastian; Bach, Jan Sebastian; Bach, J. S.; Bach, Johann-Sebastian; Bach, Jean S.; Bach, Johannes S.; Bach, Johannes Sebastian; Bach, Joh. Seb.; Bach, Joh.-Seb.; Bach, Joh. Sebas.; Bach, Johann Seb.; Bach, Joh. Sebast.; Bach, Johann S.; Bach, Iogann Sebastjan; Bach, Jean Sébastien; Bach, Jean-Sébastien; Bach, Johann; Bakh, Iogann Sebastian, Livre d&#x27;orgue. Suite, 2. Ton, Récit de Nazard, Clérambault, Louis N.; Clérambault, L.-N.; Klerambo, L. N.; Clérambault, L. N.; Clairembault, Louis Nicolas; Clerambaut, &#8230;; Clerembault; Clérambault, Nicolas; Clérambault, Louis-Nicolas; Klerambo, L.-N.; Clérambault, Mr.; Clairembault, Louis-Nicolas, </p>
