{"id":41161,"date":"2025-07-07T21:37:10","date_gmt":"2025-07-07T19:37:10","guid":{"rendered":"https:\/\/noonsong.de\/veranstaltung\/noonsong-event-2011-11-12\/"},"modified":"2025-07-07T21:37:10","modified_gmt":"2025-07-07T19:37:10","slug":"noonsong-event-2011-11-12","status":"publish","type":"tribe_events","link":"https:\/\/noonsong.de\/en\/event\/noonsong-event-2011-11-12\/","title":{"rendered":"132. NoonSong am 12.11.2011 um 12:00"},"content":{"rendered":"\n<div class=\"wp-block-group is-layout-constrained wp-block-group-is-layout-constrained\">\n\n<h2 class=\"wp-block-heading\">Programme<\/h2>\n\n\n\n<p>\n<strong>Organ prelude<\/strong>: Johann Sebastian Bach (1685-1750): Pr\u00e4ludium c-Moll (BWV 549)<br\/><strong>Preces<\/strong>: Kenneth Leighton (1929-1988): Preces &amp; Responses f\u00fcr vierstimmig gemischten Chor a cappella<br\/><strong>Psalm of the day<\/strong>: Psalm 44: Jacobus de Kerle (1531-1591): Exurge, quare obdormis f\u00fcr vierstimmig gemischten Chor a cappella<br\/><strong>Psalm of the week<\/strong>: Psalm 50: Joseph Haydn (1732-1809): The Lord th\u2018almighty Monarch, spake f\u00fcr dreistimmig gemischten Chor a cappella<br\/><strong>Responsorium<\/strong>: gregorianisch\n\n<br\/><strong>Canticle<\/strong>: Heinrich Sch\u00fctz (1585-1672): Ist Gott f\u00fcr uns (SWV 329) f\u00fcr vierstimmig gemischten Chor a cappella<br\/><strong>Hymn<\/strong>: Michael Praetorius (1571-1621): Es ist gewisslich an der Zeit f\u00fcr vierstimmig gemischten Chor a cappella<br\/><strong>Organ postlude<\/strong>: Georg B\u00f6hm (1661-1733): Pr\u00e4ludium und Fuge a-Moll<br\/><strong>Bible reading<\/strong>: Brief an die R\u00f6mer 8,18-23<\/p>\n\n\n\n<div style=\"height:30px\" aria-hidden=\"true\" class=\"wp-block-spacer\"><\/div>\n\n\n\n<blockquote class=\"wp-block-quote is-layout-flow wp-block-quote-is-layout-flow\" style=\"font-family:Playfair-Display\">\nLiturgy: Vorletzter Sonntag im Kirchenjahr<br>\nPfarrer: Superintendent Harald Gr\u00fcn-Rath<br>\nOrganist: Ludger Mai<br>\nLocation: <a href=\"\/kontakt\/#anker-kommen-sie-vorbei\">Kirche am Hohenzollernplatz<\/a>\n<\/blockquote>\n\n<\/div>\n\n<div style=\"height:20px\" aria-hidden=\"true\" class=\"wp-block-spacer\"><\/div>\n\n\n\n<div class=\"wp-block-group is-layout-constrained wp-block-group-is-layout-constrained\">\n<h2 class=\"wp-block-heading\">Listen<\/h2>\n\n\n\n\n<p>Here you can listen to this NoonSong. If you&#8217;d like to listen to more NoonSongs recordings, please register.<\/p>\n\n<div class=\"um-locked-content\">\n\t<div class=\"um-locked-content-msg\">This content has been restricted to logged-in users only. Please <a href=\"https:\/\/noonsong.de\/en\/login-audio-archive\/?redirect_to=https%3A%2F%2Fnoonsong.de%2Fen%2Fwp-json%2Fwp%2Fv2%2Ftribe_events%2F41161\">log in<\/a> to view this content.<\/div>\n<\/div>\n<\/div>\n\n<div style=\"height:20px\" aria-hidden=\"true\" class=\"wp-block-spacer\"><\/div>\n\n\n\n<div class=\"wp-block-group is-layout-constrained wp-block-group-is-layout-constrained\">\n\n<h2 class=\"wp-block-heading\">Programme PDF<\/h2>\n\n\n\n\n<p>Read more about this NoonSong in the programme document.<\/p>\n\n\n\n\n<div style=\"height:1em\" aria-hidden=\"true\" class=\"wp-block-spacer\"><\/div>\n\n\n\n<figure class=\"wp-block-image aligncenter is-resized\">\n<a target=\"_blank\" rel=\"noopener noreferrer\" href=\"https:\/\/noonsong.de\/wp-content\/uploads\/2024\/07\/2011-11-12-Liturgie.pdf\">\n<img decoding=\"async\" src=\"https:\/\/noonsong.de\/wp-content\/uploads\/2024\/07\/2011-11-12-Liturgie-pdf.jpg\" alt=\"\" style=\"max-height:45em; max-width:61.8%\" \/>\n<br>\nPDF DOWNLOAD\n<\/a>\n<\/figure>\n\n\n\n<div style=\"height:20px\" aria-hidden=\"true\" class=\"wp-block-spacer\"><\/div>\n\n<\/div>\n\n<div style=\"height:50px\" aria-hidden=\"true\" class=\"wp-block-spacer\"><\/div>\n\n\n\n<p hidden>, , , , , De Kerle, Jakob; Kerle, Jakob de; Kerle, Jacob van; Keler, Iacobus de; Kerle, Jac. de; Kerle, Jacob de; De Kerle, Jacobus, , Hayden, Giuseppe; Hayden, Joseph; Hayden; Haydn; Haydn, Frans Joseph; Gajdn, Franc Iozef; Haidn, Joseph; Haydn, Giusseppe; Haydn, Ioseph; Hayd&#x27;n, I.; Hayd&#x27;n, J.; Haiden, Joseph; Gajdn, Jozef; Gaiden; Heyden, Joseph; Heydn, Ioseph; Heydn, Joseph; Haydn, Franz Josef; Haydn, Franz J.; Haydn, Jos.; Haydn, J.; Haydn, Iosephvs; Haydn, Giuseppe; Gajdn, Josef; Haydn, Josef; Haydn, Franz Joseph; Gajdn, I., Geistliche Konzerte, SWV 306-337. Ist Gott f\u00fcr uns, wer mag wider uns sein\nIst Gott f\u00fcr uns, wer mag wider uns sein\nKleine geistliche Konzerte, SWV 306 &#8211; 337. Ist Gott f\u00fcr uns, wer mag wider uns sein\nKleine geistliche Konzerte, SWV 306 &#8211; 337 &lt;Ist Gott f\u00fcr uns&gt;\nGeistliche Konzerte, Teil 2. Ist Gott f\u00fcr uns\nSWV 329, Sch\u00fctz, Hinrich; Sch\u00fctz, Henricus; Sch\u00fctz, Heinrico; Sch\u00fctz, H.; Sch\u00fctze, Henrich; Sch\u00fctze, Heinrich; Schuetz, Heinrich; Schutz, Heinrich; Schuetz von Pfeilstadt, Henri; Sch\u00fczzius, Heinricus; Sch\u00fczze, Heinrich; Sch\u00fcz, Heinrich; Sch\u00fcz, Henricus; Sch\u00fctzius, Henricus; Sch\u00fctzen, Heinrich; Sch\u00fctzen, Henrich; Sch\u00fctz, Henrich; Sch\u00fctz; Sagittarius, Heinricus; Sagittario, Henrico; Sagittarius, Henricus; Sagittarius, Heinricus,; Sagitarius, Henricus; Saettario, Enrico; \u0160jutc, Genrich, , Praetorius, M.; Praetorius; Praetorij, Micha\u00eblis; Pr\u00e4torius, Michael; Pr\u00e4torius, Mich.; Schulthei\u00df, Michael; Schultheiss, Michael, Pr\u00e4ludium und Fuge, Orgel, BWV 549 (c-Moll). Praeludium\nPr\u00e4ludien und Fugen, Org, BWV 549. Pr\u00e4ludium\nPraeludium\nBWV 549 1, Bach; Bach, G. S.; Bach, Iogann Sebast\u02b9jan; Bach, Joh. Sebastian; Bach, Giov. Sebast.; Bach, Jean Sebastien; Bach, Jean Sebastian; Bach, J. Seb.; Bach, Sebastiano; Bach, John Sebastian; Bach, Iogann S.; Bach, Iogann Sebast&#x27;jan; Bach, Iogann Sebastian; Bach, Giovanni Sebastian; Bach, Johan Sebastian; Bach, Joannes Sebastianus; Bach, Giov. Seb.; Bach, Giovanni S.; B\u0101\u1e35, J\u014dh\u0101n Seba\u1e63t\u012b&#x27;\u0101n; Bach, I. S.; Bach, J.-S.; Bach, Giovanni Sebastiano; Bach, Jean-Sebastien; Bach, Sebastian; Bach, Jan Sebastian; Bach, J. S.; Bach, Johann-Sebastian; Bach, Jean S.; Bach, Johannes S.; Bach, Johannes Sebastian; Bach, Joh. Seb.; Bach, Joh.-Seb.; Bach, Joh. Sebas.; Bach, Johann Seb.; Bach, Joh. Sebast.; Bach, Johann S.; Bach, Iogann Sebastjan; Bach, Jean S\u00e9bastien; Bach, Jean-S\u00e9bastien; Bach, Johann; Bakh, Iogann Sebastian, , B\u00f6hm, Georg; Boehm, Georg; Boehm, Georges; B\u00f6hm, Johann Georg; B\u00f6hm, G., <\/p>\n\n","protected":false},"excerpt":{"rendered":"<p style='position:absolute'>&nbsp;<\/p>\n","protected":false},"author":16,"featured_media":4946,"template":"","meta":{"_et_pb_use_builder":"","_et_pb_old_content":"","_et_gb_content_width":"","_tribe_events_status":"","_tribe_events_status_reason":"","footnotes":""},"tags":[252,135,265,105,188,137,145],"tribe_events_cat":[722,743,723,711,712,716,717,727,719,729,708,735,724,720],"class_list":["post-41161","tribe_events","type-tribe_events","status-publish","has-post-thumbnail","hentry","tag-georg-boehm","tag-heinrich-schuetz","tag-jacobus-de-kerle","tag-johann-sebastian-bach","tag-joseph-haydn","tag-kenneth-leighton","tag-michael-praetorius","tribe_events_cat-20-jahrhundert","tribe_events_cat-audio","tribe_events_cat-barock","tribe_events_cat-berlin","tribe_events_cat-chor","tribe_events_cat-gottesdienst","tribe_events_cat-kirche","tribe_events_cat-klassik","tribe_events_cat-konzert","tribe_events_cat-liturgie","tribe_events_cat-noonsong","tribe_events_cat-pdf","tribe_events_cat-renaissance","tribe_events_cat-vokal","cat_20-jahrhundert","cat_audio","cat_barock","cat_berlin","cat_chor","cat_gottesdienst","cat_kirche","cat_klassik","cat_konzert","cat_liturgie","cat_noonsong","cat_pdf","cat_renaissance","cat_vokal"],"acf":[],"_links":{"self":[{"href":"https:\/\/noonsong.de\/en\/wp-json\/wp\/v2\/tribe_events\/41161","targetHints":{"allow":["GET"]}}],"collection":[{"href":"https:\/\/noonsong.de\/en\/wp-json\/wp\/v2\/tribe_events"}],"about":[{"href":"https:\/\/noonsong.de\/en\/wp-json\/wp\/v2\/types\/tribe_events"}],"author":[{"embeddable":true,"href":"https:\/\/noonsong.de\/en\/wp-json\/wp\/v2\/users\/16"}],"version-history":[{"count":1,"href":"https:\/\/noonsong.de\/en\/wp-json\/wp\/v2\/tribe_events\/41161\/revisions"}],"predecessor-version":[{"id":57041,"href":"https:\/\/noonsong.de\/en\/wp-json\/wp\/v2\/tribe_events\/41161\/revisions\/57041"}],"wp:featuredmedia":[{"embeddable":true,"href":"https:\/\/noonsong.de\/en\/wp-json\/wp\/v2\/media\/4946"}],"wp:attachment":[{"href":"https:\/\/noonsong.de\/en\/wp-json\/wp\/v2\/media?parent=41161"}],"wp:term":[{"taxonomy":"post_tag","embeddable":true,"href":"https:\/\/noonsong.de\/en\/wp-json\/wp\/v2\/tags?post=41161"},{"taxonomy":"tribe_events_cat","embeddable":true,"href":"https:\/\/noonsong.de\/en\/wp-json\/wp\/v2\/tribe_events_cat?post=41161"}],"curies":[{"name":"wp","href":"https:\/\/api.w.org\/{rel}","templated":true}]}}

<div class="wp-block-group is-layout-constrained wp-block-group-is-layout-constrained">

<h2 class="wp-block-heading">Programme</h2>



<p>
<strong>Organ prelude</strong>: Johann Sebastian Bach (1685-1750): Präludium c-Moll (BWV 549)<br/><strong>Preces</strong>: Kenneth Leighton (1929-1988): Preces &amp; Responses für vierstimmig gemischten Chor a cappella<br/><strong>Psalm of the day</strong>: Psalm 44: Jacobus de Kerle (1531-1591): Exurge, quare obdormis für vierstimmig gemischten Chor a cappella<br/><strong>Psalm of the week</strong>: Psalm 50: Joseph Haydn (1732-1809): The Lord th‘almighty Monarch, spake für dreistimmig gemischten Chor a cappella<br/><strong>Responsorium</strong>: gregorianisch

<br/><strong>Canticle</strong>: Heinrich Schütz (1585-1672): Ist Gott für uns (SWV 329) für vierstimmig gemischten Chor a cappella<br/><strong>Hymn</strong>: Michael Praetorius (1571-1621): Es ist gewisslich an der Zeit für vierstimmig gemischten Chor a cappella<br/><strong>Organ postlude</strong>: Georg Böhm (1661-1733): Präludium und Fuge a-Moll<br/><strong>Bible reading</strong>: Brief an die Römer 8,18-23</p>



<div style="height:30px" aria-hidden="true" class="wp-block-spacer"></div>



<blockquote class="wp-block-quote is-layout-flow wp-block-quote-is-layout-flow" style="font-family:Playfair-Display">
Liturgy: Vorletzter Sonntag im Kirchenjahr<br>
Pfarrer: Superintendent Harald Grün-Rath<br>
Organist: Ludger Mai<br>
Location: <a href="/kontakt/#anker-kommen-sie-vorbei">Kirche am Hohenzollernplatz</a>
</blockquote>

</div>

<div style="height:20px" aria-hidden="true" class="wp-block-spacer"></div>



<div class="wp-block-group is-layout-constrained wp-block-group-is-layout-constrained">
<h2 class="wp-block-heading">Listen</h2>




<p>Here you can listen to this NoonSong. If you&#8217;d like to listen to more NoonSongs recordings, please register.</p>

<div class="um-locked-content">
	<div class="um-locked-content-msg">This content has been restricted to logged-in users only. Please <a href="https://noonsong.de/en/login-audio-archive/?redirect_to=https%3A%2F%2Fnoonsong.de%2Fen%2Fwp-json%2Fwp%2Fv2%2Ftribe_events%2F41161">log in</a> to view this content.</div>
</div>
</div>

<div style="height:20px" aria-hidden="true" class="wp-block-spacer"></div>



<div class="wp-block-group is-layout-constrained wp-block-group-is-layout-constrained">

<h2 class="wp-block-heading">Programme PDF</h2>




<p>Read more about this NoonSong in the programme document.</p>




<div style="height:1em" aria-hidden="true" class="wp-block-spacer"></div>



<figure class="wp-block-image aligncenter is-resized">
<a target="_blank" rel="noopener noreferrer" href="https://noonsong.de/wp-content/uploads/2024/07/2011-11-12-Liturgie.pdf">
<img decoding="async" src="https://noonsong.de/wp-content/uploads/2024/07/2011-11-12-Liturgie-pdf.jpg" alt="" style="max-height:45em; max-width:61.8%" />
<br>
PDF DOWNLOAD
</a>
</figure>



<div style="height:20px" aria-hidden="true" class="wp-block-spacer"></div>

</div>

<div style="height:50px" aria-hidden="true" class="wp-block-spacer"></div>



<p hidden>, , , , , De Kerle, Jakob; Kerle, Jakob de; Kerle, Jacob van; Keler, Iacobus de; Kerle, Jac. de; Kerle, Jacob de; De Kerle, Jacobus, , Hayden, Giuseppe; Hayden, Joseph; Hayden; Haydn; Haydn, Frans Joseph; Gajdn, Franc Iozef; Haidn, Joseph; Haydn, Giusseppe; Haydn, Ioseph; Hayd&#x27;n, I.; Hayd&#x27;n, J.; Haiden, Joseph; Gajdn, Jozef; Gaiden; Heyden, Joseph; Heydn, Ioseph; Heydn, Joseph; Haydn, Franz Josef; Haydn, Franz J.; Haydn, Jos.; Haydn, J.; Haydn, Iosephvs; Haydn, Giuseppe; Gajdn, Josef; Haydn, Josef; Haydn, Franz Joseph; Gajdn, I., Geistliche Konzerte, SWV 306-337. Ist Gott für uns, wer mag wider uns sein
Ist Gott für uns, wer mag wider uns sein
Kleine geistliche Konzerte, SWV 306 &#8211; 337. Ist Gott für uns, wer mag wider uns sein
Kleine geistliche Konzerte, SWV 306 &#8211; 337 &lt;Ist Gott für uns&gt;
Geistliche Konzerte, Teil 2. Ist Gott für uns
SWV 329, Schütz, Hinrich; Schütz, Henricus; Schütz, Heinrico; Schütz, H.; Schütze, Henrich; Schütze, Heinrich; Schuetz, Heinrich; Schutz, Heinrich; Schuetz von Pfeilstadt, Henri; Schüzzius, Heinricus; Schüzze, Heinrich; Schüz, Heinrich; Schüz, Henricus; Schützius, Henricus; Schützen, Heinrich; Schützen, Henrich; Schütz, Henrich; Schütz; Sagittarius, Heinricus; Sagittario, Henrico; Sagittarius, Henricus; Sagittarius, Heinricus,; Sagitarius, Henricus; Saettario, Enrico; Šjutc, Genrich, , Praetorius, M.; Praetorius; Praetorij, Michaëlis; Prätorius, Michael; Prätorius, Mich.; Schultheiß, Michael; Schultheiss, Michael, Präludium und Fuge, Orgel, BWV 549 (c-Moll). Praeludium
Präludien und Fugen, Org, BWV 549. Präludium
Praeludium
BWV 549 1, Bach; Bach, G. S.; Bach, Iogann Sebastʹjan; Bach, Joh. Sebastian; Bach, Giov. Sebast.; Bach, Jean Sebastien; Bach, Jean Sebastian; Bach, J. Seb.; Bach, Sebastiano; Bach, John Sebastian; Bach, Iogann S.; Bach, Iogann Sebast&#x27;jan; Bach, Iogann Sebastian; Bach, Giovanni Sebastian; Bach, Johan Sebastian; Bach, Joannes Sebastianus; Bach, Giov. Seb.; Bach, Giovanni S.; Bāḵ, Jōhān Sebaṣtī&#x27;ān; Bach, I. S.; Bach, J.-S.; Bach, Giovanni Sebastiano; Bach, Jean-Sebastien; Bach, Sebastian; Bach, Jan Sebastian; Bach, J. S.; Bach, Johann-Sebastian; Bach, Jean S.; Bach, Johannes S.; Bach, Johannes Sebastian; Bach, Joh. Seb.; Bach, Joh.-Seb.; Bach, Joh. Sebas.; Bach, Johann Seb.; Bach, Joh. Sebast.; Bach, Johann S.; Bach, Iogann Sebastjan; Bach, Jean Sébastien; Bach, Jean-Sébastien; Bach, Johann; Bakh, Iogann Sebastian, , Böhm, Georg; Boehm, Georg; Boehm, Georges; Böhm, Johann Georg; Böhm, G., </p>
