{"id":41162,"date":"2026-04-26T04:02:23","date_gmt":"2026-04-26T02:02:23","guid":{"rendered":"https:\/\/noonsong.de\/veranstaltung\/noonsong-event-2022-11-12\/"},"modified":"2026-04-26T04:02:23","modified_gmt":"2026-04-26T02:02:23","slug":"noonsong-event-2022-11-12","status":"publish","type":"tribe_events","link":"https:\/\/noonsong.de\/en\/event\/noonsong-event-2022-11-12\/","title":{"rendered":"602. NoonSong am 12.11.2022 um 12:00"},"content":{"rendered":"\n<div class=\"wp-block-group is-layout-constrained wp-block-group-is-layout-constrained\">\n\n<h2 class=\"wp-block-heading\">Programme<\/h2>\n\n\n\n<p>\n<strong>Organ prelude<\/strong>: Johann Sebastian Bach (1685-1750): Pr\u00e4ludium g-Moll (BWV 535)<br\/><strong>Preces<\/strong>: Philip Radcliffe (1905-1986): Preces &amp; Responses f\u00fcr vierstimmig gemischten Chor a cappella<br\/><strong>Psalm of the day<\/strong>: Psalm 6: Heinrich Sch\u00fctz (1585-1672): Ach Herr, mein Gott, straf mich doch nicht (SWV 102) f\u00fcr vierstimmig gemischten Chor a cappella<br\/><strong>Psalm of the week<\/strong>: Psalm 50: Gottfried August Homilius (1714-1785): Invoca me f\u00fcr vierstimmig gemischten Chor a cappella<br\/><strong>Responsorium<\/strong>: gregorianisch\n\n<br\/><strong>Canticle<\/strong>: Bartholom\u00e4us Gesius (1562-1613): Hochpreiset meine Seele f\u00fcr f\u00fcnfstimmig gemischten Chor a cappella<br\/><strong>Hymn<\/strong>: Michael Praetorius (1571-1621): Es ist gewisslich an der Zeit f\u00fcr vierstimmig gemischten Chor a cappella<br\/><strong>Organ postlude<\/strong>: Johann Sebastian Bach (1685-1750): Fuge g-Moll (BWV 535)<br\/><strong>Bible reading<\/strong>: Evangelium nach Matth\u00e4us 25,31-40<\/p>\n\n\n\n<div style=\"height:30px\" aria-hidden=\"true\" class=\"wp-block-spacer\"><\/div>\n\n\n\n<blockquote class=\"wp-block-quote is-layout-flow wp-block-quote-is-layout-flow\" style=\"font-family:Playfair-Display\">\nLiturgy: Vorletzter Sonntag im Kirchenjahr<br>\nPfarrerin: Claudia W\u00fcstenhagen<br>\nOrganistin: Karolina Juodelyte<br>\nLocation: <a href=\"\/kontakt\/#anker-kommen-sie-vorbei\">Kirche am Hohenzollernplatz<\/a>\n<\/blockquote>\n\n<\/div>\n\n<div style=\"height:20px\" aria-hidden=\"true\" class=\"wp-block-spacer\"><\/div>\n\n\n\n<div class=\"wp-block-group is-layout-constrained wp-block-group-is-layout-constrained\">\n<h2 class=\"wp-block-heading\">Listen<\/h2>\n\n\n\n\n<p>Here you can listen to this NoonSong. If you&#8217;d like to listen to more NoonSongs recordings, please register.<\/p>\n\n<div class=\"um-locked-content\">\n\t<div class=\"um-locked-content-msg\">This content has been restricted to logged-in users only. Please <a href=\"https:\/\/noonsong.de\/en\/login-audio-archive\/?redirect_to=https%3A%2F%2Fnoonsong.de%2Fen%2Fwp-json%2Fwp%2Fv2%2Ftribe_events%2F41162\">log in<\/a> to view this content.<\/div>\n<\/div>\n<\/div>\n\n<div style=\"height:20px\" aria-hidden=\"true\" class=\"wp-block-spacer\"><\/div>\n\n\n\n<div class=\"wp-block-group is-layout-constrained wp-block-group-is-layout-constrained\">\n\n<h2 class=\"wp-block-heading\">Watch<\/h2>\n\n\n\n\n<p>Experience the recorded live-stream of this NoonSong.<\/p>\n\n\n\n\n\n<p>You&#8217;ll find many selected video recordings of NoonSongs and other concerts on our <a href=\"https:\/\/youtube.com\/sirventesberlin\" target=\"_blank\" rel=\"noreferrer noopener\">YouTube channel<\/a>.\n<\/p>\n\n\n\n\n<div style=\"height:1em\" aria-hidden=\"true\" class=\"wp-block-spacer\"><\/div>\n<div class=\"um-locked-content\">\n\t<div class=\"um-locked-content-msg\">This content has been restricted to logged-in users only. Please <a href=\"https:\/\/noonsong.de\/en\/login-audio-archive\/?redirect_to=https%3A%2F%2Fnoonsong.de%2Fen%2Fwp-json%2Fwp%2Fv2%2Ftribe_events%2F41162\">log in<\/a> to view this content.<\/div>\n<\/div>\n\n<div style=\"height:20px\" aria-hidden=\"true\" class=\"wp-block-spacer\"><\/div>\n\n<\/div>\n\n<div style=\"height:20px\" aria-hidden=\"true\" class=\"wp-block-spacer\"><\/div>\n\n\n\n<div class=\"wp-block-group is-layout-constrained wp-block-group-is-layout-constrained\">\n\n<h2 class=\"wp-block-heading\">Programme PDF<\/h2>\n\n\n\n\n<p>Read more about this NoonSong in the programme document.<\/p>\n\n\n\n\n<div style=\"height:1em\" aria-hidden=\"true\" class=\"wp-block-spacer\"><\/div>\n\n\n\n<figure class=\"wp-block-image aligncenter is-resized\">\n<a target=\"_blank\" rel=\"noopener noreferrer\" href=\"https:\/\/noonsong.de\/wp-content\/uploads\/2023\/05\/user_upload2022-11-12-Liturgie.pdf\">\n<img decoding=\"async\" src=\"https:\/\/noonsong.de\/wp-content\/uploads\/2023\/05\/user_upload2022-11-12-Liturgie-pdf.jpg\" alt=\"\" style=\"max-height:45em; max-width:61.8%\" \/>\n<br>\nPDF DOWNLOAD\n<\/a>\n<\/figure>\n\n\n\n<div style=\"height:20px\" aria-hidden=\"true\" class=\"wp-block-spacer\"><\/div>\n\n<\/div>\n\n<div style=\"height:50px\" aria-hidden=\"true\" class=\"wp-block-spacer\"><\/div>\n\n\n\n<p hidden>, , , Radcliffe, Philip F.; Radcliffe, Philip Fitzhugh, , Sch\u00fctz, Hinrich; Sch\u00fctz, Henricus; Sch\u00fctz, Heinrico; Sch\u00fctz, H.; Sch\u00fctze, Henrich; Sch\u00fctze, Heinrich; Schuetz, Heinrich; Schutz, Heinrich; Schuetz von Pfeilstadt, Henri; Sch\u00fczzius, Heinricus; Sch\u00fczze, Heinrich; Sch\u00fcz, Heinrich; Sch\u00fcz, Henricus; Sch\u00fctzius, Henricus; Sch\u00fctzen, Heinrich; Sch\u00fctzen, Henrich; Sch\u00fctz, Henrich; Sch\u00fctz; Sagittarius, Heinricus; Sagittario, Henrico; Sagittarius, Henricus; Sagittarius, Heinricus,; Sagitarius, Henricus; Saettario, Enrico; \u0160jutc, Genrich, Motetten, HoWV 5,60\nInvoca me, Homilius, Gottfried; Homilius, Gottfried A.; Hommilius, Gottfried August, , Gese, Bartholom\u00e4us; G\u00f6se, Bartholomaeus; G\u00f6\u00df, Bartholomaeus; Gesius, Bartholomaeus; Gesius, Bartholomeus; Gesius, B., , Praetorius, M.; Praetorius; Praetorij, Micha\u00eblis; Pr\u00e4torius, Michael; Pr\u00e4torius, Mich.; Schulthei\u00df, Michael; Schultheiss, Michael, Pr\u00e4ludium und Fuge in g. Pr\u00e4ludium\nPr\u00e4ludien und Fugen, Org BWV 535 &lt;Pr\u00e4ludium&gt;\nPr\u00e4ludien und Fugen, Org BWV 535. Pr\u00e4ludium, Bach; Bach, G. S.; Bach, Iogann Sebast\u02b9jan; Bach, Joh. Sebastian; Bach, Giov. Sebast.; Bach, Jean Sebastien; Bach, Jean Sebastian; Bach, J. Seb.; Bach, Sebastiano; Bach, John Sebastian; Bach, Iogann S.; Bach, Iogann Sebast&#x27;jan; Bach, Iogann Sebastian; Bach, Giovanni Sebastian; Bach, Johan Sebastian; Bach, Joannes Sebastianus; Bach, Giov. Seb.; Bach, Giovanni S.; B\u0101\u1e35, J\u014dh\u0101n Seba\u1e63t\u012b&#x27;\u0101n; Bach, I. S.; Bach, J.-S.; Bach, Giovanni Sebastiano; Bach, Jean-Sebastien; Bach, Sebastian; Bach, Jan Sebastian; Bach, J. S.; Bach, Johann-Sebastian; Bach, Jean S.; Bach, Johannes S.; Bach, Johannes Sebastian; Bach, Joh. Seb.; Bach, Joh.-Seb.; Bach, Joh. Sebas.; Bach, Johann Seb.; Bach, Joh. Sebast.; Bach, Johann S.; Bach, Iogann Sebastjan; Bach, Jean S\u00e9bastien; Bach, Jean-S\u00e9bastien; Bach, Johann; Bakh, Iogann Sebastian, Pr\u00e4ludium und Fuge in g\nPr\u00e4ludien und Fugen, Org BWV 535, Bach; Bach, G. S.; Bach, Iogann Sebast\u02b9jan; Bach, Joh. Sebastian; Bach, Giov. Sebast.; Bach, Jean Sebastien; Bach, Jean Sebastian; Bach, J. Seb.; Bach, Sebastiano; Bach, John Sebastian; Bach, Iogann S.; Bach, Iogann Sebast&#x27;jan; Bach, Iogann Sebastian; Bach, Giovanni Sebastian; Bach, Johan Sebastian; Bach, Joannes Sebastianus; Bach, Giov. Seb.; Bach, Giovanni S.; B\u0101\u1e35, J\u014dh\u0101n Seba\u1e63t\u012b&#x27;\u0101n; Bach, I. S.; Bach, J.-S.; Bach, Giovanni Sebastiano; Bach, Jean-Sebastien; Bach, Sebastian; Bach, Jan Sebastian; Bach, J. S.; Bach, Johann-Sebastian; Bach, Jean S.; Bach, Johannes S.; Bach, Johannes Sebastian; Bach, Joh. Seb.; Bach, Joh.-Seb.; Bach, Joh. Sebas.; Bach, Johann Seb.; Bach, Joh. Sebast.; Bach, Johann S.; Bach, Iogann Sebastjan; Bach, Jean S\u00e9bastien; Bach, Jean-S\u00e9bastien; Bach, Johann; Bakh, Iogann Sebastian, <\/p>\n\n","protected":false},"excerpt":{"rendered":"<p>Protestantische Musik aus Mitteldeutschland: Musik des Kantors der Marienkirche in Frankfurt (Oder) kennt heute kaum einer, auch das Werk des zu Lebzeiten hoch gesch\u00e4tzten Dresdner Hofkapellmeisters Gottfried August Homilius wird, auch durch das Engagement des NoonSong Vokalensembles sirventes berlin, gerade erst wieder entdeckt. <\/p>\n","protected":false},"author":16,"featured_media":18398,"template":"","meta":{"_et_pb_use_builder":"","_et_pb_old_content":"","_et_gb_content_width":"","_tribe_events_status":"","_tribe_events_status_reason":"","footnotes":""},"tags":[91,598,135,105,145,143],"tribe_events_cat":[722,743,723,711,712,716,717,727,719,729,708,735,724,744,720],"class_list":["post-41162","tribe_events","type-tribe_events","status-publish","has-post-thumbnail","hentry","tag-bartholomaeus-gesius","tag-gottfried-august-homilius-2","tag-heinrich-schuetz","tag-johann-sebastian-bach","tag-michael-praetorius","tag-philip-radcliffe","tribe_events_cat-20-jahrhundert","tribe_events_cat-audio","tribe_events_cat-barock","tribe_events_cat-berlin","tribe_events_cat-chor","tribe_events_cat-gottesdienst","tribe_events_cat-kirche","tribe_events_cat-klassik","tribe_events_cat-konzert","tribe_events_cat-liturgie","tribe_events_cat-noonsong","tribe_events_cat-pdf","tribe_events_cat-renaissance","tribe_events_cat-video","tribe_events_cat-vokal","cat_20-jahrhundert","cat_audio","cat_barock","cat_berlin","cat_chor","cat_gottesdienst","cat_kirche","cat_klassik","cat_konzert","cat_liturgie","cat_noonsong","cat_pdf","cat_renaissance","cat_video","cat_vokal"],"acf":[],"_links":{"self":[{"href":"https:\/\/noonsong.de\/en\/wp-json\/wp\/v2\/tribe_events\/41162","targetHints":{"allow":["GET"]}}],"collection":[{"href":"https:\/\/noonsong.de\/en\/wp-json\/wp\/v2\/tribe_events"}],"about":[{"href":"https:\/\/noonsong.de\/en\/wp-json\/wp\/v2\/types\/tribe_events"}],"author":[{"embeddable":true,"href":"https:\/\/noonsong.de\/en\/wp-json\/wp\/v2\/users\/16"}],"version-history":[{"count":1,"href":"https:\/\/noonsong.de\/en\/wp-json\/wp\/v2\/tribe_events\/41162\/revisions"}],"predecessor-version":[{"id":56104,"href":"https:\/\/noonsong.de\/en\/wp-json\/wp\/v2\/tribe_events\/41162\/revisions\/56104"}],"wp:featuredmedia":[{"embeddable":true,"href":"https:\/\/noonsong.de\/en\/wp-json\/wp\/v2\/media\/18398"}],"wp:attachment":[{"href":"https:\/\/noonsong.de\/en\/wp-json\/wp\/v2\/media?parent=41162"}],"wp:term":[{"taxonomy":"post_tag","embeddable":true,"href":"https:\/\/noonsong.de\/en\/wp-json\/wp\/v2\/tags?post=41162"},{"taxonomy":"tribe_events_cat","embeddable":true,"href":"https:\/\/noonsong.de\/en\/wp-json\/wp\/v2\/tribe_events_cat?post=41162"}],"curies":[{"name":"wp","href":"https:\/\/api.w.org\/{rel}","templated":true}]}}

<div class="wp-block-group is-layout-constrained wp-block-group-is-layout-constrained">

<h2 class="wp-block-heading">Programme</h2>



<p>
<strong>Organ prelude</strong>: Johann Sebastian Bach (1685-1750): Präludium g-Moll (BWV 535)<br/><strong>Preces</strong>: Philip Radcliffe (1905-1986): Preces &amp; Responses für vierstimmig gemischten Chor a cappella<br/><strong>Psalm of the day</strong>: Psalm 6: Heinrich Schütz (1585-1672): Ach Herr, mein Gott, straf mich doch nicht (SWV 102) für vierstimmig gemischten Chor a cappella<br/><strong>Psalm of the week</strong>: Psalm 50: Gottfried August Homilius (1714-1785): Invoca me für vierstimmig gemischten Chor a cappella<br/><strong>Responsorium</strong>: gregorianisch

<br/><strong>Canticle</strong>: Bartholomäus Gesius (1562-1613): Hochpreiset meine Seele für fünfstimmig gemischten Chor a cappella<br/><strong>Hymn</strong>: Michael Praetorius (1571-1621): Es ist gewisslich an der Zeit für vierstimmig gemischten Chor a cappella<br/><strong>Organ postlude</strong>: Johann Sebastian Bach (1685-1750): Fuge g-Moll (BWV 535)<br/><strong>Bible reading</strong>: Evangelium nach Matthäus 25,31-40</p>



<div style="height:30px" aria-hidden="true" class="wp-block-spacer"></div>



<blockquote class="wp-block-quote is-layout-flow wp-block-quote-is-layout-flow" style="font-family:Playfair-Display">
Liturgy: Vorletzter Sonntag im Kirchenjahr<br>
Pfarrerin: Claudia Wüstenhagen<br>
Organistin: Karolina Juodelyte<br>
Location: <a href="/kontakt/#anker-kommen-sie-vorbei">Kirche am Hohenzollernplatz</a>
</blockquote>

</div>

<div style="height:20px" aria-hidden="true" class="wp-block-spacer"></div>



<div class="wp-block-group is-layout-constrained wp-block-group-is-layout-constrained">
<h2 class="wp-block-heading">Listen</h2>




<p>Here you can listen to this NoonSong. If you&#8217;d like to listen to more NoonSongs recordings, please register.</p>

<div class="um-locked-content">
	<div class="um-locked-content-msg">This content has been restricted to logged-in users only. Please <a href="https://noonsong.de/en/login-audio-archive/?redirect_to=https%3A%2F%2Fnoonsong.de%2Fen%2Fwp-json%2Fwp%2Fv2%2Ftribe_events%2F41162">log in</a> to view this content.</div>
</div>
</div>

<div style="height:20px" aria-hidden="true" class="wp-block-spacer"></div>



<div class="wp-block-group is-layout-constrained wp-block-group-is-layout-constrained">

<h2 class="wp-block-heading">Watch</h2>




<p>Experience the recorded live-stream of this NoonSong.</p>





<p>You&#8217;ll find many selected video recordings of NoonSongs and other concerts on our <a href="https://youtube.com/sirventesberlin" target="_blank" rel="noreferrer noopener">YouTube channel</a>.
</p>




<div style="height:1em" aria-hidden="true" class="wp-block-spacer"></div>
<div class="um-locked-content">
	<div class="um-locked-content-msg">This content has been restricted to logged-in users only. Please <a href="https://noonsong.de/en/login-audio-archive/?redirect_to=https%3A%2F%2Fnoonsong.de%2Fen%2Fwp-json%2Fwp%2Fv2%2Ftribe_events%2F41162">log in</a> to view this content.</div>
</div>

<div style="height:20px" aria-hidden="true" class="wp-block-spacer"></div>

</div>

<div style="height:20px" aria-hidden="true" class="wp-block-spacer"></div>



<div class="wp-block-group is-layout-constrained wp-block-group-is-layout-constrained">

<h2 class="wp-block-heading">Programme PDF</h2>




<p>Read more about this NoonSong in the programme document.</p>




<div style="height:1em" aria-hidden="true" class="wp-block-spacer"></div>



<figure class="wp-block-image aligncenter is-resized">
<a target="_blank" rel="noopener noreferrer" href="https://noonsong.de/wp-content/uploads/2023/05/user_upload2022-11-12-Liturgie.pdf">
<img decoding="async" src="https://noonsong.de/wp-content/uploads/2023/05/user_upload2022-11-12-Liturgie-pdf.jpg" alt="" style="max-height:45em; max-width:61.8%" />
<br>
PDF DOWNLOAD
</a>
</figure>



<div style="height:20px" aria-hidden="true" class="wp-block-spacer"></div>

</div>

<div style="height:50px" aria-hidden="true" class="wp-block-spacer"></div>



<p hidden>, , , Radcliffe, Philip F.; Radcliffe, Philip Fitzhugh, , Schütz, Hinrich; Schütz, Henricus; Schütz, Heinrico; Schütz, H.; Schütze, Henrich; Schütze, Heinrich; Schuetz, Heinrich; Schutz, Heinrich; Schuetz von Pfeilstadt, Henri; Schüzzius, Heinricus; Schüzze, Heinrich; Schüz, Heinrich; Schüz, Henricus; Schützius, Henricus; Schützen, Heinrich; Schützen, Henrich; Schütz, Henrich; Schütz; Sagittarius, Heinricus; Sagittario, Henrico; Sagittarius, Henricus; Sagittarius, Heinricus,; Sagitarius, Henricus; Saettario, Enrico; Šjutc, Genrich, Motetten, HoWV 5,60
Invoca me, Homilius, Gottfried; Homilius, Gottfried A.; Hommilius, Gottfried August, , Gese, Bartholomäus; Göse, Bartholomaeus; Göß, Bartholomaeus; Gesius, Bartholomaeus; Gesius, Bartholomeus; Gesius, B., , Praetorius, M.; Praetorius; Praetorij, Michaëlis; Prätorius, Michael; Prätorius, Mich.; Schultheiß, Michael; Schultheiss, Michael, Präludium und Fuge in g. Präludium
Präludien und Fugen, Org BWV 535 &lt;Präludium&gt;
Präludien und Fugen, Org BWV 535. Präludium, Bach; Bach, G. S.; Bach, Iogann Sebastʹjan; Bach, Joh. Sebastian; Bach, Giov. Sebast.; Bach, Jean Sebastien; Bach, Jean Sebastian; Bach, J. Seb.; Bach, Sebastiano; Bach, John Sebastian; Bach, Iogann S.; Bach, Iogann Sebast&#x27;jan; Bach, Iogann Sebastian; Bach, Giovanni Sebastian; Bach, Johan Sebastian; Bach, Joannes Sebastianus; Bach, Giov. Seb.; Bach, Giovanni S.; Bāḵ, Jōhān Sebaṣtī&#x27;ān; Bach, I. S.; Bach, J.-S.; Bach, Giovanni Sebastiano; Bach, Jean-Sebastien; Bach, Sebastian; Bach, Jan Sebastian; Bach, J. S.; Bach, Johann-Sebastian; Bach, Jean S.; Bach, Johannes S.; Bach, Johannes Sebastian; Bach, Joh. Seb.; Bach, Joh.-Seb.; Bach, Joh. Sebas.; Bach, Johann Seb.; Bach, Joh. Sebast.; Bach, Johann S.; Bach, Iogann Sebastjan; Bach, Jean Sébastien; Bach, Jean-Sébastien; Bach, Johann; Bakh, Iogann Sebastian, Präludium und Fuge in g
Präludien und Fugen, Org BWV 535, Bach; Bach, G. S.; Bach, Iogann Sebastʹjan; Bach, Joh. Sebastian; Bach, Giov. Sebast.; Bach, Jean Sebastien; Bach, Jean Sebastian; Bach, J. Seb.; Bach, Sebastiano; Bach, John Sebastian; Bach, Iogann S.; Bach, Iogann Sebast&#x27;jan; Bach, Iogann Sebastian; Bach, Giovanni Sebastian; Bach, Johan Sebastian; Bach, Joannes Sebastianus; Bach, Giov. Seb.; Bach, Giovanni S.; Bāḵ, Jōhān Sebaṣtī&#x27;ān; Bach, I. S.; Bach, J.-S.; Bach, Giovanni Sebastiano; Bach, Jean-Sebastien; Bach, Sebastian; Bach, Jan Sebastian; Bach, J. S.; Bach, Johann-Sebastian; Bach, Jean S.; Bach, Johannes S.; Bach, Johannes Sebastian; Bach, Joh. Seb.; Bach, Joh.-Seb.; Bach, Joh. Sebas.; Bach, Johann Seb.; Bach, Joh. Sebast.; Bach, Johann S.; Bach, Iogann Sebastjan; Bach, Jean Sébastien; Bach, Jean-Sébastien; Bach, Johann; Bakh, Iogann Sebastian, </p>

<p>Protestantische Musik aus Mitteldeutschland: Musik des Kantors der Marienkirche in Frankfurt (Oder) kennt heute kaum einer, auch das Werk des zu Lebzeiten hoch geschätzten Dresdner Hofkapellmeisters Gottfried August Homilius wird, auch durch das Engagement des NoonSong Vokalensembles sirventes berlin, gerade erst wieder entdeckt. </p>
