{"id":41163,"date":"2025-07-07T21:36:28","date_gmt":"2025-07-07T19:36:28","guid":{"rendered":"https:\/\/noonsong.de\/veranstaltung\/noonsong-event-2016-02-20\/"},"modified":"2025-07-07T21:36:28","modified_gmt":"2025-07-07T19:36:28","slug":"noonsong-event-2016-02-20","status":"publish","type":"tribe_events","link":"https:\/\/noonsong.de\/en\/event\/noonsong-event-2016-02-20\/","title":{"rendered":"321. NoonSong am 20.02.2016 um 12:00"},"content":{"rendered":"\n<div class=\"wp-block-group is-layout-constrained wp-block-group-is-layout-constrained\">\n\n<h2 class=\"wp-block-heading\">Programme<\/h2>\n\n\n\n<p>\n<strong>Organ prelude<\/strong>: Johann Kaspar Kerll (1627-1693): Toccata I<br\/><strong>Preces<\/strong>: William Byrd (ca. 1540-1623): Preces &amp; Responses f\u00fcr f\u00fcnfstimmig gemischten Chor a cappella<br\/><strong>Psalm of the day<\/strong>: Psalm 38: Orlando di Lasso (ca. 1532-1594): Domine ne in furore f\u00fcr f\u00fcnf- bis sechsstimmigen Chor a cappella<br\/><strong>Psalm of the week<\/strong>: Psalm 10: Claudin de Sermisy (ca. 1490-1562): Dont vient cela f\u00fcr vierstimmig gemischten Chor a cappella<br\/><strong>Responsorium<\/strong>: gregorianisch\n\n<br\/><strong>Canticle<\/strong>: Anton Bruckner (1824-1896): Christus factus est obediens (d-Moll) f\u00fcr vier- bis achtstimmigen Chor a cappella<br\/><strong>Hymn<\/strong>: Johann Hermann Schein (1586-1630): Wenn wir in h\u00f6chsten N\u00f6ten sein f\u00fcr vierstimmig gemischten Chor a cappella<br\/><strong>Organ postlude<\/strong>: Robert Schumann (1810-1856): Skizze in f f\u00fcr den Pedalfl\u00fcgel (op.58)<br\/><strong>Bible reading<\/strong>: Brief an die R\u00f6mer 5,1-11<\/p>\n\n\n\n<div style=\"height:30px\" aria-hidden=\"true\" class=\"wp-block-spacer\"><\/div>\n\n\n\n<blockquote class=\"wp-block-quote is-layout-flow wp-block-quote-is-layout-flow\" style=\"font-family:Playfair-Display\">\nLiturgy: Reminiscere<br>\n\nOrganist: Mirlan Kasymaliev<br>\nLocation: <a href=\"\/kontakt\/#anker-kommen-sie-vorbei\">Kirche am Hohenzollernplatz<\/a>\n<\/blockquote>\n\n<\/div>\n\n<div style=\"height:20px\" aria-hidden=\"true\" class=\"wp-block-spacer\"><\/div>\n\n\n\n<div class=\"wp-block-group is-layout-constrained wp-block-group-is-layout-constrained\">\n<h2 class=\"wp-block-heading\">Listen<\/h2>\n\n\n\n\n<p>Here you can listen to this NoonSong. If you&#8217;d like to listen to more NoonSongs recordings, please register.<\/p>\n\n<div class=\"um-locked-content\">\n\t<div class=\"um-locked-content-msg\">This content has been restricted to logged-in users only. Please <a href=\"https:\/\/noonsong.de\/en\/login-audio-archive\/?redirect_to=https%3A%2F%2Fnoonsong.de%2Fen%2Fwp-json%2Fwp%2Fv2%2Ftribe_events%2F41163\">log in<\/a> to view this content.<\/div>\n<\/div>\n<\/div>\n\n<div style=\"height:20px\" aria-hidden=\"true\" class=\"wp-block-spacer\"><\/div>\n\n\n\n<div class=\"wp-block-group is-layout-constrained wp-block-group-is-layout-constrained\">\n\n<h2 class=\"wp-block-heading\">Programme PDF<\/h2>\n\n\n\n\n<p>Read more about this NoonSong in the programme document.<\/p>\n\n\n\n\n<div style=\"height:1em\" aria-hidden=\"true\" class=\"wp-block-spacer\"><\/div>\n\n\n\n<figure class=\"wp-block-image aligncenter is-resized\">\n<a target=\"_blank\" rel=\"noopener noreferrer\" href=\"https:\/\/noonsong.de\/wp-content\/uploads\/2024\/07\/2016-02-20-Liturgie.pdf\">\n<img decoding=\"async\" src=\"https:\/\/noonsong.de\/wp-content\/uploads\/2024\/07\/2016-02-20-Liturgie-pdf.jpg\" alt=\"\" style=\"max-height:45em; max-width:61.8%\" \/>\n<br>\nPDF DOWNLOAD\n<\/a>\n<\/figure>\n\n\n\n<div style=\"height:20px\" aria-hidden=\"true\" class=\"wp-block-spacer\"><\/div>\n\n<\/div>\n\n<div style=\"height:50px\" aria-hidden=\"true\" class=\"wp-block-spacer\"><\/div>\n\n\n\n<p hidden>, , , Byrd, &#8230;; Byrd, W.; Byrd, Guil.; Byrd of Virginia, William; Berd, V.; Byred, William; Bird, William; Byrde, William, Psalmi Davidis poenitentiales. Psalm 38, Lasso, Orlando di; Lasso, Orlando de; Lassus, Rolando di; DiLasso, Orlando; Lassus, Orlandus di; Lassus, Orlando di; Lassus, Orlande de; Lassus, Rolando de; Lasso, Orlandi di; Lassus, Rolland de; Lassus, Orlando de; Orlando, Di Lasso; Lassvs, Orlando de; Di Lasso, Orlando; Lassus, Orlandus; Orlande De Lassus; Lassus, Roland de; De Lassus, Orlandus; De Lassus, Roland; Lassus, Orlandus de; Lassus, Orland de; De Lassus, Orland, , Claudin, de Sermisy; Sermisy, Claude de; Sermisy, Cl. de; Sermisi, Claudio de, Christus factus est G 11\nWAB 11, Bruckner, A.; Brukner, Anton; Bruckner, &#8230;; Bruckner, Joseph Anton; Bruckner, Josef Anton; Burukkun\u0101, Anton, , Schein, Joh. Herm.; Schein, Johan-Herman; Schein, J. H.; Schein, Johann H.; Schein, Johann-Hermann; Scheinius, Johann Hermannus; Schein, Johan Herman; Schein, Hermann; Schein, Iohan-Hermanus; Schein, Johan-Hermanus; Schein, Johannes Hermann; Schein, Johann Herman; Schein, J.H.; Schein, Joan-Herman, , Kerll, Johann Kaspar von; Kerll, Johannes Kaspar; Kerll, Johannes Caspar; Kerl, Johann Caspar; Kerl, Johannes Kaspar; Kerl, Johannes Caspar; Kerl, Giovanni Gaspare; Kerl, Gio. Gaspare; Kerl, Johann K. von; Kherl, Johann K. von; Cherle, Johann K. von; Kerll, Ioann. Casparus; Kerl, Ioann. Casparus; Kerll, Johann Caspar (MGG 2; NG 2); Kerll, Johann K.; Kerll, Caspar; Kerl, Johann K.; Kerll, Johann Caspar von; Kerll, J. K.; Kerle, G.; Kerle, Gaspard, Skizzen op. 58\nSkizzen f\u00fcr Pedalfl\u00fcgel\nPedalfl\u00fcgelstudien, Schumann, Robert Kurt; Schumann, Rob.; Schumann, R.; Schuman, Robert; Schuhmann; Schumann, Franz; \u0160uman, Robert Aleksandr; \u0160uman, Robert Aleksander; \u0160uman, Robert; Ekert [Pseudonym]; Schumann; \u0160uman, R.; Schumann, Robert Alexander; Schumann, Roberto; Shuman, Robert, <\/p>\n\n","protected":false},"excerpt":{"rendered":"<p style='position:absolute'>&nbsp;<\/p>\n","protected":false},"author":16,"featured_media":18437,"template":"","meta":{"_et_pb_use_builder":"","_et_pb_old_content":"","_et_gb_content_width":"","_tribe_events_status":"","_tribe_events_status_reason":"","footnotes":""},"tags":[92,241,132,257,152,156,113],"tribe_events_cat":[743,723,711,712,716,717,719,729,708,735,724,725,720],"class_list":["post-41163","tribe_events","type-tribe_events","status-publish","has-post-thumbnail","hentry","tag-anton-bruckner","tag-claudin-de-sermisy","tag-johann-hermann-schein","tag-johann-kaspar-kerll","tag-orlando-di-lasso","tag-robert-schumann","tag-william-byrd","tribe_events_cat-audio","tribe_events_cat-barock","tribe_events_cat-berlin","tribe_events_cat-chor","tribe_events_cat-gottesdienst","tribe_events_cat-kirche","tribe_events_cat-konzert","tribe_events_cat-liturgie","tribe_events_cat-noonsong","tribe_events_cat-pdf","tribe_events_cat-renaissance","tribe_events_cat-romantik","tribe_events_cat-vokal","cat_audio","cat_barock","cat_berlin","cat_chor","cat_gottesdienst","cat_kirche","cat_konzert","cat_liturgie","cat_noonsong","cat_pdf","cat_renaissance","cat_romantik","cat_vokal"],"acf":[],"_links":{"self":[{"href":"https:\/\/noonsong.de\/en\/wp-json\/wp\/v2\/tribe_events\/41163","targetHints":{"allow":["GET"]}}],"collection":[{"href":"https:\/\/noonsong.de\/en\/wp-json\/wp\/v2\/tribe_events"}],"about":[{"href":"https:\/\/noonsong.de\/en\/wp-json\/wp\/v2\/types\/tribe_events"}],"author":[{"embeddable":true,"href":"https:\/\/noonsong.de\/en\/wp-json\/wp\/v2\/users\/16"}],"version-history":[{"count":1,"href":"https:\/\/noonsong.de\/en\/wp-json\/wp\/v2\/tribe_events\/41163\/revisions"}],"predecessor-version":[{"id":57001,"href":"https:\/\/noonsong.de\/en\/wp-json\/wp\/v2\/tribe_events\/41163\/revisions\/57001"}],"wp:featuredmedia":[{"embeddable":true,"href":"https:\/\/noonsong.de\/en\/wp-json\/wp\/v2\/media\/18437"}],"wp:attachment":[{"href":"https:\/\/noonsong.de\/en\/wp-json\/wp\/v2\/media?parent=41163"}],"wp:term":[{"taxonomy":"post_tag","embeddable":true,"href":"https:\/\/noonsong.de\/en\/wp-json\/wp\/v2\/tags?post=41163"},{"taxonomy":"tribe_events_cat","embeddable":true,"href":"https:\/\/noonsong.de\/en\/wp-json\/wp\/v2\/tribe_events_cat?post=41163"}],"curies":[{"name":"wp","href":"https:\/\/api.w.org\/{rel}","templated":true}]}}

<div class="wp-block-group is-layout-constrained wp-block-group-is-layout-constrained">

<h2 class="wp-block-heading">Programme</h2>



<p>
<strong>Organ prelude</strong>: Johann Kaspar Kerll (1627-1693): Toccata I<br/><strong>Preces</strong>: William Byrd (ca. 1540-1623): Preces &amp; Responses für fünfstimmig gemischten Chor a cappella<br/><strong>Psalm of the day</strong>: Psalm 38: Orlando di Lasso (ca. 1532-1594): Domine ne in furore für fünf- bis sechsstimmigen Chor a cappella<br/><strong>Psalm of the week</strong>: Psalm 10: Claudin de Sermisy (ca. 1490-1562): Dont vient cela für vierstimmig gemischten Chor a cappella<br/><strong>Responsorium</strong>: gregorianisch

<br/><strong>Canticle</strong>: Anton Bruckner (1824-1896): Christus factus est obediens (d-Moll) für vier- bis achtstimmigen Chor a cappella<br/><strong>Hymn</strong>: Johann Hermann Schein (1586-1630): Wenn wir in höchsten Nöten sein für vierstimmig gemischten Chor a cappella<br/><strong>Organ postlude</strong>: Robert Schumann (1810-1856): Skizze in f für den Pedalflügel (op.58)<br/><strong>Bible reading</strong>: Brief an die Römer 5,1-11</p>



<div style="height:30px" aria-hidden="true" class="wp-block-spacer"></div>



<blockquote class="wp-block-quote is-layout-flow wp-block-quote-is-layout-flow" style="font-family:Playfair-Display">
Liturgy: Reminiscere<br>

Organist: Mirlan Kasymaliev<br>
Location: <a href="/kontakt/#anker-kommen-sie-vorbei">Kirche am Hohenzollernplatz</a>
</blockquote>

</div>

<div style="height:20px" aria-hidden="true" class="wp-block-spacer"></div>



<div class="wp-block-group is-layout-constrained wp-block-group-is-layout-constrained">
<h2 class="wp-block-heading">Listen</h2>




<p>Here you can listen to this NoonSong. If you&#8217;d like to listen to more NoonSongs recordings, please register.</p>

<div class="um-locked-content">
	<div class="um-locked-content-msg">This content has been restricted to logged-in users only. Please <a href="https://noonsong.de/en/login-audio-archive/?redirect_to=https%3A%2F%2Fnoonsong.de%2Fen%2Fwp-json%2Fwp%2Fv2%2Ftribe_events%2F41163">log in</a> to view this content.</div>
</div>
</div>

<div style="height:20px" aria-hidden="true" class="wp-block-spacer"></div>



<div class="wp-block-group is-layout-constrained wp-block-group-is-layout-constrained">

<h2 class="wp-block-heading">Programme PDF</h2>




<p>Read more about this NoonSong in the programme document.</p>




<div style="height:1em" aria-hidden="true" class="wp-block-spacer"></div>



<figure class="wp-block-image aligncenter is-resized">
<a target="_blank" rel="noopener noreferrer" href="https://noonsong.de/wp-content/uploads/2024/07/2016-02-20-Liturgie.pdf">
<img decoding="async" src="https://noonsong.de/wp-content/uploads/2024/07/2016-02-20-Liturgie-pdf.jpg" alt="" style="max-height:45em; max-width:61.8%" />
<br>
PDF DOWNLOAD
</a>
</figure>



<div style="height:20px" aria-hidden="true" class="wp-block-spacer"></div>

</div>

<div style="height:50px" aria-hidden="true" class="wp-block-spacer"></div>



<p hidden>, , , Byrd, &#8230;; Byrd, W.; Byrd, Guil.; Byrd of Virginia, William; Berd, V.; Byred, William; Bird, William; Byrde, William, Psalmi Davidis poenitentiales. Psalm 38, Lasso, Orlando di; Lasso, Orlando de; Lassus, Rolando di; DiLasso, Orlando; Lassus, Orlandus di; Lassus, Orlando di; Lassus, Orlande de; Lassus, Rolando de; Lasso, Orlandi di; Lassus, Rolland de; Lassus, Orlando de; Orlando, Di Lasso; Lassvs, Orlando de; Di Lasso, Orlando; Lassus, Orlandus; Orlande De Lassus; Lassus, Roland de; De Lassus, Orlandus; De Lassus, Roland; Lassus, Orlandus de; Lassus, Orland de; De Lassus, Orland, , Claudin, de Sermisy; Sermisy, Claude de; Sermisy, Cl. de; Sermisi, Claudio de, Christus factus est G 11
WAB 11, Bruckner, A.; Brukner, Anton; Bruckner, &#8230;; Bruckner, Joseph Anton; Bruckner, Josef Anton; Burukkunā, Anton, , Schein, Joh. Herm.; Schein, Johan-Herman; Schein, J. H.; Schein, Johann H.; Schein, Johann-Hermann; Scheinius, Johann Hermannus; Schein, Johan Herman; Schein, Hermann; Schein, Iohan-Hermanus; Schein, Johan-Hermanus; Schein, Johannes Hermann; Schein, Johann Herman; Schein, J.H.; Schein, Joan-Herman, , Kerll, Johann Kaspar von; Kerll, Johannes Kaspar; Kerll, Johannes Caspar; Kerl, Johann Caspar; Kerl, Johannes Kaspar; Kerl, Johannes Caspar; Kerl, Giovanni Gaspare; Kerl, Gio. Gaspare; Kerl, Johann K. von; Kherl, Johann K. von; Cherle, Johann K. von; Kerll, Ioann. Casparus; Kerl, Ioann. Casparus; Kerll, Johann Caspar (MGG 2; NG 2); Kerll, Johann K.; Kerll, Caspar; Kerl, Johann K.; Kerll, Johann Caspar von; Kerll, J. K.; Kerle, G.; Kerle, Gaspard, Skizzen op. 58
Skizzen für Pedalflügel
Pedalflügelstudien, Schumann, Robert Kurt; Schumann, Rob.; Schumann, R.; Schuman, Robert; Schuhmann; Schumann, Franz; Šuman, Robert Aleksandr; Šuman, Robert Aleksander; Šuman, Robert; Ekert [Pseudonym]; Schumann; Šuman, R.; Schumann, Robert Alexander; Schumann, Roberto; Shuman, Robert, </p>
