{"id":41169,"date":"2025-07-07T21:39:06","date_gmt":"2025-07-07T19:39:06","guid":{"rendered":"https:\/\/noonsong.de\/veranstaltung\/noonsong-event-2009-10-03\/"},"modified":"2025-07-07T21:39:06","modified_gmt":"2025-07-07T19:39:06","slug":"noonsong-event-2009-10-03","status":"publish","type":"tribe_events","link":"https:\/\/noonsong.de\/en\/event\/noonsong-event-2009-10-03\/","title":{"rendered":"38. NoonSong am 03.10.2009 um 12:00"},"content":{"rendered":"\n<div class=\"wp-block-group is-layout-constrained wp-block-group-is-layout-constrained\">\n\n<h2 class=\"wp-block-heading\">Programme<\/h2>\n\n\n\n<p>\n<strong>Organ prelude<\/strong>: Felix Mendelssohn Bartholdy (1809-1847): Sonate Nr. 2, c-Moll (op. 65): Grave &#8211; Adagio<br\/><strong>Preces<\/strong>: Richard Ayleward (1626-1669): Preces &amp; Responses f\u00fcr vierstimmig gemischten Chor a cappella<br\/><strong>Psalm of the day<\/strong>: Psalm 67: Mogens Peders\u00f8n (ca. 1585-1623): Deus misereatur nostri f\u00fcr f\u00fcnfstimmig gemischten Chor a cappella<br\/><strong>Psalm of the week<\/strong>: Psalm 104b: Orazio Vecchi (1550-1605): Fauxbourdon f\u00fcr vierstimmig gemischten Chor a cappella<br\/><strong>Responsorium<\/strong>: gregorianisch\n\n<br\/><strong>Canticle<\/strong>: Gian Paolo Cima (ca. 1570-ca. 1626): Magnificat sesti toni f\u00fcr vierstimmig gemischten Chor a cappella<br\/><strong>Hymn<\/strong>: Johann Stobaeus (1580-1646): Such, wer da will ein ander Ziel f\u00fcr vierstimmig gemischten Chor a cappella<br\/><strong>Organ postlude<\/strong>: Max Reger (1873-1916): Canzone g-Moll, aus: Monologe (op. 63)<\/p>\n\n\n\n<div style=\"height:30px\" aria-hidden=\"true\" class=\"wp-block-spacer\"><\/div>\n\n\n\n<blockquote class=\"wp-block-quote is-layout-flow wp-block-quote-is-layout-flow\" style=\"font-family:Playfair-Display\">\nLiturgy: Erntedank<br>\nPfarrer: Pater Hans-Georg L\u00f6ffler<br>\nOrganist: Rudolf Seidel<br>\nLocation: <a href=\"\/kontakt\/#anker-kommen-sie-vorbei\">Kirche am Hohenzollernplatz<\/a>\n<\/blockquote>\n\n<\/div>\n\n<div style=\"height:20px\" aria-hidden=\"true\" class=\"wp-block-spacer\"><\/div>\n\n\n\n<div class=\"wp-block-group is-layout-constrained wp-block-group-is-layout-constrained\">\n\n<h2 class=\"wp-block-heading\">Programme PDF<\/h2>\n\n\n\n\n<p>Read more about this NoonSong in the programme document.<\/p>\n\n\n\n\n<div style=\"height:1em\" aria-hidden=\"true\" class=\"wp-block-spacer\"><\/div>\n\n\n\n<figure class=\"wp-block-image aligncenter is-resized\">\n<a target=\"_blank\" rel=\"noopener noreferrer\" href=\"https:\/\/noonsong.de\/wp-content\/uploads\/2023\/05\/pdfProgrammhefteLiturgie_2009-10-03.pdf\">\n<img decoding=\"async\" src=\"https:\/\/noonsong.de\/wp-content\/uploads\/2023\/05\/pdfProgrammhefteLiturgie_2009-10-03-pdf.jpg\" alt=\"\" style=\"max-height:45em; max-width:61.8%\" \/>\n<br>\nPDF DOWNLOAD\n<\/a>\n<\/figure>\n\n\n\n<div style=\"height:20px\" aria-hidden=\"true\" class=\"wp-block-spacer\"><\/div>\n\n<\/div>\n\n<div style=\"height:50px\" aria-hidden=\"true\" class=\"wp-block-spacer\"><\/div>\n\n\n\n<p hidden>, , Pratum spirituale. Deus misereatur nostri Deus\nNr. 34, Peders\u00f8n, Mogens; Pederson, Mogens; Pedersen, Mogens; Petreus, Magnus; Petreo, Magn; Pedersson, Mogens; Peders\u00f8n, Mogns; Petreo, Magno; Peders\u00f6n, Mogens, , Vecchi, Orazio Tiberio; Vecchius, Horatius; Vecchi, Oratio; Vecchi, Horatius; Vecchi, Horazio; Vecchi, Orazio T.; Vecchi, Horatio, , Cima, Giovanni P.; Cima, Giovan Paolo; Cima, Gio Paolo; Cima, Giampaolo; Cima, Giovanni Paolo; Cima, Gian P. ; Cima Milanese, Gian Paolo, , Stobaeus, Johannes; Stob\u00e4us, Johann; Stoboeus, Johann, Sonaten, Orgel, MWV W 57 (c-Moll)\nSonaten op. 65, Nr. 2, Mendelssohn-Bartholdy, Felix; Mendelssohn-Bartholdi, Felix; Mendelssohn Bartholdi; Mendelssohn-Bartholdy, Felix; Mendelssohn B., Felix; Mendelssohn Bartholdy, Jakob Ludwig Felix; Mendelssohn-Bartholdy, Jakob Ludwig Felix; Mendelssohn-Bartholdy, Jacob Ludwig Felix; Mendelssohn Bartholdy, Felix Jakob; Mendelssohn, Jakob Ludwig Felix; Mendelssohn Bartholdy, F.; Mendelssohn Bartholdy; Mendelssohn-Bartholdy; Mendelssohn; F.; Mendelson-Bartoldi, Feliks; Mendel\u02b9son-Bartol\u02b9di, Feliks; Mendelsson-Bartholdy, Felix; Mendelsohn-Bartholdy, Felix; Bartholdy, Felix Mendelssohn; Mendelssohn, Felix; Mendelssohn, F.; Mendelssohn-Bartholdy, F.; Mendelssohn Batholdy, Felix; Mendel&#x27;son, Feliks; Mendel&#x27;son, F., Monologe, op. 63. Canzone\nop. 63 Nr. 3, Reger, Max; Reger, Johann Baptist Joseph Maximilian; Reger, M.; Reger, &#8230;; Reger, Maks; R\u0113gers, M., <\/p>\n\n","protected":false},"excerpt":{"rendered":"<p style='position:absolute'>&nbsp;<\/p>\n","protected":false},"author":16,"featured_media":19135,"template":"","meta":{"_et_pb_use_builder":"","_et_pb_old_content":"","_et_gb_content_width":"","_tribe_events_status":"","_tribe_events_status_reason":"","footnotes":""},"tags":[115,379,356,226,391,360,262],"tribe_events_cat":[723,711,712,716,717,719,729,708,735,724,725,720],"class_list":["post-41169","tribe_events","type-tribe_events","status-publish","has-post-thumbnail","hentry","tag-felix-mendelssohn-bartholdy","tag-gian-paolo-cima","tag-johann-stobaeus","tag-max-reger","tag-mogens-pedersoen","tag-orazio-vecchi","tag-richard-ayleward","tribe_events_cat-barock","tribe_events_cat-berlin","tribe_events_cat-chor","tribe_events_cat-gottesdienst","tribe_events_cat-kirche","tribe_events_cat-konzert","tribe_events_cat-liturgie","tribe_events_cat-noonsong","tribe_events_cat-pdf","tribe_events_cat-renaissance","tribe_events_cat-romantik","tribe_events_cat-vokal","cat_barock","cat_berlin","cat_chor","cat_gottesdienst","cat_kirche","cat_konzert","cat_liturgie","cat_noonsong","cat_pdf","cat_renaissance","cat_romantik","cat_vokal"],"acf":[],"_links":{"self":[{"href":"https:\/\/noonsong.de\/en\/wp-json\/wp\/v2\/tribe_events\/41169","targetHints":{"allow":["GET"]}}],"collection":[{"href":"https:\/\/noonsong.de\/en\/wp-json\/wp\/v2\/tribe_events"}],"about":[{"href":"https:\/\/noonsong.de\/en\/wp-json\/wp\/v2\/types\/tribe_events"}],"author":[{"embeddable":true,"href":"https:\/\/noonsong.de\/en\/wp-json\/wp\/v2\/users\/16"}],"version-history":[{"count":1,"href":"https:\/\/noonsong.de\/en\/wp-json\/wp\/v2\/tribe_events\/41169\/revisions"}],"predecessor-version":[{"id":57164,"href":"https:\/\/noonsong.de\/en\/wp-json\/wp\/v2\/tribe_events\/41169\/revisions\/57164"}],"wp:featuredmedia":[{"embeddable":true,"href":"https:\/\/noonsong.de\/en\/wp-json\/wp\/v2\/media\/19135"}],"wp:attachment":[{"href":"https:\/\/noonsong.de\/en\/wp-json\/wp\/v2\/media?parent=41169"}],"wp:term":[{"taxonomy":"post_tag","embeddable":true,"href":"https:\/\/noonsong.de\/en\/wp-json\/wp\/v2\/tags?post=41169"},{"taxonomy":"tribe_events_cat","embeddable":true,"href":"https:\/\/noonsong.de\/en\/wp-json\/wp\/v2\/tribe_events_cat?post=41169"}],"curies":[{"name":"wp","href":"https:\/\/api.w.org\/{rel}","templated":true}]}}

<div class="wp-block-group is-layout-constrained wp-block-group-is-layout-constrained">

<h2 class="wp-block-heading">Programme</h2>



<p>
<strong>Organ prelude</strong>: Felix Mendelssohn Bartholdy (1809-1847): Sonate Nr. 2, c-Moll (op. 65): Grave &#8211; Adagio<br/><strong>Preces</strong>: Richard Ayleward (1626-1669): Preces &amp; Responses für vierstimmig gemischten Chor a cappella<br/><strong>Psalm of the day</strong>: Psalm 67: Mogens Pedersøn (ca. 1585-1623): Deus misereatur nostri für fünfstimmig gemischten Chor a cappella<br/><strong>Psalm of the week</strong>: Psalm 104b: Orazio Vecchi (1550-1605): Fauxbourdon für vierstimmig gemischten Chor a cappella<br/><strong>Responsorium</strong>: gregorianisch

<br/><strong>Canticle</strong>: Gian Paolo Cima (ca. 1570-ca. 1626): Magnificat sesti toni für vierstimmig gemischten Chor a cappella<br/><strong>Hymn</strong>: Johann Stobaeus (1580-1646): Such, wer da will ein ander Ziel für vierstimmig gemischten Chor a cappella<br/><strong>Organ postlude</strong>: Max Reger (1873-1916): Canzone g-Moll, aus: Monologe (op. 63)</p>



<div style="height:30px" aria-hidden="true" class="wp-block-spacer"></div>



<blockquote class="wp-block-quote is-layout-flow wp-block-quote-is-layout-flow" style="font-family:Playfair-Display">
Liturgy: Erntedank<br>
Pfarrer: Pater Hans-Georg Löffler<br>
Organist: Rudolf Seidel<br>
Location: <a href="/kontakt/#anker-kommen-sie-vorbei">Kirche am Hohenzollernplatz</a>
</blockquote>

</div>

<div style="height:20px" aria-hidden="true" class="wp-block-spacer"></div>



<div class="wp-block-group is-layout-constrained wp-block-group-is-layout-constrained">

<h2 class="wp-block-heading">Programme PDF</h2>




<p>Read more about this NoonSong in the programme document.</p>




<div style="height:1em" aria-hidden="true" class="wp-block-spacer"></div>



<figure class="wp-block-image aligncenter is-resized">
<a target="_blank" rel="noopener noreferrer" href="https://noonsong.de/wp-content/uploads/2023/05/pdfProgrammhefteLiturgie_2009-10-03.pdf">
<img decoding="async" src="https://noonsong.de/wp-content/uploads/2023/05/pdfProgrammhefteLiturgie_2009-10-03-pdf.jpg" alt="" style="max-height:45em; max-width:61.8%" />
<br>
PDF DOWNLOAD
</a>
</figure>



<div style="height:20px" aria-hidden="true" class="wp-block-spacer"></div>

</div>

<div style="height:50px" aria-hidden="true" class="wp-block-spacer"></div>



<p hidden>, , Pratum spirituale. Deus misereatur nostri Deus
Nr. 34, Pedersøn, Mogens; Pederson, Mogens; Pedersen, Mogens; Petreus, Magnus; Petreo, Magn; Pedersson, Mogens; Pedersøn, Mogns; Petreo, Magno; Pedersön, Mogens, , Vecchi, Orazio Tiberio; Vecchius, Horatius; Vecchi, Oratio; Vecchi, Horatius; Vecchi, Horazio; Vecchi, Orazio T.; Vecchi, Horatio, , Cima, Giovanni P.; Cima, Giovan Paolo; Cima, Gio Paolo; Cima, Giampaolo; Cima, Giovanni Paolo; Cima, Gian P. ; Cima Milanese, Gian Paolo, , Stobaeus, Johannes; Stobäus, Johann; Stoboeus, Johann, Sonaten, Orgel, MWV W 57 (c-Moll)
Sonaten op. 65, Nr. 2, Mendelssohn-Bartholdy, Felix; Mendelssohn-Bartholdi, Felix; Mendelssohn Bartholdi; Mendelssohn-Bartholdy, Felix; Mendelssohn B., Felix; Mendelssohn Bartholdy, Jakob Ludwig Felix; Mendelssohn-Bartholdy, Jakob Ludwig Felix; Mendelssohn-Bartholdy, Jacob Ludwig Felix; Mendelssohn Bartholdy, Felix Jakob; Mendelssohn, Jakob Ludwig Felix; Mendelssohn Bartholdy, F.; Mendelssohn Bartholdy; Mendelssohn-Bartholdy; Mendelssohn; F.; Mendelson-Bartoldi, Feliks; Mendelʹson-Bartolʹdi, Feliks; Mendelsson-Bartholdy, Felix; Mendelsohn-Bartholdy, Felix; Bartholdy, Felix Mendelssohn; Mendelssohn, Felix; Mendelssohn, F.; Mendelssohn-Bartholdy, F.; Mendelssohn Batholdy, Felix; Mendel&#x27;son, Feliks; Mendel&#x27;son, F., Monologe, op. 63. Canzone
op. 63 Nr. 3, Reger, Max; Reger, Johann Baptist Joseph Maximilian; Reger, M.; Reger, &#8230;; Reger, Maks; Rēgers, M., </p>
