{"id":41183,"date":"2025-07-07T21:42:22","date_gmt":"2025-07-07T19:42:22","guid":{"rendered":"https:\/\/noonsong.de\/veranstaltung\/noonsong-event-2019-03-16\/"},"modified":"2025-07-07T21:42:22","modified_gmt":"2025-07-07T19:42:22","slug":"noonsong-event-2019-03-16","status":"publish","type":"tribe_events","link":"https:\/\/noonsong.de\/en\/event\/noonsong-event-2019-03-16\/","title":{"rendered":"460. NoonSong am 16.03.2019 um 12:00"},"content":{"rendered":"\n<div class=\"wp-block-group is-layout-constrained wp-block-group-is-layout-constrained\">\n\n<h2 class=\"wp-block-heading\">Programme<\/h2>\n\n\n\n<p>\n<strong>Organ prelude<\/strong>: Johann Sebastian Bach (1685-1750): Erbarm dich mein, o Herre Gott (BWV 721)<br\/><strong>Preces<\/strong>: Richard Shephard (1949-2021): Preces &amp; Responses f\u00fcr vierstimmig gemischten Chor a cappella<br\/><strong>Psalm of the day<\/strong>: Psalm 15: von Bruck Arnold (ca. 1480-1554): Herr, wer wird wohnen in Deiner H\u00fctte f\u00fcr vierstimmig gemischten Chor a cappella<br\/><strong>Psalm of the week<\/strong>: Psalm 25: Johann Philipp Kirnberger (1721-1783): Wende dich zu mir f\u00fcr vierstimmig gemischten Chor a cappella<br\/><strong>Responsorium<\/strong>: gregorianisch\n\n<br\/><strong>Canticle<\/strong>: Carl Heinrich Graun (1704-1759): F\u00fcrwahr, er trug unsere Krankheit f\u00fcr vierstimmig gemischten Chor a cappella<br\/><strong>Hymn<\/strong>: Johann Hermann Schein (1586-1630): Wenn wir in h\u00f6chsten N\u00f6ten sein f\u00fcr vierstimmig gemischten Chor a cappella<br\/><strong>Organ postlude<\/strong>: Felix Mendelssohn Bartholdy (1809-1847): Fuge c-Moll (op. 37,1)<br\/><strong>Bible reading<\/strong>: Evangelium nach Johannes 3,14-21<\/p>\n\n\n\n<div style=\"height:30px\" aria-hidden=\"true\" class=\"wp-block-spacer\"><\/div>\n\n\n\n<blockquote class=\"wp-block-quote is-layout-flow wp-block-quote-is-layout-flow\" style=\"font-family:Playfair-Display\">\nLiturgy: Reminiscere<br>\nPfarrerin: Claudia W\u00fcstenhagen<br>\nOrganist: Daniel Clark<br>\nLocation: <a href=\"\/kontakt\/#anker-kommen-sie-vorbei\">Kirche am Hohenzollernplatz<\/a>\n<\/blockquote>\n\n<\/div>\n\n<div style=\"height:20px\" aria-hidden=\"true\" class=\"wp-block-spacer\"><\/div>\n\n\n\n<div class=\"wp-block-group is-layout-constrained wp-block-group-is-layout-constrained\">\n<h2 class=\"wp-block-heading\">Listen<\/h2>\n\n\n\n\n<p>Here you can listen to this NoonSong. If you&#8217;d like to listen to more NoonSongs recordings, please register.<\/p>\n\n<div class=\"um-locked-content\">\n\t<div class=\"um-locked-content-msg\">This content has been restricted to logged-in users only. Please <a href=\"https:\/\/noonsong.de\/en\/login-audio-archive\/?redirect_to=https%3A%2F%2Fnoonsong.de%2Fen%2Fwp-json%2Fwp%2Fv2%2Ftribe_events%2F41183\">log in<\/a> to view this content.<\/div>\n<\/div>\n<\/div>\n\n<div style=\"height:20px\" aria-hidden=\"true\" class=\"wp-block-spacer\"><\/div>\n\n\n\n<div class=\"wp-block-group is-layout-constrained wp-block-group-is-layout-constrained\">\n\n<h2 class=\"wp-block-heading\">Programme PDF<\/h2>\n\n\n\n\n<p>Read more about this NoonSong in the programme document.<\/p>\n\n\n\n\n<div style=\"height:1em\" aria-hidden=\"true\" class=\"wp-block-spacer\"><\/div>\n\n\n\n<figure class=\"wp-block-image aligncenter is-resized\">\n<a target=\"_blank\" rel=\"noopener noreferrer\" href=\"https:\/\/noonsong.de\/wp-content\/uploads\/2024\/07\/2019-03-16-Liturgie.pdf\">\n<img decoding=\"async\" src=\"https:\/\/noonsong.de\/wp-content\/uploads\/2024\/07\/2019-03-16-Liturgie-pdf.jpg\" alt=\"\" style=\"max-height:45em; max-width:61.8%\" \/>\n<br>\nPDF DOWNLOAD\n<\/a>\n<\/figure>\n\n\n\n<div style=\"height:20px\" aria-hidden=\"true\" class=\"wp-block-spacer\"><\/div>\n\n<\/div>\n\n<div style=\"height:50px\" aria-hidden=\"true\" class=\"wp-block-spacer\"><\/div>\n\n\n\n<p hidden>, , , , , Arnold, von Bruck; Bruck, Arnold von; Brugk, Arnold von; Prugg, Arnold von; Prugkh, Arnold de; Prigkh, Arnold von; Bruckh, Arnold de; Prug, Arnold de; Pruck, Arnold von; Arnoldus, Brugensis; Pruck, Arnold de; Bruck, Arnold de, Die Kunst des reinen Satzes &#8230;, Teil 2. Wende dich zu mir, ; Kirnberger, Johannes Philipp; Kirnberger, Johann P.; Kirnberger, J. Ph.; Kirnberger, Giovanni Filippo; Kernberg, Johann Philipp, , Graun, Karl Heinrich; Graun, Carl Henrich; Graun, Carl H.; Graun, C. H.; Graun, C. E.; Graun, Karl Heinrich; Graun, Karl H.; Graun, K. H.; Graun, C. G.; Gravn, Carolvs Henricvs; Graun, Carlo Enrico; Graun, Carolus Henricus; Graunius, Carolus Henricus; Graun; Gzaun, , Schein, Joh. Herm.; Schein, Johan-Herman; Schein, J. H.; Schein, Johann H.; Schein, Johann-Hermann; Scheinius, Johann Hermannus; Schein, Johan Herman; Schein, Hermann; Schein, Iohan-Hermanus; Schein, Johan-Hermanus; Schein, Johannes Hermann; Schein, Johann Herman; Schein, J.H.; Schein, Joan-Herman, Choralbearbeitungen, BWV 714-740. Erbarm dich mein, o Herre Gott\nErbarm dich mein, o Herre Gott, BWV 721 \nChoralbearbeitungen, Orgel, BWV 721 (fis-Moll)\nBWV 721, Bach; Bach, G. S.; Bach, Iogann Sebast\u02b9jan; Bach, Joh. Sebastian; Bach, Giov. Sebast.; Bach, Jean Sebastien; Bach, Jean Sebastian; Bach, J. Seb.; Bach, Sebastiano; Bach, John Sebastian; Bach, Iogann S.; Bach, Iogann Sebast&#x27;jan; Bach, Iogann Sebastian; Bach, Giovanni Sebastian; Bach, Johan Sebastian; Bach, Joannes Sebastianus; Bach, Giov. Seb.; Bach, Giovanni S.; B\u0101\u1e35, J\u014dh\u0101n Seba\u1e63t\u012b&#x27;\u0101n; Bach, I. S.; Bach, J.-S.; Bach, Giovanni Sebastiano; Bach, Jean-Sebastien; Bach, Sebastian; Bach, Jan Sebastian; Bach, J. S.; Bach, Johann-Sebastian; Bach, Jean S.; Bach, Johannes S.; Bach, Johannes Sebastian; Bach, Joh. Seb.; Bach, Joh.-Seb.; Bach, Joh. Sebas.; Bach, Johann Seb.; Bach, Joh. Sebast.; Bach, Johann S.; Bach, Iogann Sebastjan; Bach, Jean S\u00e9bastien; Bach, Jean-S\u00e9bastien; Bach, Johann; Bakh, Iogann Sebastian, Pr\u00e4ludien und Fugen, Org, op. 37. Pr\u00e4ludium und Fuge Nr. 1\n, Mendelssohn-Bartholdy, Felix; Mendelssohn-Bartholdi, Felix; Mendelssohn Bartholdi; Mendelssohn-Bartholdy, Felix; Mendelssohn B., Felix; Mendelssohn Bartholdy, Jakob Ludwig Felix; Mendelssohn-Bartholdy, Jakob Ludwig Felix; Mendelssohn-Bartholdy, Jacob Ludwig Felix; Mendelssohn Bartholdy, Felix Jakob; Mendelssohn, Jakob Ludwig Felix; Mendelssohn Bartholdy, F.; Mendelssohn Bartholdy; Mendelssohn-Bartholdy; Mendelssohn; F.; Mendelson-Bartoldi, Feliks; Mendel\u02b9son-Bartol\u02b9di, Feliks; Mendelsson-Bartholdy, Felix; Mendelsohn-Bartholdy, Felix; Bartholdy, Felix Mendelssohn; Mendelssohn, Felix; Mendelssohn, F.; Mendelssohn-Bartholdy, F.; Mendelssohn Batholdy, Felix; Mendel&#x27;son, Feliks; Mendel&#x27;son, F., <\/p>\n\n","protected":false},"excerpt":{"rendered":"<p style='position:absolute'>&nbsp;<\/p>\n","protected":false},"author":16,"featured_media":19103,"template":"","meta":{"_et_pb_use_builder":"","_et_pb_old_content":"","_et_gb_content_width":"","_tribe_events_status":"","_tribe_events_status_reason":"","footnotes":""},"tags":[134,115,132,199,105,236,425],"tribe_events_cat":[722,743,723,711,712,716,717,727,719,729,708,735,724,725,720],"class_list":["post-41183","tribe_events","type-tribe_events","status-publish","has-post-thumbnail","hentry","tag-carl-heinrich-graun","tag-felix-mendelssohn-bartholdy","tag-johann-hermann-schein","tag-johann-philipp-kirnberger","tag-johann-sebastian-bach","tag-richard-shephard","tag-von-bruck-arnold","tribe_events_cat-20-jahrhundert","tribe_events_cat-audio","tribe_events_cat-barock","tribe_events_cat-berlin","tribe_events_cat-chor","tribe_events_cat-gottesdienst","tribe_events_cat-kirche","tribe_events_cat-klassik","tribe_events_cat-konzert","tribe_events_cat-liturgie","tribe_events_cat-noonsong","tribe_events_cat-pdf","tribe_events_cat-renaissance","tribe_events_cat-romantik","tribe_events_cat-vokal","cat_20-jahrhundert","cat_audio","cat_barock","cat_berlin","cat_chor","cat_gottesdienst","cat_kirche","cat_klassik","cat_konzert","cat_liturgie","cat_noonsong","cat_pdf","cat_renaissance","cat_romantik","cat_vokal"],"acf":[],"_links":{"self":[{"href":"https:\/\/noonsong.de\/en\/wp-json\/wp\/v2\/tribe_events\/41183","targetHints":{"allow":["GET"]}}],"collection":[{"href":"https:\/\/noonsong.de\/en\/wp-json\/wp\/v2\/tribe_events"}],"about":[{"href":"https:\/\/noonsong.de\/en\/wp-json\/wp\/v2\/types\/tribe_events"}],"author":[{"embeddable":true,"href":"https:\/\/noonsong.de\/en\/wp-json\/wp\/v2\/users\/16"}],"version-history":[{"count":1,"href":"https:\/\/noonsong.de\/en\/wp-json\/wp\/v2\/tribe_events\/41183\/revisions"}],"predecessor-version":[{"id":57374,"href":"https:\/\/noonsong.de\/en\/wp-json\/wp\/v2\/tribe_events\/41183\/revisions\/57374"}],"wp:featuredmedia":[{"embeddable":true,"href":"https:\/\/noonsong.de\/en\/wp-json\/wp\/v2\/media\/19103"}],"wp:attachment":[{"href":"https:\/\/noonsong.de\/en\/wp-json\/wp\/v2\/media?parent=41183"}],"wp:term":[{"taxonomy":"post_tag","embeddable":true,"href":"https:\/\/noonsong.de\/en\/wp-json\/wp\/v2\/tags?post=41183"},{"taxonomy":"tribe_events_cat","embeddable":true,"href":"https:\/\/noonsong.de\/en\/wp-json\/wp\/v2\/tribe_events_cat?post=41183"}],"curies":[{"name":"wp","href":"https:\/\/api.w.org\/{rel}","templated":true}]}}

<div class="wp-block-group is-layout-constrained wp-block-group-is-layout-constrained">

<h2 class="wp-block-heading">Programme</h2>



<p>
<strong>Organ prelude</strong>: Johann Sebastian Bach (1685-1750): Erbarm dich mein, o Herre Gott (BWV 721)<br/><strong>Preces</strong>: Richard Shephard (1949-2021): Preces &amp; Responses für vierstimmig gemischten Chor a cappella<br/><strong>Psalm of the day</strong>: Psalm 15: von Bruck Arnold (ca. 1480-1554): Herr, wer wird wohnen in Deiner Hütte für vierstimmig gemischten Chor a cappella<br/><strong>Psalm of the week</strong>: Psalm 25: Johann Philipp Kirnberger (1721-1783): Wende dich zu mir für vierstimmig gemischten Chor a cappella<br/><strong>Responsorium</strong>: gregorianisch

<br/><strong>Canticle</strong>: Carl Heinrich Graun (1704-1759): Fürwahr, er trug unsere Krankheit für vierstimmig gemischten Chor a cappella<br/><strong>Hymn</strong>: Johann Hermann Schein (1586-1630): Wenn wir in höchsten Nöten sein für vierstimmig gemischten Chor a cappella<br/><strong>Organ postlude</strong>: Felix Mendelssohn Bartholdy (1809-1847): Fuge c-Moll (op. 37,1)<br/><strong>Bible reading</strong>: Evangelium nach Johannes 3,14-21</p>



<div style="height:30px" aria-hidden="true" class="wp-block-spacer"></div>



<blockquote class="wp-block-quote is-layout-flow wp-block-quote-is-layout-flow" style="font-family:Playfair-Display">
Liturgy: Reminiscere<br>
Pfarrerin: Claudia Wüstenhagen<br>
Organist: Daniel Clark<br>
Location: <a href="/kontakt/#anker-kommen-sie-vorbei">Kirche am Hohenzollernplatz</a>
</blockquote>

</div>

<div style="height:20px" aria-hidden="true" class="wp-block-spacer"></div>



<div class="wp-block-group is-layout-constrained wp-block-group-is-layout-constrained">
<h2 class="wp-block-heading">Listen</h2>




<p>Here you can listen to this NoonSong. If you&#8217;d like to listen to more NoonSongs recordings, please register.</p>

<div class="um-locked-content">
	<div class="um-locked-content-msg">This content has been restricted to logged-in users only. Please <a href="https://noonsong.de/en/login-audio-archive/?redirect_to=https%3A%2F%2Fnoonsong.de%2Fen%2Fwp-json%2Fwp%2Fv2%2Ftribe_events%2F41183">log in</a> to view this content.</div>
</div>
</div>

<div style="height:20px" aria-hidden="true" class="wp-block-spacer"></div>



<div class="wp-block-group is-layout-constrained wp-block-group-is-layout-constrained">

<h2 class="wp-block-heading">Programme PDF</h2>




<p>Read more about this NoonSong in the programme document.</p>




<div style="height:1em" aria-hidden="true" class="wp-block-spacer"></div>



<figure class="wp-block-image aligncenter is-resized">
<a target="_blank" rel="noopener noreferrer" href="https://noonsong.de/wp-content/uploads/2024/07/2019-03-16-Liturgie.pdf">
<img decoding="async" src="https://noonsong.de/wp-content/uploads/2024/07/2019-03-16-Liturgie-pdf.jpg" alt="" style="max-height:45em; max-width:61.8%" />
<br>
PDF DOWNLOAD
</a>
</figure>



<div style="height:20px" aria-hidden="true" class="wp-block-spacer"></div>

</div>

<div style="height:50px" aria-hidden="true" class="wp-block-spacer"></div>



<p hidden>, , , , , Arnold, von Bruck; Bruck, Arnold von; Brugk, Arnold von; Prugg, Arnold von; Prugkh, Arnold de; Prigkh, Arnold von; Bruckh, Arnold de; Prug, Arnold de; Pruck, Arnold von; Arnoldus, Brugensis; Pruck, Arnold de; Bruck, Arnold de, Die Kunst des reinen Satzes &#8230;, Teil 2. Wende dich zu mir, ; Kirnberger, Johannes Philipp; Kirnberger, Johann P.; Kirnberger, J. Ph.; Kirnberger, Giovanni Filippo; Kernberg, Johann Philipp, , Graun, Karl Heinrich; Graun, Carl Henrich; Graun, Carl H.; Graun, C. H.; Graun, C. E.; Graun, Karl Heinrich; Graun, Karl H.; Graun, K. H.; Graun, C. G.; Gravn, Carolvs Henricvs; Graun, Carlo Enrico; Graun, Carolus Henricus; Graunius, Carolus Henricus; Graun; Gzaun, , Schein, Joh. Herm.; Schein, Johan-Herman; Schein, J. H.; Schein, Johann H.; Schein, Johann-Hermann; Scheinius, Johann Hermannus; Schein, Johan Herman; Schein, Hermann; Schein, Iohan-Hermanus; Schein, Johan-Hermanus; Schein, Johannes Hermann; Schein, Johann Herman; Schein, J.H.; Schein, Joan-Herman, Choralbearbeitungen, BWV 714-740. Erbarm dich mein, o Herre Gott
Erbarm dich mein, o Herre Gott, BWV 721 
Choralbearbeitungen, Orgel, BWV 721 (fis-Moll)
BWV 721, Bach; Bach, G. S.; Bach, Iogann Sebastʹjan; Bach, Joh. Sebastian; Bach, Giov. Sebast.; Bach, Jean Sebastien; Bach, Jean Sebastian; Bach, J. Seb.; Bach, Sebastiano; Bach, John Sebastian; Bach, Iogann S.; Bach, Iogann Sebast&#x27;jan; Bach, Iogann Sebastian; Bach, Giovanni Sebastian; Bach, Johan Sebastian; Bach, Joannes Sebastianus; Bach, Giov. Seb.; Bach, Giovanni S.; Bāḵ, Jōhān Sebaṣtī&#x27;ān; Bach, I. S.; Bach, J.-S.; Bach, Giovanni Sebastiano; Bach, Jean-Sebastien; Bach, Sebastian; Bach, Jan Sebastian; Bach, J. S.; Bach, Johann-Sebastian; Bach, Jean S.; Bach, Johannes S.; Bach, Johannes Sebastian; Bach, Joh. Seb.; Bach, Joh.-Seb.; Bach, Joh. Sebas.; Bach, Johann Seb.; Bach, Joh. Sebast.; Bach, Johann S.; Bach, Iogann Sebastjan; Bach, Jean Sébastien; Bach, Jean-Sébastien; Bach, Johann; Bakh, Iogann Sebastian, Präludien und Fugen, Org, op. 37. Präludium und Fuge Nr. 1
, Mendelssohn-Bartholdy, Felix; Mendelssohn-Bartholdi, Felix; Mendelssohn Bartholdi; Mendelssohn-Bartholdy, Felix; Mendelssohn B., Felix; Mendelssohn Bartholdy, Jakob Ludwig Felix; Mendelssohn-Bartholdy, Jakob Ludwig Felix; Mendelssohn-Bartholdy, Jacob Ludwig Felix; Mendelssohn Bartholdy, Felix Jakob; Mendelssohn, Jakob Ludwig Felix; Mendelssohn Bartholdy, F.; Mendelssohn Bartholdy; Mendelssohn-Bartholdy; Mendelssohn; F.; Mendelson-Bartoldi, Feliks; Mendelʹson-Bartolʹdi, Feliks; Mendelsson-Bartholdy, Felix; Mendelsohn-Bartholdy, Felix; Bartholdy, Felix Mendelssohn; Mendelssohn, Felix; Mendelssohn, F.; Mendelssohn-Bartholdy, F.; Mendelssohn Batholdy, Felix; Mendel&#x27;son, Feliks; Mendel&#x27;son, F., </p>
