{"id":41186,"date":"2025-07-07T21:42:17","date_gmt":"2025-07-07T19:42:17","guid":{"rendered":"https:\/\/noonsong.de\/veranstaltung\/noonsong-event-2012-05-26\/"},"modified":"2025-07-07T21:42:17","modified_gmt":"2025-07-07T19:42:17","slug":"noonsong-event-2012-05-26","status":"publish","type":"tribe_events","link":"https:\/\/noonsong.de\/en\/event\/noonsong-event-2012-05-26\/","title":{"rendered":"157. NoonSong am 26.05.2012 um 12:00"},"content":{"rendered":"\n<div class=\"wp-block-group is-layout-constrained wp-block-group-is-layout-constrained\">\n\n<h2 class=\"wp-block-heading\">Programme<\/h2>\n\n\n\n<p>\n<strong>Organ prelude<\/strong>: Jean Langlais (1907-1991): Chant de paix<br\/><strong>Preces<\/strong>: Simon Berg (*1973): Preces und Responses f\u00fcr vierstimmig gemischten Chor a cappella<br\/><strong>Psalm of the day<\/strong>: Psalm 136b: anonym (gregorianisch): Psalm 136: deutsche Gregorianik f\u00fcr einstimmigen Chor a cappella<br\/><strong>Psalm of the week<\/strong>: Psalm 104,3: Franz Josef Sch\u00fctky (1817-1893): Emitte Spiritum tuum f\u00fcr vierstimmig gemischten Chor a cappella<br\/><strong>Responsorium<\/strong>: gregorianisch\n\n<br\/><strong>Canticle<\/strong>: Hans Leo Ha\u00dfler (1564-1612): Veni sancte spiritus f\u00fcr vierstimmig gemischten Chor a cappella<br\/><strong>Hymn<\/strong>: Johann Cr\u00fcger (1598-1662): Komm, heiliger Geist, Herre Gott f\u00fcr vierstimmig gemischten Chor a cappella<br\/><strong>Organ postlude<\/strong>: Jean Langlais (1907-1991): Th\u00e8me et Variations, aus: Hommage \u00e0 Frescobaldi (op. 70)<br\/><strong>Bible reading<\/strong>: Evangelium nach Johannes 16,5-15<\/p>\n\n\n\n<div style=\"height:30px\" aria-hidden=\"true\" class=\"wp-block-spacer\"><\/div>\n\n\n\n<blockquote class=\"wp-block-quote is-layout-flow wp-block-quote-is-layout-flow\" style=\"font-family:Playfair-Display\">\nLiturgy: Pfingsten<br>\n\nOrganist: Rudolf Seidel<br>\nLocation: <a href=\"\/kontakt\/#anker-kommen-sie-vorbei\">Kirche am Hohenzollernplatz<\/a>\n<\/blockquote>\n\n<\/div>\n\n<div style=\"height:20px\" aria-hidden=\"true\" class=\"wp-block-spacer\"><\/div>\n\n\n\n<div class=\"wp-block-group is-layout-constrained wp-block-group-is-layout-constrained\">\n\n<h2 class=\"wp-block-heading\">Programme PDF<\/h2>\n\n\n\n\n<p>Read more about this NoonSong in the programme document.<\/p>\n\n\n\n\n<div style=\"height:1em\" aria-hidden=\"true\" class=\"wp-block-spacer\"><\/div>\n\n\n\n<figure class=\"wp-block-image aligncenter is-resized\">\n<a target=\"_blank\" rel=\"noopener noreferrer\" href=\"https:\/\/noonsong.de\/wp-content\/uploads\/2024\/07\/2012-05-26-Liturgie.pdf\">\n<img decoding=\"async\" src=\"https:\/\/noonsong.de\/wp-content\/uploads\/2024\/07\/2012-05-26-Liturgie-pdf.jpg\" alt=\"\" style=\"max-height:45em; max-width:61.8%\" \/>\n<br>\nPDF DOWNLOAD\n<\/a>\n<\/figure>\n\n\n\n<div style=\"height:20px\" aria-hidden=\"true\" class=\"wp-block-spacer\"><\/div>\n\n<\/div>\n\n<div style=\"height:50px\" aria-hidden=\"true\" class=\"wp-block-spacer\"><\/div>\n\n\n\n<p hidden>, , , , , Anonymus, Emitte spiritum\nop. 8, Schuetky, Franz Joseph; Sch\u00fctky, Franc. Jos.; Sch\u00fcttky, Franz Josef; Sch\u00fcttky, Franz Joseph; Sch\u00fctky, Joseph; Sch\u00fcttky, Joseph; Sch\u00fctky, Fr. Jos.; Sch\u00fctky, Franz J.; Sch\u00fctky, Franc Jos.; Sch\u00fctky, Franz Joseph, Sacri concentus, Hassler, Hans Leo; Hassler, J. L.; Hasler, Jean Leo; Hasler, Hans Leo von; Hasler, Giovan Leo; Hasler, Ioannes Leo; Hasler, L.; Hasler, Hanns Leo; Hassler, Hans L.; Hasler, Hans L.; Hasler, Joanne Leone; Hasler, &#8230;; Hassler, Johann Leo; Hasler, Johann Leo; Hasler, Hans Leo; Hasler, Johannes Leo; Hasler, J. L.; Haslerus, Hans Leo; Hassler, H. L.; Hassler, L\u00e9o; Hassler, Hans Leo; Haslero, Joanne Leone, , Cr\u00fcger, Johann; Cr\u00fcger, Johannes; Cr\u00fcger, J.; Cr\u00fcgerus, Johannes; Kr\u00fcger, Johann; Kr\u00fcger, Johannes, St\u00fccke, Org (1943). Chant de paix, Langlais, &#8230;; Langlais, Jean-Fran\u00e7ois, Hommage \u00e0 Frescobaldi\nHuit pi\u00e8ces pour orgue\nPi\u00e8ces, Orgel, op. 70\nop. 70, Langlais, &#8230;; Langlais, Jean-Fran\u00e7ois, <\/p>\n\n","protected":false},"excerpt":{"rendered":"<p style='position:absolute'>&nbsp;<\/p>\n","protected":false},"author":16,"featured_media":18578,"template":"","meta":{"_et_pb_use_builder":"","_et_pb_old_content":"","_et_gb_content_width":"","_tribe_events_status":"","_tribe_events_status_reason":"","footnotes":""},"tags":[450,169,224,140,151],"tribe_events_cat":[722,723,711,712,716,742,717,719,729,708,735,724,725,720],"class_list":["post-41186","tribe_events","type-tribe_events","status-publish","has-post-thumbnail","hentry","tag-franz-josef-schuetky","tag-hans-leo-hassler","tag-jean-langlais","tag-johann-crueger","tag-simon-berg","tribe_events_cat-20-jahrhundert","tribe_events_cat-barock","tribe_events_cat-berlin","tribe_events_cat-chor","tribe_events_cat-gottesdienst","tribe_events_cat-gregorianik","tribe_events_cat-kirche","tribe_events_cat-konzert","tribe_events_cat-liturgie","tribe_events_cat-noonsong","tribe_events_cat-pdf","tribe_events_cat-renaissance","tribe_events_cat-romantik","tribe_events_cat-vokal","cat_20-jahrhundert","cat_barock","cat_berlin","cat_chor","cat_gottesdienst","cat_gregorianik","cat_kirche","cat_konzert","cat_liturgie","cat_noonsong","cat_pdf","cat_renaissance","cat_romantik","cat_vokal"],"acf":[],"_links":{"self":[{"href":"https:\/\/noonsong.de\/en\/wp-json\/wp\/v2\/tribe_events\/41186","targetHints":{"allow":["GET"]}}],"collection":[{"href":"https:\/\/noonsong.de\/en\/wp-json\/wp\/v2\/tribe_events"}],"about":[{"href":"https:\/\/noonsong.de\/en\/wp-json\/wp\/v2\/types\/tribe_events"}],"author":[{"embeddable":true,"href":"https:\/\/noonsong.de\/en\/wp-json\/wp\/v2\/users\/16"}],"version-history":[{"count":1,"href":"https:\/\/noonsong.de\/en\/wp-json\/wp\/v2\/tribe_events\/41186\/revisions"}],"predecessor-version":[{"id":57367,"href":"https:\/\/noonsong.de\/en\/wp-json\/wp\/v2\/tribe_events\/41186\/revisions\/57367"}],"wp:featuredmedia":[{"embeddable":true,"href":"https:\/\/noonsong.de\/en\/wp-json\/wp\/v2\/media\/18578"}],"wp:attachment":[{"href":"https:\/\/noonsong.de\/en\/wp-json\/wp\/v2\/media?parent=41186"}],"wp:term":[{"taxonomy":"post_tag","embeddable":true,"href":"https:\/\/noonsong.de\/en\/wp-json\/wp\/v2\/tags?post=41186"},{"taxonomy":"tribe_events_cat","embeddable":true,"href":"https:\/\/noonsong.de\/en\/wp-json\/wp\/v2\/tribe_events_cat?post=41186"}],"curies":[{"name":"wp","href":"https:\/\/api.w.org\/{rel}","templated":true}]}}

<div class="wp-block-group is-layout-constrained wp-block-group-is-layout-constrained">

<h2 class="wp-block-heading">Programme</h2>



<p>
<strong>Organ prelude</strong>: Jean Langlais (1907-1991): Chant de paix<br/><strong>Preces</strong>: Simon Berg (*1973): Preces und Responses für vierstimmig gemischten Chor a cappella<br/><strong>Psalm of the day</strong>: Psalm 136b: anonym (gregorianisch): Psalm 136: deutsche Gregorianik für einstimmigen Chor a cappella<br/><strong>Psalm of the week</strong>: Psalm 104,3: Franz Josef Schütky (1817-1893): Emitte Spiritum tuum für vierstimmig gemischten Chor a cappella<br/><strong>Responsorium</strong>: gregorianisch

<br/><strong>Canticle</strong>: Hans Leo Haßler (1564-1612): Veni sancte spiritus für vierstimmig gemischten Chor a cappella<br/><strong>Hymn</strong>: Johann Crüger (1598-1662): Komm, heiliger Geist, Herre Gott für vierstimmig gemischten Chor a cappella<br/><strong>Organ postlude</strong>: Jean Langlais (1907-1991): Thème et Variations, aus: Hommage à Frescobaldi (op. 70)<br/><strong>Bible reading</strong>: Evangelium nach Johannes 16,5-15</p>



<div style="height:30px" aria-hidden="true" class="wp-block-spacer"></div>



<blockquote class="wp-block-quote is-layout-flow wp-block-quote-is-layout-flow" style="font-family:Playfair-Display">
Liturgy: Pfingsten<br>

Organist: Rudolf Seidel<br>
Location: <a href="/kontakt/#anker-kommen-sie-vorbei">Kirche am Hohenzollernplatz</a>
</blockquote>

</div>

<div style="height:20px" aria-hidden="true" class="wp-block-spacer"></div>



<div class="wp-block-group is-layout-constrained wp-block-group-is-layout-constrained">

<h2 class="wp-block-heading">Programme PDF</h2>




<p>Read more about this NoonSong in the programme document.</p>




<div style="height:1em" aria-hidden="true" class="wp-block-spacer"></div>



<figure class="wp-block-image aligncenter is-resized">
<a target="_blank" rel="noopener noreferrer" href="https://noonsong.de/wp-content/uploads/2024/07/2012-05-26-Liturgie.pdf">
<img decoding="async" src="https://noonsong.de/wp-content/uploads/2024/07/2012-05-26-Liturgie-pdf.jpg" alt="" style="max-height:45em; max-width:61.8%" />
<br>
PDF DOWNLOAD
</a>
</figure>



<div style="height:20px" aria-hidden="true" class="wp-block-spacer"></div>

</div>

<div style="height:50px" aria-hidden="true" class="wp-block-spacer"></div>



<p hidden>, , , , , Anonymus, Emitte spiritum
op. 8, Schuetky, Franz Joseph; Schütky, Franc. Jos.; Schüttky, Franz Josef; Schüttky, Franz Joseph; Schütky, Joseph; Schüttky, Joseph; Schütky, Fr. Jos.; Schütky, Franz J.; Schütky, Franc Jos.; Schütky, Franz Joseph, Sacri concentus, Hassler, Hans Leo; Hassler, J. L.; Hasler, Jean Leo; Hasler, Hans Leo von; Hasler, Giovan Leo; Hasler, Ioannes Leo; Hasler, L.; Hasler, Hanns Leo; Hassler, Hans L.; Hasler, Hans L.; Hasler, Joanne Leone; Hasler, &#8230;; Hassler, Johann Leo; Hasler, Johann Leo; Hasler, Hans Leo; Hasler, Johannes Leo; Hasler, J. L.; Haslerus, Hans Leo; Hassler, H. L.; Hassler, Léo; Hassler, Hans Leo; Haslero, Joanne Leone, , Crüger, Johann; Crüger, Johannes; Crüger, J.; Crügerus, Johannes; Krüger, Johann; Krüger, Johannes, Stücke, Org (1943). Chant de paix, Langlais, &#8230;; Langlais, Jean-François, Hommage à Frescobaldi
Huit pièces pour orgue
Pièces, Orgel, op. 70
op. 70, Langlais, &#8230;; Langlais, Jean-François, </p>
