{"id":41197,"date":"2025-07-13T04:00:49","date_gmt":"2025-07-13T02:00:49","guid":{"rendered":"https:\/\/noonsong.de\/veranstaltung\/noonsong-event-2013-09-14\/"},"modified":"2025-07-13T04:00:49","modified_gmt":"2025-07-13T02:00:49","slug":"noonsong-event-2013-09-14","status":"publish","type":"tribe_events","link":"https:\/\/noonsong.de\/en\/event\/noonsong-event-2013-09-14\/","title":{"rendered":"213. NoonSong am 14.09.2013 um 12:00"},"content":{"rendered":"\n<div class=\"wp-block-group is-layout-constrained wp-block-group-is-layout-constrained\">\n\n<h2 class=\"wp-block-heading\">Programme<\/h2>\n\n\n\n<p>\n<strong>Organ prelude<\/strong>: Fran\u00e7ois Couperin (1688-1733): Couplet, Domine Deus, Rex coelestis<br\/><strong>Preces<\/strong>: John Reading (ca. 1645-1692): Preces &amp; Responses f\u00fcr vierstimmig gemischten Chor a cappella<br\/><strong>Psalm of the day<\/strong>: Psalm 56: Thomas Attwood Walmisley (1814-1856): Anglican chant f\u00fcr vierstimmig gemischten Chor a cappella<br\/><strong>Psalm of the week<\/strong>: Psalm 30: Alessandro Scarlatti (1660-1725): Exaltabo te f\u00fcr vierstimmig gemischten Chor a cappella<br\/><strong>Responsorium<\/strong>: gregorianisch\n\n<br\/><strong>Canticle<\/strong>: Johann Joseph Fux (1660-1741): Magnificat f\u00fcr vierstimmig gemischten Chor a cappella<br\/><strong>Hymn<\/strong>: Michael Praetorius (1571-1621): Was mein Gott will f\u00fcr vierstimmig gemischten Chor a cappella<br\/><strong>Organ postlude<\/strong>: Johann Sebastian Bach (1685-1750): Pr\u00e4ludium und Fuge G-Dur (BWV 541): Pr\u00e4ludium<br\/><strong>Bible reading<\/strong>: Buch Jesaja 38,9-20<\/p>\n\n\n\n<div style=\"height:30px\" aria-hidden=\"true\" class=\"wp-block-spacer\"><\/div>\n\n\n\n<blockquote class=\"wp-block-quote is-layout-flow wp-block-quote-is-layout-flow\" style=\"font-family:Playfair-Display\">\nLiturgy: 16. Sonntag nach Trinitatis<br>\n\nOrganist: Rudolf Seidel<br>\nLocation: <a href=\"\/kontakt\/#anker-kommen-sie-vorbei\">Kirche am Hohenzollernplatz<\/a>\n<\/blockquote>\n\n<\/div>\n\n<div style=\"height:20px\" aria-hidden=\"true\" class=\"wp-block-spacer\"><\/div>\n\n\n\n<div class=\"wp-block-group is-layout-constrained wp-block-group-is-layout-constrained\">\n\n<h2 class=\"wp-block-heading\">Programme PDF<\/h2>\n\n\n\n\n<p>Read more about this NoonSong in the programme document.<\/p>\n\n\n\n\n<div style=\"height:1em\" aria-hidden=\"true\" class=\"wp-block-spacer\"><\/div>\n\n\n\n<figure class=\"wp-block-image aligncenter is-resized\">\n<a target=\"_blank\" rel=\"noopener noreferrer\" href=\"https:\/\/noonsong.de\/wp-content\/uploads\/2024\/07\/2013-09-14-Liturgie.pdf\">\n<img decoding=\"async\" src=\"https:\/\/noonsong.de\/wp-content\/uploads\/2024\/07\/2013-09-14-Liturgie-pdf.jpg\" alt=\"\" style=\"max-height:45em; max-width:61.8%\" \/>\n<br>\nPDF DOWNLOAD\n<\/a>\n<\/figure>\n\n\n\n<div style=\"height:20px\" aria-hidden=\"true\" class=\"wp-block-spacer\"><\/div>\n\n<\/div>\n\n<div style=\"height:50px\" aria-hidden=\"true\" class=\"wp-block-spacer\"><\/div>\n\n\n\n<p hidden>, , , , , Walmisley, Thomas A., , Scarlatti, Pietro Alessandro Gaspare; Scarlatti, Allessandro; Scarlatti, Alesandro; Scarlatti, Pietro A.; Scarlatti, A.; Scarlatti, Pietro Alessandro, , Fux, Johann Josef; Fux, Johann J.; Fux, Johann; Fux, Johannes Joseph; Fux, Johannes Josephus; Fux, Joannes Josephus; Fux, Joh. Jos.; Fux, J. J.; Fux, Joanne Josepho; Fux, Giovanni Giuseppe; Fux, Giovanni Gioseffo; Fux, Giovanni G.; Fux, Giov. Gioseffo; Fuchs, Johannes Joseph; Fuchs, Johann Joseph; Fuchs, Johann J.; Feux, John Joseph, , Praetorius, M.; Praetorius; Praetorij, Micha\u00eblis; Pr\u00e4torius, Michael; Pr\u00e4torius, Mich.; Schulthei\u00df, Michael; Schultheiss, Michael, , Couperin, Fr.; Couperin, Fran\u00e7ois, &quot;Le Grand&quot;; Couperin Le Grand, Fran\u00e7ois; Le Grand, Fran\u00e7ois Couperin; Kuperen, Fransua; Kuperenas, F.; K\u016bpuran, F., Pr\u00e4ludium und Fuge, Orgel, BWV 541 (G-Dur). Praeludium\nPr\u00e4ludien und Fugen, Org, BWV 541. Pr\u00e4ludium\nPr\u00e4ludien und Fugen, Org, BWV 541\nBWV 541&#x2f;1, Bach; Bach, G. S.; Bach, Iogann Sebast\u02b9jan; Bach, Joh. Sebastian; Bach, Giov. Sebast.; Bach, Jean Sebastien; Bach, Jean Sebastian; Bach, J. Seb.; Bach, Sebastiano; Bach, John Sebastian; Bach, Iogann S.; Bach, Iogann Sebast&#x27;jan; Bach, Iogann Sebastian; Bach, Giovanni Sebastian; Bach, Johan Sebastian; Bach, Joannes Sebastianus; Bach, Giov. Seb.; Bach, Giovanni S.; B\u0101\u1e35, J\u014dh\u0101n Seba\u1e63t\u012b&#x27;\u0101n; Bach, I. S.; Bach, J.-S.; Bach, Giovanni Sebastiano; Bach, Jean-Sebastien; Bach, Sebastian; Bach, Jan Sebastian; Bach, J. S.; Bach, Johann-Sebastian; Bach, Jean S.; Bach, Johannes S.; Bach, Johannes Sebastian; Bach, Joh. Seb.; Bach, Joh.-Seb.; Bach, Joh. Sebas.; Bach, Johann Seb.; Bach, Joh. Sebast.; Bach, Johann S.; Bach, Iogann Sebastjan; Bach, Jean S\u00e9bastien; Bach, Jean-S\u00e9bastien; Bach, Johann; Bakh, Iogann Sebastian, <\/p>\n\n","protected":false},"excerpt":{"rendered":"<p style='position:absolute'>&nbsp;<\/p>\n","protected":false},"author":16,"featured_media":5095,"template":"","meta":{"_et_pb_use_builder":"","_et_pb_old_content":"","_et_gb_content_width":"","_tribe_events_status":"","_tribe_events_status_reason":"","footnotes":""},"tags":[298,338,138,105,234,145,334],"tribe_events_cat":[723,711,712,716,717,719,729,708,735,724,725,720],"class_list":["post-41197","tribe_events","type-tribe_events","status-publish","has-post-thumbnail","hentry","tag-alessandro-scarlatti","tag-francois-couperin","tag-johann-joseph-fux","tag-johann-sebastian-bach","tag-john-reading","tag-michael-praetorius","tag-thomas-attwood-walmisley","tribe_events_cat-barock","tribe_events_cat-berlin","tribe_events_cat-chor","tribe_events_cat-gottesdienst","tribe_events_cat-kirche","tribe_events_cat-konzert","tribe_events_cat-liturgie","tribe_events_cat-noonsong","tribe_events_cat-pdf","tribe_events_cat-renaissance","tribe_events_cat-romantik","tribe_events_cat-vokal","cat_barock","cat_berlin","cat_chor","cat_gottesdienst","cat_kirche","cat_konzert","cat_liturgie","cat_noonsong","cat_pdf","cat_renaissance","cat_romantik","cat_vokal"],"acf":[],"_links":{"self":[{"href":"https:\/\/noonsong.de\/en\/wp-json\/wp\/v2\/tribe_events\/41197","targetHints":{"allow":["GET"]}}],"collection":[{"href":"https:\/\/noonsong.de\/en\/wp-json\/wp\/v2\/tribe_events"}],"about":[{"href":"https:\/\/noonsong.de\/en\/wp-json\/wp\/v2\/types\/tribe_events"}],"author":[{"embeddable":true,"href":"https:\/\/noonsong.de\/en\/wp-json\/wp\/v2\/users\/16"}],"version-history":[{"count":2,"href":"https:\/\/noonsong.de\/en\/wp-json\/wp\/v2\/tribe_events\/41197\/revisions"}],"predecessor-version":[{"id":57592,"href":"https:\/\/noonsong.de\/en\/wp-json\/wp\/v2\/tribe_events\/41197\/revisions\/57592"}],"wp:featuredmedia":[{"embeddable":true,"href":"https:\/\/noonsong.de\/en\/wp-json\/wp\/v2\/media\/5095"}],"wp:attachment":[{"href":"https:\/\/noonsong.de\/en\/wp-json\/wp\/v2\/media?parent=41197"}],"wp:term":[{"taxonomy":"post_tag","embeddable":true,"href":"https:\/\/noonsong.de\/en\/wp-json\/wp\/v2\/tags?post=41197"},{"taxonomy":"tribe_events_cat","embeddable":true,"href":"https:\/\/noonsong.de\/en\/wp-json\/wp\/v2\/tribe_events_cat?post=41197"}],"curies":[{"name":"wp","href":"https:\/\/api.w.org\/{rel}","templated":true}]}}

<div class="wp-block-group is-layout-constrained wp-block-group-is-layout-constrained">

<h2 class="wp-block-heading">Programme</h2>



<p>
<strong>Organ prelude</strong>: François Couperin (1688-1733): Couplet, Domine Deus, Rex coelestis<br/><strong>Preces</strong>: John Reading (ca. 1645-1692): Preces &amp; Responses für vierstimmig gemischten Chor a cappella<br/><strong>Psalm of the day</strong>: Psalm 56: Thomas Attwood Walmisley (1814-1856): Anglican chant für vierstimmig gemischten Chor a cappella<br/><strong>Psalm of the week</strong>: Psalm 30: Alessandro Scarlatti (1660-1725): Exaltabo te für vierstimmig gemischten Chor a cappella<br/><strong>Responsorium</strong>: gregorianisch

<br/><strong>Canticle</strong>: Johann Joseph Fux (1660-1741): Magnificat für vierstimmig gemischten Chor a cappella<br/><strong>Hymn</strong>: Michael Praetorius (1571-1621): Was mein Gott will für vierstimmig gemischten Chor a cappella<br/><strong>Organ postlude</strong>: Johann Sebastian Bach (1685-1750): Präludium und Fuge G-Dur (BWV 541): Präludium<br/><strong>Bible reading</strong>: Buch Jesaja 38,9-20</p>



<div style="height:30px" aria-hidden="true" class="wp-block-spacer"></div>



<blockquote class="wp-block-quote is-layout-flow wp-block-quote-is-layout-flow" style="font-family:Playfair-Display">
Liturgy: 16. Sonntag nach Trinitatis<br>

Organist: Rudolf Seidel<br>
Location: <a href="/kontakt/#anker-kommen-sie-vorbei">Kirche am Hohenzollernplatz</a>
</blockquote>

</div>

<div style="height:20px" aria-hidden="true" class="wp-block-spacer"></div>



<div class="wp-block-group is-layout-constrained wp-block-group-is-layout-constrained">

<h2 class="wp-block-heading">Programme PDF</h2>




<p>Read more about this NoonSong in the programme document.</p>




<div style="height:1em" aria-hidden="true" class="wp-block-spacer"></div>



<figure class="wp-block-image aligncenter is-resized">
<a target="_blank" rel="noopener noreferrer" href="https://noonsong.de/wp-content/uploads/2024/07/2013-09-14-Liturgie.pdf">
<img decoding="async" src="https://noonsong.de/wp-content/uploads/2024/07/2013-09-14-Liturgie-pdf.jpg" alt="" style="max-height:45em; max-width:61.8%" />
<br>
PDF DOWNLOAD
</a>
</figure>



<div style="height:20px" aria-hidden="true" class="wp-block-spacer"></div>

</div>

<div style="height:50px" aria-hidden="true" class="wp-block-spacer"></div>



<p hidden>, , , , , Walmisley, Thomas A., , Scarlatti, Pietro Alessandro Gaspare; Scarlatti, Allessandro; Scarlatti, Alesandro; Scarlatti, Pietro A.; Scarlatti, A.; Scarlatti, Pietro Alessandro, , Fux, Johann Josef; Fux, Johann J.; Fux, Johann; Fux, Johannes Joseph; Fux, Johannes Josephus; Fux, Joannes Josephus; Fux, Joh. Jos.; Fux, J. J.; Fux, Joanne Josepho; Fux, Giovanni Giuseppe; Fux, Giovanni Gioseffo; Fux, Giovanni G.; Fux, Giov. Gioseffo; Fuchs, Johannes Joseph; Fuchs, Johann Joseph; Fuchs, Johann J.; Feux, John Joseph, , Praetorius, M.; Praetorius; Praetorij, Michaëlis; Prätorius, Michael; Prätorius, Mich.; Schultheiß, Michael; Schultheiss, Michael, , Couperin, Fr.; Couperin, François, &quot;Le Grand&quot;; Couperin Le Grand, François; Le Grand, François Couperin; Kuperen, Fransua; Kuperenas, F.; Kūpuran, F., Präludium und Fuge, Orgel, BWV 541 (G-Dur). Praeludium
Präludien und Fugen, Org, BWV 541. Präludium
Präludien und Fugen, Org, BWV 541
BWV 541&#x2f;1, Bach; Bach, G. S.; Bach, Iogann Sebastʹjan; Bach, Joh. Sebastian; Bach, Giov. Sebast.; Bach, Jean Sebastien; Bach, Jean Sebastian; Bach, J. Seb.; Bach, Sebastiano; Bach, John Sebastian; Bach, Iogann S.; Bach, Iogann Sebast&#x27;jan; Bach, Iogann Sebastian; Bach, Giovanni Sebastian; Bach, Johan Sebastian; Bach, Joannes Sebastianus; Bach, Giov. Seb.; Bach, Giovanni S.; Bāḵ, Jōhān Sebaṣtī&#x27;ān; Bach, I. S.; Bach, J.-S.; Bach, Giovanni Sebastiano; Bach, Jean-Sebastien; Bach, Sebastian; Bach, Jan Sebastian; Bach, J. S.; Bach, Johann-Sebastian; Bach, Jean S.; Bach, Johannes S.; Bach, Johannes Sebastian; Bach, Joh. Seb.; Bach, Joh.-Seb.; Bach, Joh. Sebas.; Bach, Johann Seb.; Bach, Joh. Sebast.; Bach, Johann S.; Bach, Iogann Sebastjan; Bach, Jean Sébastien; Bach, Jean-Sébastien; Bach, Johann; Bakh, Iogann Sebastian, </p>
