{"id":41213,"date":"2025-07-07T21:37:16","date_gmt":"2025-07-07T19:37:16","guid":{"rendered":"https:\/\/noonsong.de\/veranstaltung\/noonsong-event-2023-04-22\/"},"modified":"2025-07-07T21:37:16","modified_gmt":"2025-07-07T19:37:16","slug":"noonsong-event-2023-04-22","status":"publish","type":"tribe_events","link":"https:\/\/noonsong.de\/en\/event\/noonsong-event-2023-04-22\/","title":{"rendered":"622. NoonSong am 22.04.2023 um 12:00"},"content":{"rendered":"\n<div class=\"wp-block-group is-layout-constrained wp-block-group-is-layout-constrained\">\n\n<h2 class=\"wp-block-heading\">Programme<\/h2>\n\n\n\n<p>\n<strong>Organ prelude<\/strong>: Felix Mendelssohn Bartholdy (1809-1847): Pr\u00e4ludium G-Dur op. 37,2 (MWV W 22), 1837<br\/><strong>Preces<\/strong>: William Smith (1603-1645): Preces &amp; Responses f\u00fcr vierstimmig gemischten Chor a cappella<br\/><strong>Psalm of the day<\/strong>: Psalm 9: Samuel Wesley (1766-1837): Anglican chant f\u00fcr vierstimmig gemischten Chor a cappella<br\/><strong>Psalm of the week<\/strong>: Psalm 23: Heinrich Esser (1818-1872): Psalm 23 f\u00fcr vierstimmig gemischten Chor a cappella<br\/><strong>Responsorium<\/strong>: gregorianisch\n\n<br\/><strong>Canticle<\/strong>: Lorenzo Calvi (1585-1629): Victimae paschali laudes f\u00fcr vierstimmig gemischten Chor a cappella<br\/><strong>Hymn<\/strong>: anonym (Paris 1681): Christus, das Licht der Welt f\u00fcr vierstimmig gemischten Chor a cappella<br\/><strong>Organ postlude<\/strong>: Henry Thomas Smart (1813-1879): Andante tranquillamente G-Dur<br\/><strong>Bible reading<\/strong>: Evangelium nach Johannes 10,11-16<\/p>\n\n\n\n<div style=\"height:30px\" aria-hidden=\"true\" class=\"wp-block-spacer\"><\/div>\n\n\n\n<blockquote class=\"wp-block-quote is-layout-flow wp-block-quote-is-layout-flow\" style=\"font-family:Playfair-Display\">\nLiturgy: Misericordias Domini<br>\nPfarrerin: Claudia W\u00fcstenhagen<br>\nOrganist: Mirlan Kasymaliev<br>\nLocation: <a href=\"\/kontakt\/#anker-kommen-sie-vorbei\">Kirche am Hohenzollernplatz<\/a>\n<\/blockquote>\n\n<\/div>\n\n<div style=\"height:20px\" aria-hidden=\"true\" class=\"wp-block-spacer\"><\/div>\n\n\n\n<div class=\"wp-block-group is-layout-constrained wp-block-group-is-layout-constrained\">\n<h2 class=\"wp-block-heading\">Listen<\/h2>\n\n\n\n\n<p>Here you can listen to this NoonSong. If you&#8217;d like to listen to more NoonSongs recordings, please register.<\/p>\n\n<div class=\"um-locked-content\">\n\t<div class=\"um-locked-content-msg\">This content has been restricted to logged-in users only. Please <a href=\"https:\/\/noonsong.de\/en\/login-audio-archive\/?redirect_to=https%3A%2F%2Fnoonsong.de%2Fen%2Fwp-json%2Fwp%2Fv2%2Ftribe_events%2F41213\">log in<\/a> to view this content.<\/div>\n<\/div>\n<\/div>\n\n<div style=\"height:20px\" aria-hidden=\"true\" class=\"wp-block-spacer\"><\/div>\n\n\n\n<div class=\"wp-block-group is-layout-constrained wp-block-group-is-layout-constrained\">\n\n<h2 class=\"wp-block-heading\">Watch<\/h2>\n\n\n\n\n<p>Experience the recorded live-stream of this NoonSong.<\/p>\n\n\n\n\n\n<p>You&#8217;ll find many selected video recordings of NoonSongs and other concerts on our <a href=\"https:\/\/youtube.com\/sirventesberlin\" target=\"_blank\" rel=\"noreferrer noopener\">YouTube channel<\/a>.\n<\/p>\n\n\n\n\n<div style=\"height:1em\" aria-hidden=\"true\" class=\"wp-block-spacer\"><\/div>\n<div class=\"um-locked-content\">\n\t<div class=\"um-locked-content-msg\">This content has been restricted to logged-in users only. Please <a href=\"https:\/\/noonsong.de\/en\/login-audio-archive\/?redirect_to=https%3A%2F%2Fnoonsong.de%2Fen%2Fwp-json%2Fwp%2Fv2%2Ftribe_events%2F41213\">log in<\/a> to view this content.<\/div>\n<\/div>\n\n<div style=\"height:20px\" aria-hidden=\"true\" class=\"wp-block-spacer\"><\/div>\n\n<\/div>\n\n<div style=\"height:20px\" aria-hidden=\"true\" class=\"wp-block-spacer\"><\/div>\n\n\n\n<div class=\"wp-block-group is-layout-constrained wp-block-group-is-layout-constrained\">\n\n<h2 class=\"wp-block-heading\">Programme PDF<\/h2>\n\n\n\n\n<p>Read more about this NoonSong in the programme document.<\/p>\n\n\n\n\n<div style=\"height:1em\" aria-hidden=\"true\" class=\"wp-block-spacer\"><\/div>\n\n\n\n<figure class=\"wp-block-image aligncenter is-resized\">\n<a target=\"_blank\" rel=\"noopener noreferrer\" href=\"https:\/\/noonsong.de\/wp-content\/uploads\/2023\/05\/user_upload2023-04-22-Liturgie.pdf\">\n<img decoding=\"async\" src=\"https:\/\/noonsong.de\/wp-content\/uploads\/2023\/05\/user_upload2023-04-22-Liturgie-pdf.jpg\" alt=\"\" style=\"max-height:45em; max-width:61.8%\" \/>\n<br>\nPDF DOWNLOAD\n<\/a>\n<\/figure>\n\n\n\n<div style=\"height:20px\" aria-hidden=\"true\" class=\"wp-block-spacer\"><\/div>\n\n<\/div>\n\n<div style=\"height:50px\" aria-hidden=\"true\" class=\"wp-block-spacer\"><\/div>\n\n\n\n<p hidden>, , , , , Wesley, Samual, , Heinrich Joseph Esser , , , , Anonymus, Pr\u00e4ludien und Fugen, Org, op. 37. Pr\u00e4ludium und Fuge Nr. 2, Mendelssohn-Bartholdy, Felix; Mendelssohn-Bartholdi, Felix; Mendelssohn Bartholdi; Mendelssohn-Bartholdy, Felix; Mendelssohn B., Felix; Mendelssohn Bartholdy, Jakob Ludwig Felix; Mendelssohn-Bartholdy, Jakob Ludwig Felix; Mendelssohn-Bartholdy, Jacob Ludwig Felix; Mendelssohn Bartholdy, Felix Jakob; Mendelssohn, Jakob Ludwig Felix; Mendelssohn Bartholdy, F.; Mendelssohn Bartholdy; Mendelssohn-Bartholdy; Mendelssohn; F.; Mendelson-Bartoldi, Feliks; Mendel\u02b9son-Bartol\u02b9di, Feliks; Mendelsson-Bartholdy, Felix; Mendelsohn-Bartholdy, Felix; Bartholdy, Felix Mendelssohn; Mendelssohn, Felix; Mendelssohn, F.; Mendelssohn-Bartholdy, F.; Mendelssohn Batholdy, Felix; Mendel&#x27;son, Feliks; Mendel&#x27;son, F., , , <\/p>\n\n","protected":false},"excerpt":{"rendered":"<p>Immer wieder erklingen im NoonSong Werke von Komponisten, deren Namen  den Wenigsten ein Begriff sind. Manche von diesen weitgehend unbekannten Komponisten sind f\u00fcr die Musikwissenschaft von Bedeutung, so dass Spezialisten bei diesen Namen aufhorchen, andere genossen zu Lebzeiten hohes internationales Ansehen und sind heute vergessen.<br \/>\nSo ist es mit dem in Mannheim geborenen deutschen Dirigenten und Komponisten Heinrich Esser, von dem wir heute erstmals eine schlichte Vertonung des 23. Psalmes h\u00f6ren.<br \/>\nEsser studierte bei den renommierten Kompositionslehrern Franz Lachner in M\u00fcnchen und Simon Sechter in Wien. Er war Kapellmeister am Nationaltheater in Mannheim, sp\u00e4ter am Theater in Mainz. Dort unterrichtete er u.a. auch Peter Cornelius. 1847 wurde er Kapellmeister am Wiener Hoftheater. Er setzte sich sehr f\u00fcr die Werke Richard Wagners ein und dirigierte die Wiener Erstauff\u00fchung des Lohengrins.<br \/>\nMit 53 Jahren verstarb er, hoch geehrt, an Tuberkulose. Seine Opern, und seine f\u00fcnf Sinfonien stehen heute nicht mehr auf den Spielpl\u00e4nen. Die heute zu h\u00f6rende Psalmvertonung ist auch ein Zufallsfund.<br \/>\nIn Harmonik und Melodik steht sie ganz in der Tradition Mendelssohns und der zweiten Berliner Liederschule &#8211; zur\u00fcckhaltend in der Harmonik, klangsch\u00f6n und mit guter Textverst\u00e4ndlichkeit. Die Worte \u201eund ob ich schon wanderte im finsteren Tal\u201c inspirieren den Komponisten zu einem fugierten, dramatischeren Abschnitt, der in gro\u00dfer Tiefe, wirklich im finsteren Tal, endet und der das musikalische Geschick des  Komponisten h\u00f6rbar werden l\u00e4\u00dft.<\/p>\n","protected":false},"author":16,"featured_media":5053,"template":"","meta":{"_et_pb_use_builder":"","_et_pb_old_content":"","_et_gb_content_width":"","_tribe_events_status":"","_tribe_events_status_reason":"","footnotes":""},"tags":[115,469,181,361,197,114],"tribe_events_cat":[743,723,711,712,716,717,719,729,708,735,724,725,744,720],"class_list":["post-41213","tribe_events","type-tribe_events","status-publish","has-post-thumbnail","hentry","tag-felix-mendelssohn-bartholdy","tag-heinrich-esser","tag-henry-thomas-smart","tag-lorenzo-calvi","tag-samuel-wesley","tag-william-smith","tribe_events_cat-audio","tribe_events_cat-barock","tribe_events_cat-berlin","tribe_events_cat-chor","tribe_events_cat-gottesdienst","tribe_events_cat-kirche","tribe_events_cat-konzert","tribe_events_cat-liturgie","tribe_events_cat-noonsong","tribe_events_cat-pdf","tribe_events_cat-renaissance","tribe_events_cat-romantik","tribe_events_cat-video","tribe_events_cat-vokal","cat_audio","cat_barock","cat_berlin","cat_chor","cat_gottesdienst","cat_kirche","cat_konzert","cat_liturgie","cat_noonsong","cat_pdf","cat_renaissance","cat_romantik","cat_video","cat_vokal"],"acf":[],"_links":{"self":[{"href":"https:\/\/noonsong.de\/en\/wp-json\/wp\/v2\/tribe_events\/41213","targetHints":{"allow":["GET"]}}],"collection":[{"href":"https:\/\/noonsong.de\/en\/wp-json\/wp\/v2\/tribe_events"}],"about":[{"href":"https:\/\/noonsong.de\/en\/wp-json\/wp\/v2\/types\/tribe_events"}],"author":[{"embeddable":true,"href":"https:\/\/noonsong.de\/en\/wp-json\/wp\/v2\/users\/16"}],"version-history":[{"count":1,"href":"https:\/\/noonsong.de\/en\/wp-json\/wp\/v2\/tribe_events\/41213\/revisions"}],"predecessor-version":[{"id":57048,"href":"https:\/\/noonsong.de\/en\/wp-json\/wp\/v2\/tribe_events\/41213\/revisions\/57048"}],"wp:featuredmedia":[{"embeddable":true,"href":"https:\/\/noonsong.de\/en\/wp-json\/wp\/v2\/media\/5053"}],"wp:attachment":[{"href":"https:\/\/noonsong.de\/en\/wp-json\/wp\/v2\/media?parent=41213"}],"wp:term":[{"taxonomy":"post_tag","embeddable":true,"href":"https:\/\/noonsong.de\/en\/wp-json\/wp\/v2\/tags?post=41213"},{"taxonomy":"tribe_events_cat","embeddable":true,"href":"https:\/\/noonsong.de\/en\/wp-json\/wp\/v2\/tribe_events_cat?post=41213"}],"curies":[{"name":"wp","href":"https:\/\/api.w.org\/{rel}","templated":true}]}}

<div class="wp-block-group is-layout-constrained wp-block-group-is-layout-constrained">

<h2 class="wp-block-heading">Programme</h2>



<p>
<strong>Organ prelude</strong>: Felix Mendelssohn Bartholdy (1809-1847): Präludium G-Dur op. 37,2 (MWV W 22), 1837<br/><strong>Preces</strong>: William Smith (1603-1645): Preces &amp; Responses für vierstimmig gemischten Chor a cappella<br/><strong>Psalm of the day</strong>: Psalm 9: Samuel Wesley (1766-1837): Anglican chant für vierstimmig gemischten Chor a cappella<br/><strong>Psalm of the week</strong>: Psalm 23: Heinrich Esser (1818-1872): Psalm 23 für vierstimmig gemischten Chor a cappella<br/><strong>Responsorium</strong>: gregorianisch

<br/><strong>Canticle</strong>: Lorenzo Calvi (1585-1629): Victimae paschali laudes für vierstimmig gemischten Chor a cappella<br/><strong>Hymn</strong>: anonym (Paris 1681): Christus, das Licht der Welt für vierstimmig gemischten Chor a cappella<br/><strong>Organ postlude</strong>: Henry Thomas Smart (1813-1879): Andante tranquillamente G-Dur<br/><strong>Bible reading</strong>: Evangelium nach Johannes 10,11-16</p>



<div style="height:30px" aria-hidden="true" class="wp-block-spacer"></div>



<blockquote class="wp-block-quote is-layout-flow wp-block-quote-is-layout-flow" style="font-family:Playfair-Display">
Liturgy: Misericordias Domini<br>
Pfarrerin: Claudia Wüstenhagen<br>
Organist: Mirlan Kasymaliev<br>
Location: <a href="/kontakt/#anker-kommen-sie-vorbei">Kirche am Hohenzollernplatz</a>
</blockquote>

</div>

<div style="height:20px" aria-hidden="true" class="wp-block-spacer"></div>



<div class="wp-block-group is-layout-constrained wp-block-group-is-layout-constrained">
<h2 class="wp-block-heading">Listen</h2>




<p>Here you can listen to this NoonSong. If you&#8217;d like to listen to more NoonSongs recordings, please register.</p>

<div class="um-locked-content">
	<div class="um-locked-content-msg">This content has been restricted to logged-in users only. Please <a href="https://noonsong.de/en/login-audio-archive/?redirect_to=https%3A%2F%2Fnoonsong.de%2Fen%2Fwp-json%2Fwp%2Fv2%2Ftribe_events%2F41213">log in</a> to view this content.</div>
</div>
</div>

<div style="height:20px" aria-hidden="true" class="wp-block-spacer"></div>



<div class="wp-block-group is-layout-constrained wp-block-group-is-layout-constrained">

<h2 class="wp-block-heading">Watch</h2>




<p>Experience the recorded live-stream of this NoonSong.</p>





<p>You&#8217;ll find many selected video recordings of NoonSongs and other concerts on our <a href="https://youtube.com/sirventesberlin" target="_blank" rel="noreferrer noopener">YouTube channel</a>.
</p>




<div style="height:1em" aria-hidden="true" class="wp-block-spacer"></div>
<div class="um-locked-content">
	<div class="um-locked-content-msg">This content has been restricted to logged-in users only. Please <a href="https://noonsong.de/en/login-audio-archive/?redirect_to=https%3A%2F%2Fnoonsong.de%2Fen%2Fwp-json%2Fwp%2Fv2%2Ftribe_events%2F41213">log in</a> to view this content.</div>
</div>

<div style="height:20px" aria-hidden="true" class="wp-block-spacer"></div>

</div>

<div style="height:20px" aria-hidden="true" class="wp-block-spacer"></div>



<div class="wp-block-group is-layout-constrained wp-block-group-is-layout-constrained">

<h2 class="wp-block-heading">Programme PDF</h2>




<p>Read more about this NoonSong in the programme document.</p>




<div style="height:1em" aria-hidden="true" class="wp-block-spacer"></div>



<figure class="wp-block-image aligncenter is-resized">
<a target="_blank" rel="noopener noreferrer" href="https://noonsong.de/wp-content/uploads/2023/05/user_upload2023-04-22-Liturgie.pdf">
<img decoding="async" src="https://noonsong.de/wp-content/uploads/2023/05/user_upload2023-04-22-Liturgie-pdf.jpg" alt="" style="max-height:45em; max-width:61.8%" />
<br>
PDF DOWNLOAD
</a>
</figure>



<div style="height:20px" aria-hidden="true" class="wp-block-spacer"></div>

</div>

<div style="height:50px" aria-hidden="true" class="wp-block-spacer"></div>



<p hidden>, , , , , Wesley, Samual, , Heinrich Joseph Esser , , , , Anonymus, Präludien und Fugen, Org, op. 37. Präludium und Fuge Nr. 2, Mendelssohn-Bartholdy, Felix; Mendelssohn-Bartholdi, Felix; Mendelssohn Bartholdi; Mendelssohn-Bartholdy, Felix; Mendelssohn B., Felix; Mendelssohn Bartholdy, Jakob Ludwig Felix; Mendelssohn-Bartholdy, Jakob Ludwig Felix; Mendelssohn-Bartholdy, Jacob Ludwig Felix; Mendelssohn Bartholdy, Felix Jakob; Mendelssohn, Jakob Ludwig Felix; Mendelssohn Bartholdy, F.; Mendelssohn Bartholdy; Mendelssohn-Bartholdy; Mendelssohn; F.; Mendelson-Bartoldi, Feliks; Mendelʹson-Bartolʹdi, Feliks; Mendelsson-Bartholdy, Felix; Mendelsohn-Bartholdy, Felix; Bartholdy, Felix Mendelssohn; Mendelssohn, Felix; Mendelssohn, F.; Mendelssohn-Bartholdy, F.; Mendelssohn Batholdy, Felix; Mendel&#x27;son, Feliks; Mendel&#x27;son, F., , , </p>

<p>Immer wieder erklingen im NoonSong Werke von Komponisten, deren Namen  den Wenigsten ein Begriff sind. Manche von diesen weitgehend unbekannten Komponisten sind für die Musikwissenschaft von Bedeutung, so dass Spezialisten bei diesen Namen aufhorchen, andere genossen zu Lebzeiten hohes internationales Ansehen und sind heute vergessen.<br />
So ist es mit dem in Mannheim geborenen deutschen Dirigenten und Komponisten Heinrich Esser, von dem wir heute erstmals eine schlichte Vertonung des 23. Psalmes hören.<br />
Esser studierte bei den renommierten Kompositionslehrern Franz Lachner in München und Simon Sechter in Wien. Er war Kapellmeister am Nationaltheater in Mannheim, später am Theater in Mainz. Dort unterrichtete er u.a. auch Peter Cornelius. 1847 wurde er Kapellmeister am Wiener Hoftheater. Er setzte sich sehr für die Werke Richard Wagners ein und dirigierte die Wiener Erstauffühung des Lohengrins.<br />
Mit 53 Jahren verstarb er, hoch geehrt, an Tuberkulose. Seine Opern, und seine fünf Sinfonien stehen heute nicht mehr auf den Spielplänen. Die heute zu hörende Psalmvertonung ist auch ein Zufallsfund.<br />
In Harmonik und Melodik steht sie ganz in der Tradition Mendelssohns und der zweiten Berliner Liederschule &#8211; zurückhaltend in der Harmonik, klangschön und mit guter Textverständlichkeit. Die Worte „und ob ich schon wanderte im finsteren Tal“ inspirieren den Komponisten zu einem fugierten, dramatischeren Abschnitt, der in großer Tiefe, wirklich im finsteren Tal, endet und der das musikalische Geschick des  Komponisten hörbar werden läßt.</p>
