{"id":41215,"date":"2025-07-07T21:42:41","date_gmt":"2025-07-07T19:42:41","guid":{"rendered":"https:\/\/noonsong.de\/veranstaltung\/noonsong-event-2012-01-14\/"},"modified":"2025-07-07T21:42:41","modified_gmt":"2025-07-07T19:42:41","slug":"noonsong-event-2012-01-14","status":"publish","type":"tribe_events","link":"https:\/\/noonsong.de\/en\/event\/noonsong-event-2012-01-14\/","title":{"rendered":"139. NoonSong am 14.01.2012 um 12:00"},"content":{"rendered":"\n<div class=\"wp-block-group is-layout-constrained wp-block-group-is-layout-constrained\">\n\n<h2 class=\"wp-block-heading\">Programme<\/h2>\n\n\n\n<p>\n<strong>Organ prelude<\/strong>: Wilhelm Karges (1613-1699): Phantasia in a<br\/><strong>Preces<\/strong>: Thomas Tallis (ca. 1505-1585): Preces &amp; Responses f\u00fcr f\u00fcnfstimmig gemischten Chor a cappella<br\/><strong>Psalm of the day<\/strong>: Psalm 21: Tom\u00e1s Luis de Victoria (1548-1611): Domine in virtute tua f\u00fcr achtstimmig gemischten Chor a cappella<br\/><strong>Psalm of the week<\/strong>: Psalm 105a: Ascanio Trombetti (1544-1590): Confitemini Domino f\u00fcr f\u00fcnfstimmig gemischten Chor a cappella<br\/><strong>Responsorium<\/strong>: gregorianisch\n\n<br\/><strong>Canticle<\/strong>: Desprez Josquin (ca. 1440-1521): In principio erat verbum f\u00fcr vierstimmigen Chor<br\/><strong>Hymn<\/strong>: Giovanni Giacomo Gastoldi (ca.1550-1622): In dir ist Freude f\u00fcr f\u00fcnfstimmig gemischten Chor a cappella<br\/><strong>Organ postlude<\/strong>: Johann Jacob Froberger (1616-1667): Toccata in G (FbWV 130)<br\/><strong>Bible reading<\/strong>: Evangelium nach Johannes 1,14-18<\/p>\n\n\n\n<div style=\"height:30px\" aria-hidden=\"true\" class=\"wp-block-spacer\"><\/div>\n\n\n\n<blockquote class=\"wp-block-quote is-layout-flow wp-block-quote-is-layout-flow\" style=\"font-family:Playfair-Display\">\nLiturgy: 2. Sonntag nach Epiphanias<br>\nPfarrer: Pater Hans-Georg L\u00f6ffler<br>\nOrganist: KMD J\u00f6rg Strodthoff<br>\nLocation: <a href=\"\/kontakt\/#anker-kommen-sie-vorbei\">Kirche am Hohenzollernplatz<\/a>\n<\/blockquote>\n\n<\/div>\n\n<div style=\"height:20px\" aria-hidden=\"true\" class=\"wp-block-spacer\"><\/div>\n\n\n\n<div class=\"wp-block-group is-layout-constrained wp-block-group-is-layout-constrained\">\n\n<h2 class=\"wp-block-heading\">Programme PDF<\/h2>\n\n\n\n\n<p>Read more about this NoonSong in the programme document.<\/p>\n\n\n\n\n<div style=\"height:1em\" aria-hidden=\"true\" class=\"wp-block-spacer\"><\/div>\n\n\n\n<figure class=\"wp-block-image aligncenter is-resized\">\n<a target=\"_blank\" rel=\"noopener noreferrer\" href=\"https:\/\/noonsong.de\/wp-content\/uploads\/2024\/07\/2012-01-14-Liturgie.pdf\">\n<img decoding=\"async\" src=\"https:\/\/noonsong.de\/wp-content\/uploads\/2024\/07\/2012-01-14-Liturgie-pdf.jpg\" alt=\"\" style=\"max-height:45em; max-width:61.8%\" \/>\n<br>\nPDF DOWNLOAD\n<\/a>\n<\/figure>\n\n\n\n<div style=\"height:20px\" aria-hidden=\"true\" class=\"wp-block-spacer\"><\/div>\n\n<\/div>\n\n<div style=\"height:50px\" aria-hidden=\"true\" class=\"wp-block-spacer\"><\/div>\n\n\n\n<p hidden>, , , Tallys, T.; Tallys, Thomas; Talys, Thomas; Talles, Thomas , , Victoria, Tommaso Luis da; Vittoria, Tommaso Luis da; Vittoria, Lodovico da; Vittoria, Thomas L.; Victoria, Thomas L. a; Victoria, Thomas L.; Vittoria, Tom\u00e1s Luis; Vittoria, Louis Tomaso da; Vittorio, Tommaso Luis da; Vittoria, Ludwig Tom\u00e1s; Vittoria, Ludovico da; Vittoria, Ludovicus; Victoria, Tom\u00e1s Luis da; Victoria, Tomao L. da; Victoria, Thoma Ludovico da; Vittoria, Tommaso L. da; Victoria, Tomaso Luis de; Victoria, Tom\u00e1s L. de; Vittoria, Tomaso L.; Victoria, Tomasio L. da; Vittoria, Tom\u00e1s da; Vittoria, Tomaso Luis da; Vittoria, Thomasio L. da; Victoria, Th. L. de; Victoria, Th. Ludovico; Victoria, T. L. de; Vittoria, T. L.; Vittoria, T. L. D.; Vittoria, &#8230;; Vittoria, Tommaso Lodovico da; Victoria, Tommaso Ludovico da; Vittoria, Tommaso Ludovico da; Vittoria, L. da; Vittoria, Tomaso Ludovico da; Victoria, Thomas Ludovicus; Vittoria, Tomas Ludovico; Vittoria, Tom\u00e1s Luis de; Victoria, Thomas Ludovicus Victoria; Vitoria, Tom\u00e1s Luis de; Victoria, Luis Tom\u00e1s da; De Victoria, Tom\u00e1s Luis; Vittoria, T.L. da; Victoria; Victoria, Ludovico da; Victoria, Tom\u00e1s Ludovico da; DaVittoria, Tomas Ludovico, , Ascanio, Bolognese; Bolognese, Ascanio; Cavallari, Ascanio; Cavalaro, Ascanio, In festo nativitatis Christi, Josquin, des Prez; Jodocus, Pratensis; Deprez, Josquin; Des Pr\u00e8s, Josse; Jodocus, de Prato; Des Pr\u00e9s, Josquin; Pr\u00e9s, Josquin D.; Desprez, Josse; Josquin, Deprez; Josse, des Pr\u00e9s; Dupr\u00e9, Josquin; Josquin, des Pres; Depr\u00e8s, Josquin; Pres, Josquin de; DesPr\u00e8s, Josse; DesPr\u00e9s, Josquin; Josquin; Josquin Des Prez; Iosquin De Pr\u00e9; Desprez, Josquin; Pr\u00e9s, Josquin des; Despr\u00e9s, Josquin; Prez, Josquin des; Prez, Josquin Des; Prez, Josquin des, L&#x27; Innamorato\nAn hellen Tagen\nA lieta vita\nIn dir ist Freude\nAn hellen Tagen (Peter Cornelius), Gastoldi, Giovanni Giacomo (1582-1609); Gastoldi, G. G.; Gastoldi, Gio. Giacomo; Gastoldi, Giovanni G.; Castoldi, Giovanni; Gastoldi, Johann-Jacobus; Gastoldi, Giacomo; Castoldi, Giovanni Giacomo; Gastoldi, Jean-Jacques; Gastoldi, Johann-Jacobi; Gastoldi, Giovanni; Gastoldi da Caravaggio, Giovanni Giacomo, , Carges, Wilhelm, Tokkaten, Tasteninstrument, FbWV 103 (G-Dur)\nTokkaten, Org Nr. 3\nToccate, fantasie, canzone, allemande, courante, sarabande, gigue, et altre partite, libro 2. Toccata, Nr. 3\nToccate, fantasie, canzone, allemande &#8230;, libro 2. Tokkata Nr. 3\nTokkaten, Fantasien, Kanzonen, Allemanden &#8230; (1649). Tokkate Nr. 3\nToccate, fantasie, canzone, allemande &#8230;, libro 2 &lt;Tokkate Nr. 3&gt;, Froberger, Johann Jacob; Froberger, &#8230;; Froberger, Johann Jakob (M); Froberger, J. J.; Froberger, Johann-Jacob; Froberger, Johann-Jakob; Froberger, Johann J.; Frohberger, Johann Jacob; Froberger, Giovanni Giacomo; Frobergue, Giacomo, <\/p>\n\n","protected":false},"excerpt":{"rendered":"<p style='position:absolute'>&nbsp;<\/p>\n","protected":false},"author":16,"featured_media":18750,"template":"","meta":{"_et_pb_use_builder":"","_et_pb_old_content":"","_et_gb_content_width":"","_tribe_events_status":"","_tribe_events_status_reason":"","footnotes":""},"tags":[264,406,121,358,193,174,473],"tribe_events_cat":[723,711,712,716,717,719,729,708,735,724,720],"class_list":["post-41215","tribe_events","type-tribe_events","status-publish","has-post-thumbnail","hentry","tag-ascanio-trombetti","tag-desprez-josquin","tag-giovanni-giacomo-gastoldi","tag-johann-jacob-froberger","tag-thomas-tallis","tag-tomas-luis-de-victoria","tag-wilhelm-karges","tribe_events_cat-barock","tribe_events_cat-berlin","tribe_events_cat-chor","tribe_events_cat-gottesdienst","tribe_events_cat-kirche","tribe_events_cat-konzert","tribe_events_cat-liturgie","tribe_events_cat-noonsong","tribe_events_cat-pdf","tribe_events_cat-renaissance","tribe_events_cat-vokal","cat_barock","cat_berlin","cat_chor","cat_gottesdienst","cat_kirche","cat_konzert","cat_liturgie","cat_noonsong","cat_pdf","cat_renaissance","cat_vokal"],"acf":[],"_links":{"self":[{"href":"https:\/\/noonsong.de\/en\/wp-json\/wp\/v2\/tribe_events\/41215","targetHints":{"allow":["GET"]}}],"collection":[{"href":"https:\/\/noonsong.de\/en\/wp-json\/wp\/v2\/tribe_events"}],"about":[{"href":"https:\/\/noonsong.de\/en\/wp-json\/wp\/v2\/types\/tribe_events"}],"author":[{"embeddable":true,"href":"https:\/\/noonsong.de\/en\/wp-json\/wp\/v2\/users\/16"}],"version-history":[{"count":1,"href":"https:\/\/noonsong.de\/en\/wp-json\/wp\/v2\/tribe_events\/41215\/revisions"}],"predecessor-version":[{"id":57399,"href":"https:\/\/noonsong.de\/en\/wp-json\/wp\/v2\/tribe_events\/41215\/revisions\/57399"}],"wp:featuredmedia":[{"embeddable":true,"href":"https:\/\/noonsong.de\/en\/wp-json\/wp\/v2\/media\/18750"}],"wp:attachment":[{"href":"https:\/\/noonsong.de\/en\/wp-json\/wp\/v2\/media?parent=41215"}],"wp:term":[{"taxonomy":"post_tag","embeddable":true,"href":"https:\/\/noonsong.de\/en\/wp-json\/wp\/v2\/tags?post=41215"},{"taxonomy":"tribe_events_cat","embeddable":true,"href":"https:\/\/noonsong.de\/en\/wp-json\/wp\/v2\/tribe_events_cat?post=41215"}],"curies":[{"name":"wp","href":"https:\/\/api.w.org\/{rel}","templated":true}]}}

<div class="wp-block-group is-layout-constrained wp-block-group-is-layout-constrained">

<h2 class="wp-block-heading">Programme</h2>



<p>
<strong>Organ prelude</strong>: Wilhelm Karges (1613-1699): Phantasia in a<br/><strong>Preces</strong>: Thomas Tallis (ca. 1505-1585): Preces &amp; Responses für fünfstimmig gemischten Chor a cappella<br/><strong>Psalm of the day</strong>: Psalm 21: Tomás Luis de Victoria (1548-1611): Domine in virtute tua für achtstimmig gemischten Chor a cappella<br/><strong>Psalm of the week</strong>: Psalm 105a: Ascanio Trombetti (1544-1590): Confitemini Domino für fünfstimmig gemischten Chor a cappella<br/><strong>Responsorium</strong>: gregorianisch

<br/><strong>Canticle</strong>: Desprez Josquin (ca. 1440-1521): In principio erat verbum für vierstimmigen Chor<br/><strong>Hymn</strong>: Giovanni Giacomo Gastoldi (ca.1550-1622): In dir ist Freude für fünfstimmig gemischten Chor a cappella<br/><strong>Organ postlude</strong>: Johann Jacob Froberger (1616-1667): Toccata in G (FbWV 130)<br/><strong>Bible reading</strong>: Evangelium nach Johannes 1,14-18</p>



<div style="height:30px" aria-hidden="true" class="wp-block-spacer"></div>



<blockquote class="wp-block-quote is-layout-flow wp-block-quote-is-layout-flow" style="font-family:Playfair-Display">
Liturgy: 2. Sonntag nach Epiphanias<br>
Pfarrer: Pater Hans-Georg Löffler<br>
Organist: KMD Jörg Strodthoff<br>
Location: <a href="/kontakt/#anker-kommen-sie-vorbei">Kirche am Hohenzollernplatz</a>
</blockquote>

</div>

<div style="height:20px" aria-hidden="true" class="wp-block-spacer"></div>



<div class="wp-block-group is-layout-constrained wp-block-group-is-layout-constrained">

<h2 class="wp-block-heading">Programme PDF</h2>




<p>Read more about this NoonSong in the programme document.</p>




<div style="height:1em" aria-hidden="true" class="wp-block-spacer"></div>



<figure class="wp-block-image aligncenter is-resized">
<a target="_blank" rel="noopener noreferrer" href="https://noonsong.de/wp-content/uploads/2024/07/2012-01-14-Liturgie.pdf">
<img decoding="async" src="https://noonsong.de/wp-content/uploads/2024/07/2012-01-14-Liturgie-pdf.jpg" alt="" style="max-height:45em; max-width:61.8%" />
<br>
PDF DOWNLOAD
</a>
</figure>



<div style="height:20px" aria-hidden="true" class="wp-block-spacer"></div>

</div>

<div style="height:50px" aria-hidden="true" class="wp-block-spacer"></div>



<p hidden>, , , Tallys, T.; Tallys, Thomas; Talys, Thomas; Talles, Thomas , , Victoria, Tommaso Luis da; Vittoria, Tommaso Luis da; Vittoria, Lodovico da; Vittoria, Thomas L.; Victoria, Thomas L. a; Victoria, Thomas L.; Vittoria, Tomás Luis; Vittoria, Louis Tomaso da; Vittorio, Tommaso Luis da; Vittoria, Ludwig Tomás; Vittoria, Ludovico da; Vittoria, Ludovicus; Victoria, Tomás Luis da; Victoria, Tomao L. da; Victoria, Thoma Ludovico da; Vittoria, Tommaso L. da; Victoria, Tomaso Luis de; Victoria, Tomás L. de; Vittoria, Tomaso L.; Victoria, Tomasio L. da; Vittoria, Tomás da; Vittoria, Tomaso Luis da; Vittoria, Thomasio L. da; Victoria, Th. L. de; Victoria, Th. Ludovico; Victoria, T. L. de; Vittoria, T. L.; Vittoria, T. L. D.; Vittoria, &#8230;; Vittoria, Tommaso Lodovico da; Victoria, Tommaso Ludovico da; Vittoria, Tommaso Ludovico da; Vittoria, L. da; Vittoria, Tomaso Ludovico da; Victoria, Thomas Ludovicus; Vittoria, Tomas Ludovico; Vittoria, Tomás Luis de; Victoria, Thomas Ludovicus Victoria; Vitoria, Tomás Luis de; Victoria, Luis Tomás da; De Victoria, Tomás Luis; Vittoria, T.L. da; Victoria; Victoria, Ludovico da; Victoria, Tomás Ludovico da; DaVittoria, Tomas Ludovico, , Ascanio, Bolognese; Bolognese, Ascanio; Cavallari, Ascanio; Cavalaro, Ascanio, In festo nativitatis Christi, Josquin, des Prez; Jodocus, Pratensis; Deprez, Josquin; Des Près, Josse; Jodocus, de Prato; Des Prés, Josquin; Prés, Josquin D.; Desprez, Josse; Josquin, Deprez; Josse, des Prés; Dupré, Josquin; Josquin, des Pres; Deprès, Josquin; Pres, Josquin de; DesPrès, Josse; DesPrés, Josquin; Josquin; Josquin Des Prez; Iosquin De Pré; Desprez, Josquin; Prés, Josquin des; Després, Josquin; Prez, Josquin des; Prez, Josquin Des; Prez, Josquin des, L&#x27; Innamorato
An hellen Tagen
A lieta vita
In dir ist Freude
An hellen Tagen (Peter Cornelius), Gastoldi, Giovanni Giacomo (1582-1609); Gastoldi, G. G.; Gastoldi, Gio. Giacomo; Gastoldi, Giovanni G.; Castoldi, Giovanni; Gastoldi, Johann-Jacobus; Gastoldi, Giacomo; Castoldi, Giovanni Giacomo; Gastoldi, Jean-Jacques; Gastoldi, Johann-Jacobi; Gastoldi, Giovanni; Gastoldi da Caravaggio, Giovanni Giacomo, , Carges, Wilhelm, Tokkaten, Tasteninstrument, FbWV 103 (G-Dur)
Tokkaten, Org Nr. 3
Toccate, fantasie, canzone, allemande, courante, sarabande, gigue, et altre partite, libro 2. Toccata, Nr. 3
Toccate, fantasie, canzone, allemande &#8230;, libro 2. Tokkata Nr. 3
Tokkaten, Fantasien, Kanzonen, Allemanden &#8230; (1649). Tokkate Nr. 3
Toccate, fantasie, canzone, allemande &#8230;, libro 2 &lt;Tokkate Nr. 3&gt;, Froberger, Johann Jacob; Froberger, &#8230;; Froberger, Johann Jakob (M); Froberger, J. J.; Froberger, Johann-Jacob; Froberger, Johann-Jakob; Froberger, Johann J.; Frohberger, Johann Jacob; Froberger, Giovanni Giacomo; Frobergue, Giacomo, </p>
