{"id":41218,"date":"2025-07-07T21:39:44","date_gmt":"2025-07-07T19:39:44","guid":{"rendered":"https:\/\/noonsong.de\/veranstaltung\/noonsong-event-2009-11-21\/"},"modified":"2025-07-07T21:39:44","modified_gmt":"2025-07-07T19:39:44","slug":"noonsong-event-2009-11-21","status":"publish","type":"tribe_events","link":"https:\/\/noonsong.de\/en\/event\/noonsong-event-2009-11-21\/","title":{"rendered":"45. NoonSong am 21.11.2009 um 12:00"},"content":{"rendered":"\n<div class=\"wp-block-group is-layout-constrained wp-block-group-is-layout-constrained\">\n\n<h2 class=\"wp-block-heading\">Programme<\/h2>\n\n\n\n<p>\n<strong>Organ prelude<\/strong>: Johann Sebastian Bach (1685-1750): Fuge g-Moll (BWV 578)<br\/><strong>Preces<\/strong>: Kenneth Leighton (1929-1988): Preces &amp; Responses f\u00fcr vierstimmig gemischten Chor a cappella<br\/><strong>Psalm of the day<\/strong>: Psalm 116a: Josef Gabriel Rheinberger (1839-1901): Ich liebe, weil erh\u00f6ret der Herr (op. 40,1) f\u00fcr vierstimmig gemischten Chor a cappella<br\/><strong>Psalm of the week<\/strong>: Psalm 126: Heinrich Hartmann (ca. 1580-1616): Wenn der Herr die Gefangenen f\u00fcr vierstimmig gemischten Chor a cappella<br\/><strong>Responsorium<\/strong>: gregorianisch\n\n<br\/><strong>Canticle<\/strong>: Albert Becker (1834-1899): Ich bin die Auferstehung und das Leben (op. 67,2) f\u00fcr sechsstimmig gemischten Chor a cappella<br\/><strong>Hymn<\/strong>: Johann Georg Ebeling (1637-1676): Warum sollt ich mich denn gr\u00e4men f\u00fcr vierstimmig gemischten Chor a cappella<br\/><strong>Organ postlude<\/strong>: Jehan Alain (1911-1940): Choral dorien<\/p>\n\n\n\n<div style=\"height:30px\" aria-hidden=\"true\" class=\"wp-block-spacer\"><\/div>\n\n\n\n<blockquote class=\"wp-block-quote is-layout-flow wp-block-quote-is-layout-flow\" style=\"font-family:Playfair-Display\">\nLiturgy: Gedenktag der Entschlafenen<br>\nPfarrerin: Anna Kim-Chi Nguyen-Huu<br>\nOrganist: Rudolf Seidel<br>\nLocation: <a href=\"\/kontakt\/#anker-kommen-sie-vorbei\">Kirche am Hohenzollernplatz<\/a>\n<\/blockquote>\n\n<\/div>\n\n<div style=\"height:50px\" aria-hidden=\"true\" class=\"wp-block-spacer\"><\/div>\n\n\n\n<p hidden>, , Motetten, op. 40. Ich liebe, weil erh\u00f6ret der Herr\t\nIch liebe, weil erh\u00f6ret der Herr\nPsalm 114\nMotetten op. 40, Nr. 1, Rheinberger, Josef, 1839-1901; Rheinberger, &#8230;; Rheinberger, Gabriel; Rheinberger, Josef von; Rheinberger, Giuseppe; Rheinberger, Gabriel J.; Rheinberger, Joseph Gabriel von; Rheinberger, J.; Rheinberger, J. G.; Rheinberger, Josef G.; Rheinberger, Jos.; Rheinberger, Josef Gabriel; Rheinberger, Gabriel Joseph; Rheinberger, Gabriel Josef; Rheinberger, Joseph von; Rheinberger, Joseph Gabriel; Rheinberger, Joseph G.; Rheinberger, Josef, Confortativae sacrae symphoniae, Theil 1. Wenn der Herr die Gefangnen Zions erl\u00f6sen wird\n\t\nConfortativae sacrae symphoniacae, Teil 1. Wenn der Herr die Gefangenen Zions erl\u00f6sen wird\nWenn der Herr die Gefangnen Zions erl\u00f6sen wird, Hartmannus, Heinricus; Hartmannus, Henricus; Hartmann, Heinricus; Hartmann, Henricus, Motetten op. 67. Ich bin die Auferstehung, Becker, Ernst Albert; Becker, Albert Ernst Anton, Pauli Gerhardi geistliche Andachten &#8230;. Warum sollt&#x27; ich mich denn gr\u00e4men, Ebeling, Johannes Georg; Ebeling, Joh. Georg; Ebeling, J. G.; Ebeling, Johann George; Ebelingius, Johannes Georgius; Ebeling, Johann G.; Ebeling, Johan Georg; Ebeling Johann Georg, Fugen, Orgel, BWV 578 (g-Moll)\nFuge in g\nKleine Fuge\nFugen, Org, BWV 578\nFugen, Org BWV 578\nFuga in g (BWV 578), Bach; Bach, G. S.; Bach, Iogann Sebast\u02b9jan; Bach, Joh. Sebastian; Bach, Giov. Sebast.; Bach, Jean Sebastien; Bach, Jean Sebastian; Bach, J. Seb.; Bach, Sebastiano; Bach, John Sebastian; Bach, Iogann S.; Bach, Iogann Sebast&#x27;jan; Bach, Iogann Sebastian; Bach, Giovanni Sebastian; Bach, Johan Sebastian; Bach, Joannes Sebastianus; Bach, Giov. Seb.; Bach, Giovanni S.; B\u0101\u1e35, J\u014dh\u0101n Seba\u1e63t\u012b&#x27;\u0101n; Bach, I. S.; Bach, J.-S.; Bach, Giovanni Sebastiano; Bach, Jean-Sebastien; Bach, Sebastian; Bach, Jan Sebastian; Bach, J. S.; Bach, Johann-Sebastian; Bach, Jean S.; Bach, Johannes S.; Bach, Johannes Sebastian; Bach, Joh. Seb.; Bach, Joh.-Seb.; Bach, Joh. Sebas.; Bach, Johann Seb.; Bach, Joh. Sebast.; Bach, Johann S.; Bach, Iogann Sebastjan; Bach, Jean S\u00e9bastien; Bach, Jean-S\u00e9bastien; Bach, Johann; Bakh, Iogann Sebastian, Chor\u00e4le, Org (1935). Choral dorien, Alain, &#8230;; Alain, Jehan Ariste; Alain, Jehan-Ariste; Alain, Jehan A.; Alain, Jean-Ariste; Alain, Jean Artiste, <\/p>\n\n","protected":false},"excerpt":{"rendered":"<p style='position:absolute'>&nbsp;<\/p>\n","protected":false},"author":16,"featured_media":5097,"template":"","meta":{"_et_pb_use_builder":"","_et_pb_old_content":"","_et_gb_content_width":"","_tribe_events_status":"","_tribe_events_status_reason":"","footnotes":""},"tags":[122,288,327,293,105,133,137],"tribe_events_cat":[722,726,723,711,712,716,717,719,729,708,725,720],"class_list":["post-41218","tribe_events","type-tribe_events","status-publish","has-post-thumbnail","hentry","tag-albert-becker","tag-heinrich-hartmann","tag-jehan-alain","tag-johann-georg-ebeling","tag-johann-sebastian-bach","tag-josef-gabriel-rheinberger","tag-kenneth-leighton","tribe_events_cat-20-jahrhundert","tribe_events_cat-avantgarde","tribe_events_cat-barock","tribe_events_cat-berlin","tribe_events_cat-chor","tribe_events_cat-gottesdienst","tribe_events_cat-kirche","tribe_events_cat-konzert","tribe_events_cat-liturgie","tribe_events_cat-noonsong","tribe_events_cat-romantik","tribe_events_cat-vokal","cat_20-jahrhundert","cat_avantgarde","cat_barock","cat_berlin","cat_chor","cat_gottesdienst","cat_kirche","cat_konzert","cat_liturgie","cat_noonsong","cat_romantik","cat_vokal"],"acf":[],"_links":{"self":[{"href":"https:\/\/noonsong.de\/en\/wp-json\/wp\/v2\/tribe_events\/41218","targetHints":{"allow":["GET"]}}],"collection":[{"href":"https:\/\/noonsong.de\/en\/wp-json\/wp\/v2\/tribe_events"}],"about":[{"href":"https:\/\/noonsong.de\/en\/wp-json\/wp\/v2\/types\/tribe_events"}],"author":[{"embeddable":true,"href":"https:\/\/noonsong.de\/en\/wp-json\/wp\/v2\/users\/16"}],"version-history":[{"count":1,"href":"https:\/\/noonsong.de\/en\/wp-json\/wp\/v2\/tribe_events\/41218\/revisions"}],"predecessor-version":[{"id":57204,"href":"https:\/\/noonsong.de\/en\/wp-json\/wp\/v2\/tribe_events\/41218\/revisions\/57204"}],"wp:featuredmedia":[{"embeddable":true,"href":"https:\/\/noonsong.de\/en\/wp-json\/wp\/v2\/media\/5097"}],"wp:attachment":[{"href":"https:\/\/noonsong.de\/en\/wp-json\/wp\/v2\/media?parent=41218"}],"wp:term":[{"taxonomy":"post_tag","embeddable":true,"href":"https:\/\/noonsong.de\/en\/wp-json\/wp\/v2\/tags?post=41218"},{"taxonomy":"tribe_events_cat","embeddable":true,"href":"https:\/\/noonsong.de\/en\/wp-json\/wp\/v2\/tribe_events_cat?post=41218"}],"curies":[{"name":"wp","href":"https:\/\/api.w.org\/{rel}","templated":true}]}}

<div class="wp-block-group is-layout-constrained wp-block-group-is-layout-constrained">

<h2 class="wp-block-heading">Programme</h2>



<p>
<strong>Organ prelude</strong>: Johann Sebastian Bach (1685-1750): Fuge g-Moll (BWV 578)<br/><strong>Preces</strong>: Kenneth Leighton (1929-1988): Preces &amp; Responses für vierstimmig gemischten Chor a cappella<br/><strong>Psalm of the day</strong>: Psalm 116a: Josef Gabriel Rheinberger (1839-1901): Ich liebe, weil erhöret der Herr (op. 40,1) für vierstimmig gemischten Chor a cappella<br/><strong>Psalm of the week</strong>: Psalm 126: Heinrich Hartmann (ca. 1580-1616): Wenn der Herr die Gefangenen für vierstimmig gemischten Chor a cappella<br/><strong>Responsorium</strong>: gregorianisch

<br/><strong>Canticle</strong>: Albert Becker (1834-1899): Ich bin die Auferstehung und das Leben (op. 67,2) für sechsstimmig gemischten Chor a cappella<br/><strong>Hymn</strong>: Johann Georg Ebeling (1637-1676): Warum sollt ich mich denn grämen für vierstimmig gemischten Chor a cappella<br/><strong>Organ postlude</strong>: Jehan Alain (1911-1940): Choral dorien</p>



<div style="height:30px" aria-hidden="true" class="wp-block-spacer"></div>



<blockquote class="wp-block-quote is-layout-flow wp-block-quote-is-layout-flow" style="font-family:Playfair-Display">
Liturgy: Gedenktag der Entschlafenen<br>
Pfarrerin: Anna Kim-Chi Nguyen-Huu<br>
Organist: Rudolf Seidel<br>
Location: <a href="/kontakt/#anker-kommen-sie-vorbei">Kirche am Hohenzollernplatz</a>
</blockquote>

</div>

<div style="height:50px" aria-hidden="true" class="wp-block-spacer"></div>



<p hidden>, , Motetten, op. 40. Ich liebe, weil erhöret der Herr	
Ich liebe, weil erhöret der Herr
Psalm 114
Motetten op. 40, Nr. 1, Rheinberger, Josef, 1839-1901; Rheinberger, &#8230;; Rheinberger, Gabriel; Rheinberger, Josef von; Rheinberger, Giuseppe; Rheinberger, Gabriel J.; Rheinberger, Joseph Gabriel von; Rheinberger, J.; Rheinberger, J. G.; Rheinberger, Josef G.; Rheinberger, Jos.; Rheinberger, Josef Gabriel; Rheinberger, Gabriel Joseph; Rheinberger, Gabriel Josef; Rheinberger, Joseph von; Rheinberger, Joseph Gabriel; Rheinberger, Joseph G.; Rheinberger, Josef, Confortativae sacrae symphoniae, Theil 1. Wenn der Herr die Gefangnen Zions erlösen wird
	
Confortativae sacrae symphoniacae, Teil 1. Wenn der Herr die Gefangenen Zions erlösen wird
Wenn der Herr die Gefangnen Zions erlösen wird, Hartmannus, Heinricus; Hartmannus, Henricus; Hartmann, Heinricus; Hartmann, Henricus, Motetten op. 67. Ich bin die Auferstehung, Becker, Ernst Albert; Becker, Albert Ernst Anton, Pauli Gerhardi geistliche Andachten &#8230;. Warum sollt&#x27; ich mich denn grämen, Ebeling, Johannes Georg; Ebeling, Joh. Georg; Ebeling, J. G.; Ebeling, Johann George; Ebelingius, Johannes Georgius; Ebeling, Johann G.; Ebeling, Johan Georg; Ebeling Johann Georg, Fugen, Orgel, BWV 578 (g-Moll)
Fuge in g
Kleine Fuge
Fugen, Org, BWV 578
Fugen, Org BWV 578
Fuga in g (BWV 578), Bach; Bach, G. S.; Bach, Iogann Sebastʹjan; Bach, Joh. Sebastian; Bach, Giov. Sebast.; Bach, Jean Sebastien; Bach, Jean Sebastian; Bach, J. Seb.; Bach, Sebastiano; Bach, John Sebastian; Bach, Iogann S.; Bach, Iogann Sebast&#x27;jan; Bach, Iogann Sebastian; Bach, Giovanni Sebastian; Bach, Johan Sebastian; Bach, Joannes Sebastianus; Bach, Giov. Seb.; Bach, Giovanni S.; Bāḵ, Jōhān Sebaṣtī&#x27;ān; Bach, I. S.; Bach, J.-S.; Bach, Giovanni Sebastiano; Bach, Jean-Sebastien; Bach, Sebastian; Bach, Jan Sebastian; Bach, J. S.; Bach, Johann-Sebastian; Bach, Jean S.; Bach, Johannes S.; Bach, Johannes Sebastian; Bach, Joh. Seb.; Bach, Joh.-Seb.; Bach, Joh. Sebas.; Bach, Johann Seb.; Bach, Joh. Sebast.; Bach, Johann S.; Bach, Iogann Sebastjan; Bach, Jean Sébastien; Bach, Jean-Sébastien; Bach, Johann; Bakh, Iogann Sebastian, Choräle, Org (1935). Choral dorien, Alain, &#8230;; Alain, Jehan Ariste; Alain, Jehan-Ariste; Alain, Jehan A.; Alain, Jean-Ariste; Alain, Jean Artiste, </p>
