{"id":41237,"date":"2025-07-07T21:40:13","date_gmt":"2025-07-07T19:40:13","guid":{"rendered":"https:\/\/noonsong.de\/veranstaltung\/noonsong-event-2022-05-28\/"},"modified":"2025-07-07T21:40:13","modified_gmt":"2025-07-07T19:40:13","slug":"noonsong-event-2022-05-28","status":"publish","type":"tribe_events","link":"https:\/\/noonsong.de\/en\/event\/noonsong-event-2022-05-28\/","title":{"rendered":"583. NoonSong am 28.05.2022 um 12:00"},"content":{"rendered":"\n<div class=\"wp-block-group is-layout-constrained wp-block-group-is-layout-constrained\">\n\n<h2 class=\"wp-block-heading\">Programme<\/h2>\n\n\n\n<p>\n<strong>Organ prelude<\/strong>: Camille Saint-Sa\u00ebns (1835-1921): Pr\u00e4ludium G-Dur op. 109&#x2f;2<br\/><strong>Preces<\/strong>: Gabriel Jackson (*1962): Preces und Responses f\u00fcr vierstimmig gemischten Chor a cappella<br\/><strong>Psalm of the day<\/strong>: Psalm 116b: Francisco Valls (1665-1747): Credidi propter quod locutus sum f\u00fcr 2 Soprane, vierstimmig gemischten Chor und Continuo<br\/><strong>Psalm of the week<\/strong>: Psalm 27: George Frederick Root (1820-1895): Der Herr ist mein Licht f\u00fcr vierstimmig gemischten Chor und Orgel<br\/><strong>Responsorium<\/strong>: gregorianisch\n\n<br\/><strong>Canticle<\/strong>: James MacMillan (*1959): Benedictus f\u00fcr vierstimmig gemischten Chor a cappella<br\/><strong>Hymn<\/strong>: William Eckardt (1884-1939): O komm, du Geist der Wahrheit f\u00fcr f\u00fcnfstimmig gemischten Chor a cappella<br\/><strong>Organ postlude<\/strong>: Camille Saint-Sa\u00ebns (1835-1921): Fuge G-Dur op. 109&#x2f;2<br\/><strong>Bible reading<\/strong>: Evangelium nach Johannes 16,5-15<\/p>\n\n\n\n<div style=\"height:30px\" aria-hidden=\"true\" class=\"wp-block-spacer\"><\/div>\n\n\n\n<blockquote class=\"wp-block-quote is-layout-flow wp-block-quote-is-layout-flow\" style=\"font-family:Playfair-Display\">\nLiturgy: Exaudi<br>\nPfarrerin: Marita Lersner<br>\nOrganist: Daniel Clark<br>\nLocation: <a href=\"\/kontakt\/#anker-kommen-sie-vorbei\">Kirche am Hohenzollernplatz<\/a>\n<\/blockquote>\n\n<\/div>\n\n<div style=\"height:20px\" aria-hidden=\"true\" class=\"wp-block-spacer\"><\/div>\n\n\n\n<div class=\"wp-block-group is-layout-constrained wp-block-group-is-layout-constrained\">\n<h2 class=\"wp-block-heading\">Listen<\/h2>\n\n\n\n\n<p>Here you can listen to this NoonSong. If you&#8217;d like to listen to more NoonSongs recordings, please register.<\/p>\n\n<div class=\"um-locked-content\">\n\t<div class=\"um-locked-content-msg\">This content has been restricted to logged-in users only. Please <a href=\"https:\/\/noonsong.de\/en\/login-audio-archive\/?redirect_to=https%3A%2F%2Fnoonsong.de%2Fen%2Fwp-json%2Fwp%2Fv2%2Ftribe_events%2F41237\">log in<\/a> to view this content.<\/div>\n<\/div>\n<\/div>\n\n<div style=\"height:20px\" aria-hidden=\"true\" class=\"wp-block-spacer\"><\/div>\n\n\n\n<div class=\"wp-block-group is-layout-constrained wp-block-group-is-layout-constrained\">\n\n<h2 class=\"wp-block-heading\">Watch<\/h2>\n\n\n\n\n<p>Experience the recorded live-stream of this NoonSong.<\/p>\n\n\n\n\n\n<p>You&#8217;ll find many selected video recordings of NoonSongs and other concerts on our <a href=\"https:\/\/youtube.com\/sirventesberlin\" target=\"_blank\" rel=\"noreferrer noopener\">YouTube channel<\/a>.\n<\/p>\n\n\n\n\n<div style=\"height:1em\" aria-hidden=\"true\" class=\"wp-block-spacer\"><\/div>\n<div class=\"um-locked-content\">\n\t<div class=\"um-locked-content-msg\">This content has been restricted to logged-in users only. Please <a href=\"https:\/\/noonsong.de\/en\/login-audio-archive\/?redirect_to=https%3A%2F%2Fnoonsong.de%2Fen%2Fwp-json%2Fwp%2Fv2%2Ftribe_events%2F41237\">log in<\/a> to view this content.<\/div>\n<\/div>\n\n<div style=\"height:20px\" aria-hidden=\"true\" class=\"wp-block-spacer\"><\/div>\n\n<\/div>\n\n<div style=\"height:20px\" aria-hidden=\"true\" class=\"wp-block-spacer\"><\/div>\n\n\n\n<div class=\"wp-block-group is-layout-constrained wp-block-group-is-layout-constrained\">\n\n<h2 class=\"wp-block-heading\">Programme PDF<\/h2>\n\n\n\n\n<p>Read more about this NoonSong in the programme document.<\/p>\n\n\n\n\n<div style=\"height:1em\" aria-hidden=\"true\" class=\"wp-block-spacer\"><\/div>\n\n\n\n<figure class=\"wp-block-image aligncenter is-resized\">\n<a target=\"_blank\" rel=\"noopener noreferrer\" href=\"https:\/\/noonsong.de\/wp-content\/uploads\/2024\/07\/2022-05-28-Liturgie.pdf\">\n<img decoding=\"async\" src=\"https:\/\/noonsong.de\/wp-content\/uploads\/2024\/07\/2022-05-28-Liturgie-pdf.jpg\" alt=\"\" style=\"max-height:45em; max-width:61.8%\" \/>\n<br>\nPDF DOWNLOAD\n<\/a>\n<\/figure>\n\n\n\n<div style=\"height:20px\" aria-hidden=\"true\" class=\"wp-block-spacer\"><\/div>\n\n<\/div>\n\n<div style=\"height:50px\" aria-hidden=\"true\" class=\"wp-block-spacer\"><\/div>\n\n\n\n<p hidden>, , , , , Valls, Francesc, , Root, George F.; Wurzel, Georg Friedrich; Wurzel, G. Friedrich, , MacMillan, &#8230;; MacM., J.; McMillan, James; Mac Millan, James; MacMillan, James Loy, , , Pr\u00e4ludien und Fugen, Orgel, R 97\nPr\u00e4ludien und Fugen, Orgel, op. 109\nop. 109\nR 97, Saint-Saens, Camille; Saint-Sa\u00ebns, Charles Camille; Sa\u00ebns, Camille Saint; Saint-Saens, Camillo; Saint-Saens, Camilo; Saint-Sa\u00ebns, Charles-Camille; Saint-Sa\u00ebns, Charles Camile; Saint-Sa\u00ebns, Charles Camille de; Saint-Sa\u00ebns, C.; Saint-Sa\u00ebns; Sain-Sa\u00ebns, Charles C.; Saint Sa\u00ebns, Charles-Camille; Sa\u00ebns, Charles-Camille Saint-; Sain-Sans, Kamil; San-S\u0101nsu; Sen-Sans, K.; Sen-Sans, Kamil\u02b9; Sen-Sans, \u0160arl\u02b9 Kamil\u02b9; Saint-Sants, Camille; Saint-Sa\u00ebns, Camille; Saint-Sa\u00ebns, Charles-Camille; Saint-Sa\u00ebns, Charles Camille, Pr\u00e4ludien und Fugen, Orgel, R 97\nPr\u00e4ludien und Fugen, Orgel, op. 109\nop. 109\nR 97, Saint-Saens, Camille; Saint-Sa\u00ebns, Charles Camille; Sa\u00ebns, Camille Saint; Saint-Saens, Camillo; Saint-Saens, Camilo; Saint-Sa\u00ebns, Charles-Camille; Saint-Sa\u00ebns, Charles Camile; Saint-Sa\u00ebns, Charles Camille de; Saint-Sa\u00ebns, C.; Saint-Sa\u00ebns; Sain-Sa\u00ebns, Charles C.; Saint Sa\u00ebns, Charles-Camille; Sa\u00ebns, Charles-Camille Saint-; Sain-Sans, Kamil; San-S\u0101nsu; Sen-Sans, K.; Sen-Sans, Kamil\u02b9; Sen-Sans, \u0160arl\u02b9 Kamil\u02b9; Saint-Sants, Camille; Saint-Sa\u00ebns, Camille; Saint-Sa\u00ebns, Charles-Camille; Saint-Sa\u00ebns, Charles Camille, <\/p>\n\n","protected":false},"excerpt":{"rendered":"<p>Mit einer Psalmvertonung von G.F. Root erklingt ein fr\u00fches Zeugnis amerikanischer Musikgeschichte in diesem NoonSong. Root geh\u00f6rt zur ersten Generation von in den USA geborenen Komponisten. Musikalisch steht seine Psalmvertonung in der Tradition des anglikanischen Anthems mit Orgelbegleitung, hymnisch, kraftvoll und textverst\u00e4ndlich.<\/p>\n","protected":false},"author":16,"featured_media":18206,"template":"","meta":{"_et_pb_use_builder":"","_et_pb_old_content":"","_et_gb_content_width":"","_tribe_events_status":"","_tribe_events_status_reason":"","footnotes":""},"tags":[175,525,437,402,266,285],"tribe_events_cat":[722,741,743,723,711,712,716,717,719,729,708,735,725,744,720],"class_list":["post-41237","tribe_events","type-tribe_events","status-publish","has-post-thumbnail","hentry","tag-camille-saint-saens","tag-francisco-valls","tag-gabriel-jackson","tag-george-frederick-root","tag-james-macmillan","tag-william-eckardt","tribe_events_cat-20-jahrhundert","tribe_events_cat-21-jahrhundert","tribe_events_cat-audio","tribe_events_cat-barock","tribe_events_cat-berlin","tribe_events_cat-chor","tribe_events_cat-gottesdienst","tribe_events_cat-kirche","tribe_events_cat-konzert","tribe_events_cat-liturgie","tribe_events_cat-noonsong","tribe_events_cat-pdf","tribe_events_cat-romantik","tribe_events_cat-video","tribe_events_cat-vokal","cat_20-jahrhundert","cat_21-jahrhundert","cat_audio","cat_barock","cat_berlin","cat_chor","cat_gottesdienst","cat_kirche","cat_konzert","cat_liturgie","cat_noonsong","cat_pdf","cat_romantik","cat_video","cat_vokal"],"acf":[],"_links":{"self":[{"href":"https:\/\/noonsong.de\/en\/wp-json\/wp\/v2\/tribe_events\/41237","targetHints":{"allow":["GET"]}}],"collection":[{"href":"https:\/\/noonsong.de\/en\/wp-json\/wp\/v2\/tribe_events"}],"about":[{"href":"https:\/\/noonsong.de\/en\/wp-json\/wp\/v2\/types\/tribe_events"}],"author":[{"embeddable":true,"href":"https:\/\/noonsong.de\/en\/wp-json\/wp\/v2\/users\/16"}],"version-history":[{"count":1,"href":"https:\/\/noonsong.de\/en\/wp-json\/wp\/v2\/tribe_events\/41237\/revisions"}],"predecessor-version":[{"id":57233,"href":"https:\/\/noonsong.de\/en\/wp-json\/wp\/v2\/tribe_events\/41237\/revisions\/57233"}],"wp:featuredmedia":[{"embeddable":true,"href":"https:\/\/noonsong.de\/en\/wp-json\/wp\/v2\/media\/18206"}],"wp:attachment":[{"href":"https:\/\/noonsong.de\/en\/wp-json\/wp\/v2\/media?parent=41237"}],"wp:term":[{"taxonomy":"post_tag","embeddable":true,"href":"https:\/\/noonsong.de\/en\/wp-json\/wp\/v2\/tags?post=41237"},{"taxonomy":"tribe_events_cat","embeddable":true,"href":"https:\/\/noonsong.de\/en\/wp-json\/wp\/v2\/tribe_events_cat?post=41237"}],"curies":[{"name":"wp","href":"https:\/\/api.w.org\/{rel}","templated":true}]}}

<div class="wp-block-group is-layout-constrained wp-block-group-is-layout-constrained">

<h2 class="wp-block-heading">Programme</h2>



<p>
<strong>Organ prelude</strong>: Camille Saint-Saëns (1835-1921): Präludium G-Dur op. 109&#x2f;2<br/><strong>Preces</strong>: Gabriel Jackson (*1962): Preces und Responses für vierstimmig gemischten Chor a cappella<br/><strong>Psalm of the day</strong>: Psalm 116b: Francisco Valls (1665-1747): Credidi propter quod locutus sum für 2 Soprane, vierstimmig gemischten Chor und Continuo<br/><strong>Psalm of the week</strong>: Psalm 27: George Frederick Root (1820-1895): Der Herr ist mein Licht für vierstimmig gemischten Chor und Orgel<br/><strong>Responsorium</strong>: gregorianisch

<br/><strong>Canticle</strong>: James MacMillan (*1959): Benedictus für vierstimmig gemischten Chor a cappella<br/><strong>Hymn</strong>: William Eckardt (1884-1939): O komm, du Geist der Wahrheit für fünfstimmig gemischten Chor a cappella<br/><strong>Organ postlude</strong>: Camille Saint-Saëns (1835-1921): Fuge G-Dur op. 109&#x2f;2<br/><strong>Bible reading</strong>: Evangelium nach Johannes 16,5-15</p>



<div style="height:30px" aria-hidden="true" class="wp-block-spacer"></div>



<blockquote class="wp-block-quote is-layout-flow wp-block-quote-is-layout-flow" style="font-family:Playfair-Display">
Liturgy: Exaudi<br>
Pfarrerin: Marita Lersner<br>
Organist: Daniel Clark<br>
Location: <a href="/kontakt/#anker-kommen-sie-vorbei">Kirche am Hohenzollernplatz</a>
</blockquote>

</div>

<div style="height:20px" aria-hidden="true" class="wp-block-spacer"></div>



<div class="wp-block-group is-layout-constrained wp-block-group-is-layout-constrained">
<h2 class="wp-block-heading">Listen</h2>




<p>Here you can listen to this NoonSong. If you&#8217;d like to listen to more NoonSongs recordings, please register.</p>

<div class="um-locked-content">
	<div class="um-locked-content-msg">This content has been restricted to logged-in users only. Please <a href="https://noonsong.de/en/login-audio-archive/?redirect_to=https%3A%2F%2Fnoonsong.de%2Fen%2Fwp-json%2Fwp%2Fv2%2Ftribe_events%2F41237">log in</a> to view this content.</div>
</div>
</div>

<div style="height:20px" aria-hidden="true" class="wp-block-spacer"></div>



<div class="wp-block-group is-layout-constrained wp-block-group-is-layout-constrained">

<h2 class="wp-block-heading">Watch</h2>




<p>Experience the recorded live-stream of this NoonSong.</p>





<p>You&#8217;ll find many selected video recordings of NoonSongs and other concerts on our <a href="https://youtube.com/sirventesberlin" target="_blank" rel="noreferrer noopener">YouTube channel</a>.
</p>




<div style="height:1em" aria-hidden="true" class="wp-block-spacer"></div>
<div class="um-locked-content">
	<div class="um-locked-content-msg">This content has been restricted to logged-in users only. Please <a href="https://noonsong.de/en/login-audio-archive/?redirect_to=https%3A%2F%2Fnoonsong.de%2Fen%2Fwp-json%2Fwp%2Fv2%2Ftribe_events%2F41237">log in</a> to view this content.</div>
</div>

<div style="height:20px" aria-hidden="true" class="wp-block-spacer"></div>

</div>

<div style="height:20px" aria-hidden="true" class="wp-block-spacer"></div>



<div class="wp-block-group is-layout-constrained wp-block-group-is-layout-constrained">

<h2 class="wp-block-heading">Programme PDF</h2>




<p>Read more about this NoonSong in the programme document.</p>




<div style="height:1em" aria-hidden="true" class="wp-block-spacer"></div>



<figure class="wp-block-image aligncenter is-resized">
<a target="_blank" rel="noopener noreferrer" href="https://noonsong.de/wp-content/uploads/2024/07/2022-05-28-Liturgie.pdf">
<img decoding="async" src="https://noonsong.de/wp-content/uploads/2024/07/2022-05-28-Liturgie-pdf.jpg" alt="" style="max-height:45em; max-width:61.8%" />
<br>
PDF DOWNLOAD
</a>
</figure>



<div style="height:20px" aria-hidden="true" class="wp-block-spacer"></div>

</div>

<div style="height:50px" aria-hidden="true" class="wp-block-spacer"></div>



<p hidden>, , , , , Valls, Francesc, , Root, George F.; Wurzel, Georg Friedrich; Wurzel, G. Friedrich, , MacMillan, &#8230;; MacM., J.; McMillan, James; Mac Millan, James; MacMillan, James Loy, , , Präludien und Fugen, Orgel, R 97
Präludien und Fugen, Orgel, op. 109
op. 109
R 97, Saint-Saens, Camille; Saint-Saëns, Charles Camille; Saëns, Camille Saint; Saint-Saens, Camillo; Saint-Saens, Camilo; Saint-Saëns, Charles-Camille; Saint-Saëns, Charles Camile; Saint-Saëns, Charles Camille de; Saint-Saëns, C.; Saint-Saëns; Sain-Saëns, Charles C.; Saint Saëns, Charles-Camille; Saëns, Charles-Camille Saint-; Sain-Sans, Kamil; San-Sānsu; Sen-Sans, K.; Sen-Sans, Kamilʹ; Sen-Sans, Šarlʹ Kamilʹ; Saint-Sants, Camille; Saint-Saëns, Camille; Saint-Saëns, Charles-Camille; Saint-Saëns, Charles Camille, Präludien und Fugen, Orgel, R 97
Präludien und Fugen, Orgel, op. 109
op. 109
R 97, Saint-Saens, Camille; Saint-Saëns, Charles Camille; Saëns, Camille Saint; Saint-Saens, Camillo; Saint-Saens, Camilo; Saint-Saëns, Charles-Camille; Saint-Saëns, Charles Camile; Saint-Saëns, Charles Camille de; Saint-Saëns, C.; Saint-Saëns; Sain-Saëns, Charles C.; Saint Saëns, Charles-Camille; Saëns, Charles-Camille Saint-; Sain-Sans, Kamil; San-Sānsu; Sen-Sans, K.; Sen-Sans, Kamilʹ; Sen-Sans, Šarlʹ Kamilʹ; Saint-Sants, Camille; Saint-Saëns, Camille; Saint-Saëns, Charles-Camille; Saint-Saëns, Charles Camille, </p>

<p>Mit einer Psalmvertonung von G.F. Root erklingt ein frühes Zeugnis amerikanischer Musikgeschichte in diesem NoonSong. Root gehört zur ersten Generation von in den USA geborenen Komponisten. Musikalisch steht seine Psalmvertonung in der Tradition des anglikanischen Anthems mit Orgelbegleitung, hymnisch, kraftvoll und textverständlich.</p>
