{"id":41250,"date":"2026-04-26T04:02:27","date_gmt":"2026-04-26T02:02:27","guid":{"rendered":"https:\/\/noonsong.de\/veranstaltung\/noonsong-event-2021-06-12\/"},"modified":"2026-04-26T04:02:27","modified_gmt":"2026-04-26T02:02:27","slug":"noonsong-event-2021-06-12","status":"publish","type":"tribe_events","link":"https:\/\/noonsong.de\/en\/event\/noonsong-event-2021-06-12\/","title":{"rendered":"542. NoonSong am 12.06.2021 um 12:00"},"content":{"rendered":"\n<div class=\"wp-block-group is-layout-constrained wp-block-group-is-layout-constrained\">\n\n<h2 class=\"wp-block-heading\">Programme<\/h2>\n\n\n\n<p>\n<strong>Organ prelude<\/strong>: Johann Sebastian Bach (1685-1750): Pr\u00e4ludium und Fuge E-Dur (BWV 566): Pr\u00e4ludium<br\/><strong>Preces<\/strong>: Reimar Johne (*1969): Preces und Responses f\u00fcr vierstimmig gemischten Chor a cappella<br\/><strong>Psalm of the day<\/strong>: Psalm 70: Gottfried August Homilius (1714-1785): Domine ad adiuvandum me f\u00fcr sechsstimmig gemischten Chor a cappella<br\/><strong>Psalm of the week<\/strong>: Psalm 36: Robert Volkmann (1815-1883): Gottes G\u00fcte f\u00fcr vierstimmig gemischten Chor und Klavier<br\/><strong>Responsorium<\/strong>: gregorianisch\n\n<br\/><strong>Canticle<\/strong>: Fortunato Santini (1778-1862): Sedenti in throno f\u00fcr vierstimmig gemischten Chor a cappella<br\/><strong>Hymn<\/strong>: Johann Cr\u00fcger (1598-1662): Kommt her, ihr seid geladen f\u00fcr vierstimmig gemischten Chor a cappella<br\/><strong>Organ postlude<\/strong>: Johann Sebastian Bach (1685-1750): Pr\u00e4ludium und Fuge E-Dur (BWV 566): Fuge (2)<br\/><strong>Bible reading<\/strong>: Evangelium nach Matth\u00e4us 11,25-30<\/p>\n\n\n\n<div style=\"height:30px\" aria-hidden=\"true\" class=\"wp-block-spacer\"><\/div>\n\n\n\n<blockquote class=\"wp-block-quote is-layout-flow wp-block-quote-is-layout-flow\" style=\"font-family:Playfair-Display\">\nLiturgy: 2. Sonntag nach Trinitatis<br>\nPfarrer: Alexander Brodt-Zabka<br>\nOrganist: Vladimir Magalashvili<br>\nLocation: <a href=\"\/kontakt\/#anker-kommen-sie-vorbei\">Kirche am Hohenzollernplatz<\/a>\n<\/blockquote>\n\n<\/div>\n\n<div style=\"height:20px\" aria-hidden=\"true\" class=\"wp-block-spacer\"><\/div>\n\n\n\n<div class=\"wp-block-group is-layout-constrained wp-block-group-is-layout-constrained\">\n<h2 class=\"wp-block-heading\">Listen<\/h2>\n\n\n\n\n<p>Here you can listen to this NoonSong. If you&#8217;d like to listen to more NoonSongs recordings, please register.<\/p>\n\n<div class=\"um-locked-content\">\n\t<div class=\"um-locked-content-msg\">This content has been restricted to logged-in users only. Please <a href=\"https:\/\/noonsong.de\/en\/login-audio-archive\/?redirect_to=https%3A%2F%2Fnoonsong.de%2Fen%2Fwp-json%2Fwp%2Fv2%2Ftribe_events%2F41250\">log in<\/a> to view this content.<\/div>\n<\/div>\n<\/div>\n\n<div style=\"height:20px\" aria-hidden=\"true\" class=\"wp-block-spacer\"><\/div>\n\n\n\n<div class=\"wp-block-group is-layout-constrained wp-block-group-is-layout-constrained\">\n\n<h2 class=\"wp-block-heading\">Watch<\/h2>\n\n\n\n\n<p>Experience the recorded live-stream of this NoonSong.<\/p>\n\n\n\n\n\n<p>You&#8217;ll find many selected video recordings of NoonSongs and other concerts on our <a href=\"https:\/\/youtube.com\/sirventesberlin\" target=\"_blank\" rel=\"noreferrer noopener\">YouTube channel<\/a>.\n<\/p>\n\n\n\n\n<div style=\"height:1em\" aria-hidden=\"true\" class=\"wp-block-spacer\"><\/div>\n<div class=\"um-locked-content\">\n\t<div class=\"um-locked-content-msg\">This content has been restricted to logged-in users only. Please <a href=\"https:\/\/noonsong.de\/en\/login-audio-archive\/?redirect_to=https%3A%2F%2Fnoonsong.de%2Fen%2Fwp-json%2Fwp%2Fv2%2Ftribe_events%2F41250\">log in<\/a> to view this content.<\/div>\n<\/div>\n\n<div style=\"height:20px\" aria-hidden=\"true\" class=\"wp-block-spacer\"><\/div>\n\n<\/div>\n\n<div style=\"height:20px\" aria-hidden=\"true\" class=\"wp-block-spacer\"><\/div>\n\n\n\n<div class=\"wp-block-group is-layout-constrained wp-block-group-is-layout-constrained\">\n\n<h2 class=\"wp-block-heading\">Programme PDF<\/h2>\n\n\n\n\n<p>Read more about this NoonSong in the programme document.<\/p>\n\n\n\n\n<div style=\"height:1em\" aria-hidden=\"true\" class=\"wp-block-spacer\"><\/div>\n\n\n\n<figure class=\"wp-block-image aligncenter is-resized\">\n<a target=\"_blank\" rel=\"noopener noreferrer\" href=\"https:\/\/noonsong.de\/wp-content\/uploads\/2024\/07\/2021-06-12-Liturgie.pdf\">\n<img decoding=\"async\" src=\"https:\/\/noonsong.de\/wp-content\/uploads\/2024\/07\/2021-06-12-Liturgie-pdf.jpg\" alt=\"\" style=\"max-height:45em; max-width:61.8%\" \/>\n<br>\nPDF DOWNLOAD\n<\/a>\n<\/figure>\n\n\n\n<div style=\"height:20px\" aria-hidden=\"true\" class=\"wp-block-spacer\"><\/div>\n\n<\/div>\n\n<div style=\"height:50px\" aria-hidden=\"true\" class=\"wp-block-spacer\"><\/div>\n\n\n\n<p hidden>, , , , Domine, Homilius, Gottfried; Homilius, Gottfried A.; Hommilius, Gottfried August, Geistliche Ges\u00e4nge, op. 38. Gottes G\u00fcte\nGott, deine G\u00fcte reicht so weit der Himmel ist, Volkmann, Friedrich Robert , , , , Cr\u00fcger, Johann; Cr\u00fcger, Johannes; Cr\u00fcger, J.; Cr\u00fcgerus, Johannes; Kr\u00fcger, Johann; Kr\u00fcger, Johannes, Pr\u00e4ludien und Fugen, BWV 566\nPr\u00e4ludium und Fuge in E (auch C)\nTokkaten, Org BWV 566, Bach; Bach, G. S.; Bach, Iogann Sebast\u02b9jan; Bach, Joh. Sebastian; Bach, Giov. Sebast.; Bach, Jean Sebastien; Bach, Jean Sebastian; Bach, J. Seb.; Bach, Sebastiano; Bach, John Sebastian; Bach, Iogann S.; Bach, Iogann Sebast&#x27;jan; Bach, Iogann Sebastian; Bach, Giovanni Sebastian; Bach, Johan Sebastian; Bach, Joannes Sebastianus; Bach, Giov. Seb.; Bach, Giovanni S.; B\u0101\u1e35, J\u014dh\u0101n Seba\u1e63t\u012b&#x27;\u0101n; Bach, I. S.; Bach, J.-S.; Bach, Giovanni Sebastiano; Bach, Jean-Sebastien; Bach, Sebastian; Bach, Jan Sebastian; Bach, J. S.; Bach, Johann-Sebastian; Bach, Jean S.; Bach, Johannes S.; Bach, Johannes Sebastian; Bach, Joh. Seb.; Bach, Joh.-Seb.; Bach, Joh. Sebas.; Bach, Johann Seb.; Bach, Joh. Sebast.; Bach, Johann S.; Bach, Iogann Sebastjan; Bach, Jean S\u00e9bastien; Bach, Jean-S\u00e9bastien; Bach, Johann; Bakh, Iogann Sebastian, Pr\u00e4ludien und Fugen, Orgel, BWV 566\nPr\u00e4ludium und Fuge in E (auch C)\nTokkaten, Org BWV 566, Bach; Bach, G. S.; Bach, Iogann Sebast\u02b9jan; Bach, Joh. Sebastian; Bach, Giov. Sebast.; Bach, Jean Sebastien; Bach, Jean Sebastian; Bach, J. Seb.; Bach, Sebastiano; Bach, John Sebastian; Bach, Iogann S.; Bach, Iogann Sebast&#x27;jan; Bach, Iogann Sebastian; Bach, Giovanni Sebastian; Bach, Johan Sebastian; Bach, Joannes Sebastianus; Bach, Giov. Seb.; Bach, Giovanni S.; B\u0101\u1e35, J\u014dh\u0101n Seba\u1e63t\u012b&#x27;\u0101n; Bach, I. S.; Bach, J.-S.; Bach, Giovanni Sebastiano; Bach, Jean-Sebastien; Bach, Sebastian; Bach, Jan Sebastian; Bach, J. S.; Bach, Johann-Sebastian; Bach, Jean S.; Bach, Johannes S.; Bach, Johannes Sebastian; Bach, Joh. Seb.; Bach, Joh.-Seb.; Bach, Joh. Sebas.; Bach, Johann Seb.; Bach, Joh. Sebast.; Bach, Johann S.; Bach, Iogann Sebastjan; Bach, Jean S\u00e9bastien; Bach, Jean-S\u00e9bastien; Bach, Johann; Bakh, Iogann Sebastian, <\/p>\n\n","protected":false},"excerpt":{"rendered":"<p style='position:absolute'>&nbsp;<\/p>\n","protected":false},"author":16,"featured_media":19209,"template":"","meta":{"_et_pb_use_builder":"","_et_pb_old_content":"","_et_gb_content_width":"","_tribe_events_status":"","_tribe_events_status_reason":"","footnotes":""},"tags":[173,598,140,105,196,491],"tribe_events_cat":[722,743,723,711,712,716,717,727,719,729,708,735,725,744,720],"class_list":["post-41250","tribe_events","type-tribe_events","status-publish","has-post-thumbnail","hentry","tag-fortunato-santini","tag-gottfried-august-homilius-2","tag-johann-crueger","tag-johann-sebastian-bach","tag-reimar-johne","tag-robert-volkmann","tribe_events_cat-20-jahrhundert","tribe_events_cat-audio","tribe_events_cat-barock","tribe_events_cat-berlin","tribe_events_cat-chor","tribe_events_cat-gottesdienst","tribe_events_cat-kirche","tribe_events_cat-klassik","tribe_events_cat-konzert","tribe_events_cat-liturgie","tribe_events_cat-noonsong","tribe_events_cat-pdf","tribe_events_cat-romantik","tribe_events_cat-video","tribe_events_cat-vokal","cat_20-jahrhundert","cat_audio","cat_barock","cat_berlin","cat_chor","cat_gottesdienst","cat_kirche","cat_klassik","cat_konzert","cat_liturgie","cat_noonsong","cat_pdf","cat_romantik","cat_video","cat_vokal"],"acf":[],"_links":{"self":[{"href":"https:\/\/noonsong.de\/en\/wp-json\/wp\/v2\/tribe_events\/41250","targetHints":{"allow":["GET"]}}],"collection":[{"href":"https:\/\/noonsong.de\/en\/wp-json\/wp\/v2\/tribe_events"}],"about":[{"href":"https:\/\/noonsong.de\/en\/wp-json\/wp\/v2\/types\/tribe_events"}],"author":[{"embeddable":true,"href":"https:\/\/noonsong.de\/en\/wp-json\/wp\/v2\/users\/16"}],"version-history":[{"count":1,"href":"https:\/\/noonsong.de\/en\/wp-json\/wp\/v2\/tribe_events\/41250\/revisions"}],"predecessor-version":[{"id":56105,"href":"https:\/\/noonsong.de\/en\/wp-json\/wp\/v2\/tribe_events\/41250\/revisions\/56105"}],"wp:featuredmedia":[{"embeddable":true,"href":"https:\/\/noonsong.de\/en\/wp-json\/wp\/v2\/media\/19209"}],"wp:attachment":[{"href":"https:\/\/noonsong.de\/en\/wp-json\/wp\/v2\/media?parent=41250"}],"wp:term":[{"taxonomy":"post_tag","embeddable":true,"href":"https:\/\/noonsong.de\/en\/wp-json\/wp\/v2\/tags?post=41250"},{"taxonomy":"tribe_events_cat","embeddable":true,"href":"https:\/\/noonsong.de\/en\/wp-json\/wp\/v2\/tribe_events_cat?post=41250"}],"curies":[{"name":"wp","href":"https:\/\/api.w.org\/{rel}","templated":true}]}}

<div class="wp-block-group is-layout-constrained wp-block-group-is-layout-constrained">

<h2 class="wp-block-heading">Programme</h2>



<p>
<strong>Organ prelude</strong>: Johann Sebastian Bach (1685-1750): Präludium und Fuge E-Dur (BWV 566): Präludium<br/><strong>Preces</strong>: Reimar Johne (*1969): Preces und Responses für vierstimmig gemischten Chor a cappella<br/><strong>Psalm of the day</strong>: Psalm 70: Gottfried August Homilius (1714-1785): Domine ad adiuvandum me für sechsstimmig gemischten Chor a cappella<br/><strong>Psalm of the week</strong>: Psalm 36: Robert Volkmann (1815-1883): Gottes Güte für vierstimmig gemischten Chor und Klavier<br/><strong>Responsorium</strong>: gregorianisch

<br/><strong>Canticle</strong>: Fortunato Santini (1778-1862): Sedenti in throno für vierstimmig gemischten Chor a cappella<br/><strong>Hymn</strong>: Johann Crüger (1598-1662): Kommt her, ihr seid geladen für vierstimmig gemischten Chor a cappella<br/><strong>Organ postlude</strong>: Johann Sebastian Bach (1685-1750): Präludium und Fuge E-Dur (BWV 566): Fuge (2)<br/><strong>Bible reading</strong>: Evangelium nach Matthäus 11,25-30</p>



<div style="height:30px" aria-hidden="true" class="wp-block-spacer"></div>



<blockquote class="wp-block-quote is-layout-flow wp-block-quote-is-layout-flow" style="font-family:Playfair-Display">
Liturgy: 2. Sonntag nach Trinitatis<br>
Pfarrer: Alexander Brodt-Zabka<br>
Organist: Vladimir Magalashvili<br>
Location: <a href="/kontakt/#anker-kommen-sie-vorbei">Kirche am Hohenzollernplatz</a>
</blockquote>

</div>

<div style="height:20px" aria-hidden="true" class="wp-block-spacer"></div>



<div class="wp-block-group is-layout-constrained wp-block-group-is-layout-constrained">
<h2 class="wp-block-heading">Listen</h2>




<p>Here you can listen to this NoonSong. If you&#8217;d like to listen to more NoonSongs recordings, please register.</p>

<div class="um-locked-content">
	<div class="um-locked-content-msg">This content has been restricted to logged-in users only. Please <a href="https://noonsong.de/en/login-audio-archive/?redirect_to=https%3A%2F%2Fnoonsong.de%2Fen%2Fwp-json%2Fwp%2Fv2%2Ftribe_events%2F41250">log in</a> to view this content.</div>
</div>
</div>

<div style="height:20px" aria-hidden="true" class="wp-block-spacer"></div>



<div class="wp-block-group is-layout-constrained wp-block-group-is-layout-constrained">

<h2 class="wp-block-heading">Watch</h2>




<p>Experience the recorded live-stream of this NoonSong.</p>





<p>You&#8217;ll find many selected video recordings of NoonSongs and other concerts on our <a href="https://youtube.com/sirventesberlin" target="_blank" rel="noreferrer noopener">YouTube channel</a>.
</p>




<div style="height:1em" aria-hidden="true" class="wp-block-spacer"></div>
<div class="um-locked-content">
	<div class="um-locked-content-msg">This content has been restricted to logged-in users only. Please <a href="https://noonsong.de/en/login-audio-archive/?redirect_to=https%3A%2F%2Fnoonsong.de%2Fen%2Fwp-json%2Fwp%2Fv2%2Ftribe_events%2F41250">log in</a> to view this content.</div>
</div>

<div style="height:20px" aria-hidden="true" class="wp-block-spacer"></div>

</div>

<div style="height:20px" aria-hidden="true" class="wp-block-spacer"></div>



<div class="wp-block-group is-layout-constrained wp-block-group-is-layout-constrained">

<h2 class="wp-block-heading">Programme PDF</h2>




<p>Read more about this NoonSong in the programme document.</p>




<div style="height:1em" aria-hidden="true" class="wp-block-spacer"></div>



<figure class="wp-block-image aligncenter is-resized">
<a target="_blank" rel="noopener noreferrer" href="https://noonsong.de/wp-content/uploads/2024/07/2021-06-12-Liturgie.pdf">
<img decoding="async" src="https://noonsong.de/wp-content/uploads/2024/07/2021-06-12-Liturgie-pdf.jpg" alt="" style="max-height:45em; max-width:61.8%" />
<br>
PDF DOWNLOAD
</a>
</figure>



<div style="height:20px" aria-hidden="true" class="wp-block-spacer"></div>

</div>

<div style="height:50px" aria-hidden="true" class="wp-block-spacer"></div>



<p hidden>, , , , Domine, Homilius, Gottfried; Homilius, Gottfried A.; Hommilius, Gottfried August, Geistliche Gesänge, op. 38. Gottes Güte
Gott, deine Güte reicht so weit der Himmel ist, Volkmann, Friedrich Robert , , , , Crüger, Johann; Crüger, Johannes; Crüger, J.; Crügerus, Johannes; Krüger, Johann; Krüger, Johannes, Präludien und Fugen, BWV 566
Präludium und Fuge in E (auch C)
Tokkaten, Org BWV 566, Bach; Bach, G. S.; Bach, Iogann Sebastʹjan; Bach, Joh. Sebastian; Bach, Giov. Sebast.; Bach, Jean Sebastien; Bach, Jean Sebastian; Bach, J. Seb.; Bach, Sebastiano; Bach, John Sebastian; Bach, Iogann S.; Bach, Iogann Sebast&#x27;jan; Bach, Iogann Sebastian; Bach, Giovanni Sebastian; Bach, Johan Sebastian; Bach, Joannes Sebastianus; Bach, Giov. Seb.; Bach, Giovanni S.; Bāḵ, Jōhān Sebaṣtī&#x27;ān; Bach, I. S.; Bach, J.-S.; Bach, Giovanni Sebastiano; Bach, Jean-Sebastien; Bach, Sebastian; Bach, Jan Sebastian; Bach, J. S.; Bach, Johann-Sebastian; Bach, Jean S.; Bach, Johannes S.; Bach, Johannes Sebastian; Bach, Joh. Seb.; Bach, Joh.-Seb.; Bach, Joh. Sebas.; Bach, Johann Seb.; Bach, Joh. Sebast.; Bach, Johann S.; Bach, Iogann Sebastjan; Bach, Jean Sébastien; Bach, Jean-Sébastien; Bach, Johann; Bakh, Iogann Sebastian, Präludien und Fugen, Orgel, BWV 566
Präludium und Fuge in E (auch C)
Tokkaten, Org BWV 566, Bach; Bach, G. S.; Bach, Iogann Sebastʹjan; Bach, Joh. Sebastian; Bach, Giov. Sebast.; Bach, Jean Sebastien; Bach, Jean Sebastian; Bach, J. Seb.; Bach, Sebastiano; Bach, John Sebastian; Bach, Iogann S.; Bach, Iogann Sebast&#x27;jan; Bach, Iogann Sebastian; Bach, Giovanni Sebastian; Bach, Johan Sebastian; Bach, Joannes Sebastianus; Bach, Giov. Seb.; Bach, Giovanni S.; Bāḵ, Jōhān Sebaṣtī&#x27;ān; Bach, I. S.; Bach, J.-S.; Bach, Giovanni Sebastiano; Bach, Jean-Sebastien; Bach, Sebastian; Bach, Jan Sebastian; Bach, J. S.; Bach, Johann-Sebastian; Bach, Jean S.; Bach, Johannes S.; Bach, Johannes Sebastian; Bach, Joh. Seb.; Bach, Joh.-Seb.; Bach, Joh. Sebas.; Bach, Johann Seb.; Bach, Joh. Sebast.; Bach, Johann S.; Bach, Iogann Sebastjan; Bach, Jean Sébastien; Bach, Jean-Sébastien; Bach, Johann; Bakh, Iogann Sebastian, </p>
