{"id":41274,"date":"2025-07-07T21:36:02","date_gmt":"2025-07-07T19:36:02","guid":{"rendered":"https:\/\/noonsong.de\/veranstaltung\/noonsong-event-2014-06-07\/"},"modified":"2025-07-07T21:36:02","modified_gmt":"2025-07-07T19:36:02","slug":"noonsong-event-2014-06-07","status":"publish","type":"tribe_events","link":"https:\/\/noonsong.de\/en\/event\/noonsong-event-2014-06-07\/","title":{"rendered":"248. NoonSong am 07.06.2014 um 12:00"},"content":{"rendered":"\n<div class=\"wp-block-group is-layout-constrained wp-block-group-is-layout-constrained\">\n\n<h2 class=\"wp-block-heading\">Programme<\/h2>\n\n\n\n<p>\n<strong>Organ prelude<\/strong>: Olivier Messiaen (1908-1992): Entr\u00e9e, aus der Pfingst-Messe<br\/><strong>Preces<\/strong>: Kenneth Leighton (1929-1988): Preces &amp; Responses f\u00fcr vierstimmig gemischten Chor a cappella<br\/><strong>Psalm of the day<\/strong>: Psalm 48: Edward Elgar (1857-1937): Great is the Lord (op. 67) f\u00fcr vierstimmig gemischten Chor a cappella<br\/><strong>Psalm of the week<\/strong>: Psalm 104,3: Franz Josef Sch\u00fctky (1817-1893): Emitte Spiritum tuum f\u00fcr vierstimmig gemischten Chor a cappella<br\/><strong>Responsorium<\/strong>: gregorianisch\n\n<br\/><strong>Canticle<\/strong>: Vytautas Mi\u0161kinis (*1954): Veni sancte spiritus f\u00fcr achtstimmig gemischten Chor a cappella<br\/><strong>Hymn<\/strong>: Johann Sebastian Bach (1685-1750): Komm, Gott Sch\u00f6pfer, Heiliger Geist f\u00fcr vierstimmig gemischten Chor a cappella<br\/><strong>Organ postlude<\/strong>: Olivier Messiaen (1908-1992): Sortie, aus der Pfingstmesse<br\/><strong>Bible reading<\/strong>: Evangelium nach Johannes 16,5-15<\/p>\n\n\n\n<div style=\"height:30px\" aria-hidden=\"true\" class=\"wp-block-spacer\"><\/div>\n\n\n\n<blockquote class=\"wp-block-quote is-layout-flow wp-block-quote-is-layout-flow\" style=\"font-family:Playfair-Display\">\nLiturgy: Pfingsten<br>\nPfarrer: Dr. Sebastian W. Stork<br>\nOrganist: Peter Uehling<br>\nLocation: <a href=\"\/kontakt\/#anker-kommen-sie-vorbei\">Kirche am Hohenzollernplatz<\/a>\n<\/blockquote>\n\n<\/div>\n\n<div style=\"height:20px\" aria-hidden=\"true\" class=\"wp-block-spacer\"><\/div>\n\n\n\n<div class=\"wp-block-group is-layout-constrained wp-block-group-is-layout-constrained\">\n<h2 class=\"wp-block-heading\">Listen<\/h2>\n\n\n\n\n<p>Here you can listen to this NoonSong. If you&#8217;d like to listen to more NoonSongs recordings, please register.<\/p>\n\n<div class=\"um-locked-content\">\n\t<div class=\"um-locked-content-msg\">This content has been restricted to logged-in users only. Please <a href=\"https:\/\/noonsong.de\/en\/login-audio-archive\/?redirect_to=https%3A%2F%2Fnoonsong.de%2Fen%2Fwp-json%2Fwp%2Fv2%2Ftribe_events%2F41274\">log in<\/a> to view this content.<\/div>\n<\/div>\n<\/div>\n\n<div style=\"height:20px\" aria-hidden=\"true\" class=\"wp-block-spacer\"><\/div>\n\n\n\n<div class=\"wp-block-group is-layout-constrained wp-block-group-is-layout-constrained\">\n\n<h2 class=\"wp-block-heading\">Programme PDF<\/h2>\n\n\n\n\n<p>Read more about this NoonSong in the programme document.<\/p>\n\n\n\n\n<div style=\"height:1em\" aria-hidden=\"true\" class=\"wp-block-spacer\"><\/div>\n\n\n\n<figure class=\"wp-block-image aligncenter is-resized\">\n<a target=\"_blank\" rel=\"noopener noreferrer\" href=\"https:\/\/noonsong.de\/wp-content\/uploads\/2024\/07\/2014-06-07-Liturgie.pdf\">\n<img decoding=\"async\" src=\"https:\/\/noonsong.de\/wp-content\/uploads\/2024\/07\/2014-06-07-Liturgie-pdf.jpg\" alt=\"\" style=\"max-height:45em; max-width:61.8%\" \/>\n<br>\nPDF DOWNLOAD\n<\/a>\n<\/figure>\n\n\n\n<div style=\"height:20px\" aria-hidden=\"true\" class=\"wp-block-spacer\"><\/div>\n\n<\/div>\n\n<div style=\"height:50px\" aria-hidden=\"true\" class=\"wp-block-spacer\"><\/div>\n\n\n\n<p hidden>, , , , , Elgar, Sir Edward; Francke, Gustav; Elgar, E.; Elgar, &#8230;; Elgar, Edward W.; Elgar, Edward William; Elgar, Edgar William, Emitte spiritum\nop. 8, Schuetky, Franz Joseph; Sch\u00fctky, Franc. Jos.; Sch\u00fcttky, Franz Josef; Sch\u00fcttky, Franz Joseph; Sch\u00fctky, Joseph; Sch\u00fcttky, Joseph; Sch\u00fctky, Fr. Jos.; Sch\u00fctky, Franz J.; Sch\u00fctky, Franc Jos.; Sch\u00fctky, Franz Joseph, , , Chor\u00e4le aus der Sammlung &quot;Joh. Seb. Bachs vierstimmige Choralges\u00e4nge&quot;. Komm, Gott Sch\u00f6pfer, heiliger Geist\nChor\u00e4le, BWV 253-438. Komm, Gott Sch\u00f6pfer, heiliger Geist\nChor\u00e4le BWV 253 &#8211; 438. Komm, Gott Sch\u00f6pfer, heiliger Geist\nChor\u00e4le, BWV 370\nKomm, Gott Sch\u00f6pfer, heiliger Geist\nBWV 370, Bach; Bach, G. S.; Bach, Iogann Sebast\u02b9jan; Bach, Joh. Sebastian; Bach, Giov. Sebast.; Bach, Jean Sebastien; Bach, Jean Sebastian; Bach, J. Seb.; Bach, Sebastiano; Bach, John Sebastian; Bach, Iogann S.; Bach, Iogann Sebast&#x27;jan; Bach, Iogann Sebastian; Bach, Giovanni Sebastian; Bach, Johan Sebastian; Bach, Joannes Sebastianus; Bach, Giov. Seb.; Bach, Giovanni S.; B\u0101\u1e35, J\u014dh\u0101n Seba\u1e63t\u012b&#x27;\u0101n; Bach, I. S.; Bach, J.-S.; Bach, Giovanni Sebastiano; Bach, Jean-Sebastien; Bach, Sebastian; Bach, Jan Sebastian; Bach, J. S.; Bach, Johann-Sebastian; Bach, Jean S.; Bach, Johannes S.; Bach, Johannes Sebastian; Bach, Joh. Seb.; Bach, Joh.-Seb.; Bach, Joh. Sebas.; Bach, Johann Seb.; Bach, Joh. Sebast.; Bach, Johann S.; Bach, Iogann Sebastjan; Bach, Jean S\u00e9bastien; Bach, Jean-S\u00e9bastien; Bach, Johann; Bakh, Iogann Sebastian, Messe de la Pentec\u00f4te\nPfingstmesse\nPentecost mass, Messiaen, &#8230;; Messiaen, Olivier Eug\u00e8ne; Messia\u00ebn, Olivier Eug\u00e8ne; Messian, O.; Messian, Oliv\u02b9e; Messian, Olivier; Messiaen, O.; Messiaen, Olivier Eug\u00e8ne Prosper Charles; Messiaen, Oliver, Messe de la Pentec\u00f4te\nPfingstmesse\nPentecost mass, Messiaen, &#8230;; Messiaen, Olivier Eug\u00e8ne; Messia\u00ebn, Olivier Eug\u00e8ne; Messian, O.; Messian, Oliv\u02b9e; Messian, Olivier; Messiaen, O.; Messiaen, Olivier Eug\u00e8ne Prosper Charles; Messiaen, Oliver, <\/p>\n\n","protected":false},"excerpt":{"rendered":"<p style='position:absolute'>&nbsp;<\/p>\n","protected":false},"author":16,"featured_media":18433,"template":"","meta":{"_et_pb_use_builder":"","_et_pb_old_content":"","_et_gb_content_width":"","_tribe_events_status":"","_tribe_events_status_reason":"","footnotes":""},"tags":[204,450,105,137,208,456],"tribe_events_cat":[722,741,743,726,723,711,712,716,717,719,729,708,735,725,720],"class_list":["post-41274","tribe_events","type-tribe_events","status-publish","has-post-thumbnail","hentry","tag-edward-elgar","tag-franz-josef-schuetky","tag-johann-sebastian-bach","tag-kenneth-leighton","tag-olivier-messiaen","tag-vytautas-miskinis","tribe_events_cat-20-jahrhundert","tribe_events_cat-21-jahrhundert","tribe_events_cat-audio","tribe_events_cat-avantgarde","tribe_events_cat-barock","tribe_events_cat-berlin","tribe_events_cat-chor","tribe_events_cat-gottesdienst","tribe_events_cat-kirche","tribe_events_cat-konzert","tribe_events_cat-liturgie","tribe_events_cat-noonsong","tribe_events_cat-pdf","tribe_events_cat-romantik","tribe_events_cat-vokal","cat_20-jahrhundert","cat_21-jahrhundert","cat_audio","cat_avantgarde","cat_barock","cat_berlin","cat_chor","cat_gottesdienst","cat_kirche","cat_konzert","cat_liturgie","cat_noonsong","cat_pdf","cat_romantik","cat_vokal"],"acf":[],"_links":{"self":[{"href":"https:\/\/noonsong.de\/en\/wp-json\/wp\/v2\/tribe_events\/41274","targetHints":{"allow":["GET"]}}],"collection":[{"href":"https:\/\/noonsong.de\/en\/wp-json\/wp\/v2\/tribe_events"}],"about":[{"href":"https:\/\/noonsong.de\/en\/wp-json\/wp\/v2\/types\/tribe_events"}],"author":[{"embeddable":true,"href":"https:\/\/noonsong.de\/en\/wp-json\/wp\/v2\/users\/16"}],"version-history":[{"count":1,"href":"https:\/\/noonsong.de\/en\/wp-json\/wp\/v2\/tribe_events\/41274\/revisions"}],"predecessor-version":[{"id":56972,"href":"https:\/\/noonsong.de\/en\/wp-json\/wp\/v2\/tribe_events\/41274\/revisions\/56972"}],"wp:featuredmedia":[{"embeddable":true,"href":"https:\/\/noonsong.de\/en\/wp-json\/wp\/v2\/media\/18433"}],"wp:attachment":[{"href":"https:\/\/noonsong.de\/en\/wp-json\/wp\/v2\/media?parent=41274"}],"wp:term":[{"taxonomy":"post_tag","embeddable":true,"href":"https:\/\/noonsong.de\/en\/wp-json\/wp\/v2\/tags?post=41274"},{"taxonomy":"tribe_events_cat","embeddable":true,"href":"https:\/\/noonsong.de\/en\/wp-json\/wp\/v2\/tribe_events_cat?post=41274"}],"curies":[{"name":"wp","href":"https:\/\/api.w.org\/{rel}","templated":true}]}}

<div class="wp-block-group is-layout-constrained wp-block-group-is-layout-constrained">

<h2 class="wp-block-heading">Programme</h2>



<p>
<strong>Organ prelude</strong>: Olivier Messiaen (1908-1992): Entrée, aus der Pfingst-Messe<br/><strong>Preces</strong>: Kenneth Leighton (1929-1988): Preces &amp; Responses für vierstimmig gemischten Chor a cappella<br/><strong>Psalm of the day</strong>: Psalm 48: Edward Elgar (1857-1937): Great is the Lord (op. 67) für vierstimmig gemischten Chor a cappella<br/><strong>Psalm of the week</strong>: Psalm 104,3: Franz Josef Schütky (1817-1893): Emitte Spiritum tuum für vierstimmig gemischten Chor a cappella<br/><strong>Responsorium</strong>: gregorianisch

<br/><strong>Canticle</strong>: Vytautas Miškinis (*1954): Veni sancte spiritus für achtstimmig gemischten Chor a cappella<br/><strong>Hymn</strong>: Johann Sebastian Bach (1685-1750): Komm, Gott Schöpfer, Heiliger Geist für vierstimmig gemischten Chor a cappella<br/><strong>Organ postlude</strong>: Olivier Messiaen (1908-1992): Sortie, aus der Pfingstmesse<br/><strong>Bible reading</strong>: Evangelium nach Johannes 16,5-15</p>



<div style="height:30px" aria-hidden="true" class="wp-block-spacer"></div>



<blockquote class="wp-block-quote is-layout-flow wp-block-quote-is-layout-flow" style="font-family:Playfair-Display">
Liturgy: Pfingsten<br>
Pfarrer: Dr. Sebastian W. Stork<br>
Organist: Peter Uehling<br>
Location: <a href="/kontakt/#anker-kommen-sie-vorbei">Kirche am Hohenzollernplatz</a>
</blockquote>

</div>

<div style="height:20px" aria-hidden="true" class="wp-block-spacer"></div>



<div class="wp-block-group is-layout-constrained wp-block-group-is-layout-constrained">
<h2 class="wp-block-heading">Listen</h2>




<p>Here you can listen to this NoonSong. If you&#8217;d like to listen to more NoonSongs recordings, please register.</p>

<div class="um-locked-content">
	<div class="um-locked-content-msg">This content has been restricted to logged-in users only. Please <a href="https://noonsong.de/en/login-audio-archive/?redirect_to=https%3A%2F%2Fnoonsong.de%2Fen%2Fwp-json%2Fwp%2Fv2%2Ftribe_events%2F41274">log in</a> to view this content.</div>
</div>
</div>

<div style="height:20px" aria-hidden="true" class="wp-block-spacer"></div>



<div class="wp-block-group is-layout-constrained wp-block-group-is-layout-constrained">

<h2 class="wp-block-heading">Programme PDF</h2>




<p>Read more about this NoonSong in the programme document.</p>




<div style="height:1em" aria-hidden="true" class="wp-block-spacer"></div>



<figure class="wp-block-image aligncenter is-resized">
<a target="_blank" rel="noopener noreferrer" href="https://noonsong.de/wp-content/uploads/2024/07/2014-06-07-Liturgie.pdf">
<img decoding="async" src="https://noonsong.de/wp-content/uploads/2024/07/2014-06-07-Liturgie-pdf.jpg" alt="" style="max-height:45em; max-width:61.8%" />
<br>
PDF DOWNLOAD
</a>
</figure>



<div style="height:20px" aria-hidden="true" class="wp-block-spacer"></div>

</div>

<div style="height:50px" aria-hidden="true" class="wp-block-spacer"></div>



<p hidden>, , , , , Elgar, Sir Edward; Francke, Gustav; Elgar, E.; Elgar, &#8230;; Elgar, Edward W.; Elgar, Edward William; Elgar, Edgar William, Emitte spiritum
op. 8, Schuetky, Franz Joseph; Schütky, Franc. Jos.; Schüttky, Franz Josef; Schüttky, Franz Joseph; Schütky, Joseph; Schüttky, Joseph; Schütky, Fr. Jos.; Schütky, Franz J.; Schütky, Franc Jos.; Schütky, Franz Joseph, , , Choräle aus der Sammlung &quot;Joh. Seb. Bachs vierstimmige Choralgesänge&quot;. Komm, Gott Schöpfer, heiliger Geist
Choräle, BWV 253-438. Komm, Gott Schöpfer, heiliger Geist
Choräle BWV 253 &#8211; 438. Komm, Gott Schöpfer, heiliger Geist
Choräle, BWV 370
Komm, Gott Schöpfer, heiliger Geist
BWV 370, Bach; Bach, G. S.; Bach, Iogann Sebastʹjan; Bach, Joh. Sebastian; Bach, Giov. Sebast.; Bach, Jean Sebastien; Bach, Jean Sebastian; Bach, J. Seb.; Bach, Sebastiano; Bach, John Sebastian; Bach, Iogann S.; Bach, Iogann Sebast&#x27;jan; Bach, Iogann Sebastian; Bach, Giovanni Sebastian; Bach, Johan Sebastian; Bach, Joannes Sebastianus; Bach, Giov. Seb.; Bach, Giovanni S.; Bāḵ, Jōhān Sebaṣtī&#x27;ān; Bach, I. S.; Bach, J.-S.; Bach, Giovanni Sebastiano; Bach, Jean-Sebastien; Bach, Sebastian; Bach, Jan Sebastian; Bach, J. S.; Bach, Johann-Sebastian; Bach, Jean S.; Bach, Johannes S.; Bach, Johannes Sebastian; Bach, Joh. Seb.; Bach, Joh.-Seb.; Bach, Joh. Sebas.; Bach, Johann Seb.; Bach, Joh. Sebast.; Bach, Johann S.; Bach, Iogann Sebastjan; Bach, Jean Sébastien; Bach, Jean-Sébastien; Bach, Johann; Bakh, Iogann Sebastian, Messe de la Pentecôte
Pfingstmesse
Pentecost mass, Messiaen, &#8230;; Messiaen, Olivier Eugène; Messiaën, Olivier Eugène; Messian, O.; Messian, Olivʹe; Messian, Olivier; Messiaen, O.; Messiaen, Olivier Eugène Prosper Charles; Messiaen, Oliver, Messe de la Pentecôte
Pfingstmesse
Pentecost mass, Messiaen, &#8230;; Messiaen, Olivier Eugène; Messiaën, Olivier Eugène; Messian, O.; Messian, Olivʹe; Messian, Olivier; Messiaen, O.; Messiaen, Olivier Eugène Prosper Charles; Messiaen, Oliver, </p>
