{"id":41305,"date":"2025-07-07T21:39:50","date_gmt":"2025-07-07T19:39:50","guid":{"rendered":"https:\/\/noonsong.de\/veranstaltung\/noonsong-event-2009-03-14\/"},"modified":"2025-07-07T21:39:50","modified_gmt":"2025-07-07T19:39:50","slug":"noonsong-event-2009-03-14","status":"publish","type":"tribe_events","link":"https:\/\/noonsong.de\/en\/event\/noonsong-event-2009-03-14\/","title":{"rendered":"18. NoonSong am 14.03.2009 um 12:00"},"content":{"rendered":"\n<div class=\"wp-block-group is-layout-constrained wp-block-group-is-layout-constrained\">\n\n<h2 class=\"wp-block-heading\">Programme<\/h2>\n\n\n\n<p>\n<strong>Organ prelude<\/strong>: Max Reger (1873-1916): O Welt ich muss dich lassen<br\/><strong>Preces<\/strong>: Anthony Hunt: Preces &amp; Responses f\u00fcr vierstimmig gemischten Chor a cappella<br\/><strong>Psalm of the day<\/strong>: Psalm 31,10-18: Orlando di Lasso (ca. 1532-1594): Timor et tremor f\u00fcr sechsstimmig gemischten Chor a cappella<br\/><strong>Psalm of the week<\/strong>: Psalm 25b: Johann Hermann Schein (1586-1630): Wende dich Herr, und sei mir gn\u00e4dig f\u00fcr f\u00fcnfstimmig gemischten Chor a cappella<br\/><strong>Responsorium<\/strong>: gregorianisch\n\n<br\/><strong>Canticle<\/strong>: Johann Ernst Eberlin (1702-1762): Christus factus est f\u00fcr vierstimmig gemischten Chor a cappella<br\/><strong>Hymn<\/strong>: Bartholom\u00e4us Gesius (1562-1613): Wenn meine S\u00fcnd mich kr\u00e4nken f\u00fcr vierstimmig gemischten Chor a cappella<br\/><strong>Organ postlude<\/strong>: Olivier Messiaen (1908-1992): Le banquet c\u00e9leste (Das himmlische Gastmahl)<\/p>\n\n\n\n<div style=\"height:30px\" aria-hidden=\"true\" class=\"wp-block-spacer\"><\/div>\n\n\n\n<blockquote class=\"wp-block-quote is-layout-flow wp-block-quote-is-layout-flow\" style=\"font-family:Playfair-Display\">\nLiturgy: Okuli<br>\nPfarrer: Markus B\u00f6ttcher<br>\nOrganist: Rudolf Seidel<br>\nLocation: <a href=\"\/kontakt\/#anker-kommen-sie-vorbei\">Kirche am Hohenzollernplatz<\/a>\n<\/blockquote>\n\n<\/div>\n\n<div style=\"height:20px\" aria-hidden=\"true\" class=\"wp-block-spacer\"><\/div>\n\n\n\n<div class=\"wp-block-group is-layout-constrained wp-block-group-is-layout-constrained\">\n\n<h2 class=\"wp-block-heading\">Programme PDF<\/h2>\n\n\n\n\n<p>Read more about this NoonSong in the programme document.<\/p>\n\n\n\n\n<div style=\"height:1em\" aria-hidden=\"true\" class=\"wp-block-spacer\"><\/div>\n\n\n\n<figure class=\"wp-block-image aligncenter is-resized\">\n<a target=\"_blank\" rel=\"noopener noreferrer\" href=\"https:\/\/noonsong.de\/wp-content\/uploads\/2024\/07\/2009-03-14-Liturgie.pdf\">\n<img decoding=\"async\" src=\"https:\/\/noonsong.de\/wp-content\/uploads\/2024\/07\/2009-03-14-Liturgie-pdf.jpg\" alt=\"\" style=\"max-height:45em; max-width:61.8%\" \/>\n<br>\nPDF DOWNLOAD\n<\/a>\n<\/figure>\n\n\n\n<div style=\"height:20px\" aria-hidden=\"true\" class=\"wp-block-spacer\"><\/div>\n\n<\/div>\n\n<div style=\"height:50px\" aria-hidden=\"true\" class=\"wp-block-spacer\"><\/div>\n\n\n\n<p hidden>, , Timor et tremor, Lasso, Orlando di; Lasso, Orlando de; Lassus, Rolando di; DiLasso, Orlando; Lassus, Orlandus di; Lassus, Orlando di; Lassus, Orlande de; Lassus, Rolando de; Lasso, Orlandi di; Lassus, Rolland de; Lassus, Orlando de; Orlando, Di Lasso; Lassvs, Orlando de; Di Lasso, Orlando; Lassus, Orlandus; Orlande De Lassus; Lassus, Roland de; De Lassus, Orlandus; De Lassus, Roland; Lassus, Orlandus de; Lassus, Orland de; De Lassus, Orland, Fontana d&#x27;Israel. Wende dich, Herr, und sei mir gn\u00e4dig\nWende dich, Herr, und sei mir gn\u00e4dig, Schein, Joh. Herm.; Schein, Johan-Herman; Schein, J. H.; Schein, Johann H.; Schein, Johann-Hermann; Scheinius, Johann Hermannus; Schein, Johan Herman; Schein, Hermann; Schein, Iohan-Hermanus; Schein, Johan-Hermanus; Schein, Johannes Hermann; Schein, Johann Herman; Schein, J.H.; Schein, Joan-Herman, , \t; Eberlin, Giovanni Ernesto; Eberlin, Johannes Ernestus; Eberlin, Joannes Ernestus; Eberlin, Johann Ernest; Eberlin, Joh. Ernest; Eberlin, J. F.; Eberlin, Ernesto d&#x27;; Eberlin, Johann E.; Eberlin, Ernst, , Gese, Bartholom\u00e4us; G\u00f6se, Bartholomaeus; G\u00f6\u00df, Bartholomaeus; Gesius, Bartholomaeus; Gesius, Bartholomeus; Gesius, B., Leicht ausf\u00fchrbare Vorspiele zu den gebr\u00e4uchlichsten evangelischen Chor\u00e4len, op. 67. O Welt, ich mu\u00df dich lassen\nO Welt, ich mu\u00df dich lassen\nop. 67,33\n, Reger, Max; Reger, Johann Baptist Joseph Maximilian; Reger, M.; Reger, &#8230;; Reger, Maks; R\u0113gers, M., The celestial banquet\nDas himmlische Gastmahl\nThe heavenly feast, Messiaen, &#8230;; Messiaen, Olivier Eug\u00e8ne; Messia\u00ebn, Olivier Eug\u00e8ne; Messian, O.; Messian, Oliv\u02b9e; Messian, Olivier; Messiaen, O.; Messiaen, Olivier Eug\u00e8ne Prosper Charles; Messiaen, Oliver, <\/p>\n\n","protected":false},"excerpt":{"rendered":"<p style='position:absolute'>&nbsp;<\/p>\n","protected":false},"author":16,"featured_media":4769,"template":"","meta":{"_et_pb_use_builder":"","_et_pb_old_content":"","_et_gb_content_width":"","_tribe_events_status":"","_tribe_events_status_reason":"","footnotes":""},"tags":[277,91,275,132,226,208,152],"tribe_events_cat":[722,726,723,711,712,716,717,727,719,729,708,735,724,725,720],"class_list":["post-41305","tribe_events","type-tribe_events","status-publish","has-post-thumbnail","hentry","tag-anthony-hunt","tag-bartholomaeus-gesius","tag-johann-ernst-eberlin","tag-johann-hermann-schein","tag-max-reger","tag-olivier-messiaen","tag-orlando-di-lasso","tribe_events_cat-20-jahrhundert","tribe_events_cat-avantgarde","tribe_events_cat-barock","tribe_events_cat-berlin","tribe_events_cat-chor","tribe_events_cat-gottesdienst","tribe_events_cat-kirche","tribe_events_cat-klassik","tribe_events_cat-konzert","tribe_events_cat-liturgie","tribe_events_cat-noonsong","tribe_events_cat-pdf","tribe_events_cat-renaissance","tribe_events_cat-romantik","tribe_events_cat-vokal","cat_20-jahrhundert","cat_avantgarde","cat_barock","cat_berlin","cat_chor","cat_gottesdienst","cat_kirche","cat_klassik","cat_konzert","cat_liturgie","cat_noonsong","cat_pdf","cat_renaissance","cat_romantik","cat_vokal"],"acf":[],"_links":{"self":[{"href":"https:\/\/noonsong.de\/en\/wp-json\/wp\/v2\/tribe_events\/41305","targetHints":{"allow":["GET"]}}],"collection":[{"href":"https:\/\/noonsong.de\/en\/wp-json\/wp\/v2\/tribe_events"}],"about":[{"href":"https:\/\/noonsong.de\/en\/wp-json\/wp\/v2\/types\/tribe_events"}],"author":[{"embeddable":true,"href":"https:\/\/noonsong.de\/en\/wp-json\/wp\/v2\/users\/16"}],"version-history":[{"count":1,"href":"https:\/\/noonsong.de\/en\/wp-json\/wp\/v2\/tribe_events\/41305\/revisions"}],"predecessor-version":[{"id":57208,"href":"https:\/\/noonsong.de\/en\/wp-json\/wp\/v2\/tribe_events\/41305\/revisions\/57208"}],"wp:featuredmedia":[{"embeddable":true,"href":"https:\/\/noonsong.de\/en\/wp-json\/wp\/v2\/media\/4769"}],"wp:attachment":[{"href":"https:\/\/noonsong.de\/en\/wp-json\/wp\/v2\/media?parent=41305"}],"wp:term":[{"taxonomy":"post_tag","embeddable":true,"href":"https:\/\/noonsong.de\/en\/wp-json\/wp\/v2\/tags?post=41305"},{"taxonomy":"tribe_events_cat","embeddable":true,"href":"https:\/\/noonsong.de\/en\/wp-json\/wp\/v2\/tribe_events_cat?post=41305"}],"curies":[{"name":"wp","href":"https:\/\/api.w.org\/{rel}","templated":true}]}}

<div class="wp-block-group is-layout-constrained wp-block-group-is-layout-constrained">

<h2 class="wp-block-heading">Programme</h2>



<p>
<strong>Organ prelude</strong>: Max Reger (1873-1916): O Welt ich muss dich lassen<br/><strong>Preces</strong>: Anthony Hunt: Preces &amp; Responses für vierstimmig gemischten Chor a cappella<br/><strong>Psalm of the day</strong>: Psalm 31,10-18: Orlando di Lasso (ca. 1532-1594): Timor et tremor für sechsstimmig gemischten Chor a cappella<br/><strong>Psalm of the week</strong>: Psalm 25b: Johann Hermann Schein (1586-1630): Wende dich Herr, und sei mir gnädig für fünfstimmig gemischten Chor a cappella<br/><strong>Responsorium</strong>: gregorianisch

<br/><strong>Canticle</strong>: Johann Ernst Eberlin (1702-1762): Christus factus est für vierstimmig gemischten Chor a cappella<br/><strong>Hymn</strong>: Bartholomäus Gesius (1562-1613): Wenn meine Sünd mich kränken für vierstimmig gemischten Chor a cappella<br/><strong>Organ postlude</strong>: Olivier Messiaen (1908-1992): Le banquet céleste (Das himmlische Gastmahl)</p>



<div style="height:30px" aria-hidden="true" class="wp-block-spacer"></div>



<blockquote class="wp-block-quote is-layout-flow wp-block-quote-is-layout-flow" style="font-family:Playfair-Display">
Liturgy: Okuli<br>
Pfarrer: Markus Böttcher<br>
Organist: Rudolf Seidel<br>
Location: <a href="/kontakt/#anker-kommen-sie-vorbei">Kirche am Hohenzollernplatz</a>
</blockquote>

</div>

<div style="height:20px" aria-hidden="true" class="wp-block-spacer"></div>



<div class="wp-block-group is-layout-constrained wp-block-group-is-layout-constrained">

<h2 class="wp-block-heading">Programme PDF</h2>




<p>Read more about this NoonSong in the programme document.</p>




<div style="height:1em" aria-hidden="true" class="wp-block-spacer"></div>



<figure class="wp-block-image aligncenter is-resized">
<a target="_blank" rel="noopener noreferrer" href="https://noonsong.de/wp-content/uploads/2024/07/2009-03-14-Liturgie.pdf">
<img decoding="async" src="https://noonsong.de/wp-content/uploads/2024/07/2009-03-14-Liturgie-pdf.jpg" alt="" style="max-height:45em; max-width:61.8%" />
<br>
PDF DOWNLOAD
</a>
</figure>



<div style="height:20px" aria-hidden="true" class="wp-block-spacer"></div>

</div>

<div style="height:50px" aria-hidden="true" class="wp-block-spacer"></div>



<p hidden>, , Timor et tremor, Lasso, Orlando di; Lasso, Orlando de; Lassus, Rolando di; DiLasso, Orlando; Lassus, Orlandus di; Lassus, Orlando di; Lassus, Orlande de; Lassus, Rolando de; Lasso, Orlandi di; Lassus, Rolland de; Lassus, Orlando de; Orlando, Di Lasso; Lassvs, Orlando de; Di Lasso, Orlando; Lassus, Orlandus; Orlande De Lassus; Lassus, Roland de; De Lassus, Orlandus; De Lassus, Roland; Lassus, Orlandus de; Lassus, Orland de; De Lassus, Orland, Fontana d&#x27;Israel. Wende dich, Herr, und sei mir gnädig
Wende dich, Herr, und sei mir gnädig, Schein, Joh. Herm.; Schein, Johan-Herman; Schein, J. H.; Schein, Johann H.; Schein, Johann-Hermann; Scheinius, Johann Hermannus; Schein, Johan Herman; Schein, Hermann; Schein, Iohan-Hermanus; Schein, Johan-Hermanus; Schein, Johannes Hermann; Schein, Johann Herman; Schein, J.H.; Schein, Joan-Herman, , 	; Eberlin, Giovanni Ernesto; Eberlin, Johannes Ernestus; Eberlin, Joannes Ernestus; Eberlin, Johann Ernest; Eberlin, Joh. Ernest; Eberlin, J. F.; Eberlin, Ernesto d&#x27;; Eberlin, Johann E.; Eberlin, Ernst, , Gese, Bartholomäus; Göse, Bartholomaeus; Göß, Bartholomaeus; Gesius, Bartholomaeus; Gesius, Bartholomeus; Gesius, B., Leicht ausführbare Vorspiele zu den gebräuchlichsten evangelischen Chorälen, op. 67. O Welt, ich muß dich lassen
O Welt, ich muß dich lassen
op. 67,33
, Reger, Max; Reger, Johann Baptist Joseph Maximilian; Reger, M.; Reger, &#8230;; Reger, Maks; Rēgers, M., The celestial banquet
Das himmlische Gastmahl
The heavenly feast, Messiaen, &#8230;; Messiaen, Olivier Eugène; Messiaën, Olivier Eugène; Messian, O.; Messian, Olivʹe; Messian, Olivier; Messiaen, O.; Messiaen, Olivier Eugène Prosper Charles; Messiaen, Oliver, </p>
