{"id":41338,"date":"2025-07-07T21:36:27","date_gmt":"2025-07-07T19:36:27","guid":{"rendered":"https:\/\/noonsong.de\/veranstaltung\/noonsong-event-2022-10-08\/"},"modified":"2025-07-07T21:36:27","modified_gmt":"2025-07-07T19:36:27","slug":"noonsong-event-2022-10-08","status":"publish","type":"tribe_events","link":"https:\/\/noonsong.de\/en\/event\/noonsong-event-2022-10-08\/","title":{"rendered":"597. NoonSong am 08.10.2022 um 12:00"},"content":{"rendered":"\n<div class=\"wp-block-group is-layout-constrained wp-block-group-is-layout-constrained\">\n\n<h2 class=\"wp-block-heading\">Programme<\/h2>\n\n\n\n<p>\n<strong>Organ prelude<\/strong>: Arvo P\u00e4rt (*1935): Trivium (1976)<br\/><strong>Preces<\/strong>: William Smith (1603-1645): Preces &amp; Responses f\u00fcr vierstimmig gemischten Chor a cappella<br\/><strong>Psalm of the day<\/strong>: Psalm 137: Heinrich Sch\u00fctz (1585-1672): An Wasserfl\u00fcssen Babylon (SWV 242) f\u00fcr vierstimmig gemischten Chor a cappella<br\/><strong>Psalm of the week<\/strong>: Psalm 138: Constantijn Huygens (1596-1687): Confitebor tibi Domine f\u00fcr Sopran-Solo und Continuo<br\/><strong>Responsorium<\/strong>: gregorianisch\n\n<br\/><strong>Canticle<\/strong>: Melchior Franck (1579-1639): Meine Seele erhebt den Herren f\u00fcr f\u00fcnfstimmig gemischten Chor a cappella<br\/><strong>Hymn<\/strong>: Johann Stobaeus (1580-1646): Such, wer da will ein ander Ziel f\u00fcr vierstimmig gemischten Chor a cappella<br\/><strong>Organ postlude<\/strong>: Johann Sebastian Bach (1685-1750): Sinfonia aus der Kantate &quot;Wir danken dir Gott, wir danken dir&quot; (BWV 29), Bearbeitung f\u00fcr Orgel-Solo von Alexandre Guilmant<br\/><strong>Bible reading<\/strong>: Evangelium nach Matth\u00e4us 15,21-28<\/p>\n\n\n\n<div style=\"height:30px\" aria-hidden=\"true\" class=\"wp-block-spacer\"><\/div>\n\n\n\n<blockquote class=\"wp-block-quote is-layout-flow wp-block-quote-is-layout-flow\" style=\"font-family:Playfair-Display\">\nLiturgy: 17. Sonntag nach Trinitatis<br>\nPfarrerin: Claudia W\u00fcstenhagen<br>\nOrganistin: Karolina Juodelyte<br>\nLocation: <a href=\"\/kontakt\/#anker-kommen-sie-vorbei\">Kirche am Hohenzollernplatz<\/a>\n<\/blockquote>\n\n<\/div>\n\n<div style=\"height:20px\" aria-hidden=\"true\" class=\"wp-block-spacer\"><\/div>\n\n\n\n<div class=\"wp-block-group is-layout-constrained wp-block-group-is-layout-constrained\">\n<h2 class=\"wp-block-heading\">Listen<\/h2>\n\n\n\n\n<p>Here you can listen to this NoonSong. If you&#8217;d like to listen to more NoonSongs recordings, please register.<\/p>\n\n<div class=\"um-locked-content\">\n\t<div class=\"um-locked-content-msg\">This content has been restricted to logged-in users only. Please <a href=\"https:\/\/noonsong.de\/en\/login-audio-archive\/?redirect_to=https%3A%2F%2Fnoonsong.de%2Fen%2Fwp-json%2Fwp%2Fv2%2Ftribe_events%2F41338\">log in<\/a> to view this content.<\/div>\n<\/div>\n<\/div>\n\n<div style=\"height:20px\" aria-hidden=\"true\" class=\"wp-block-spacer\"><\/div>\n\n\n\n<div class=\"wp-block-group is-layout-constrained wp-block-group-is-layout-constrained\">\n\n<h2 class=\"wp-block-heading\">Watch<\/h2>\n\n\n\n\n<p>Experience the recorded live-stream of this NoonSong.<\/p>\n\n\n\n\n\n<p>You&#8217;ll find many selected video recordings of NoonSongs and other concerts on our <a href=\"https:\/\/youtube.com\/sirventesberlin\" target=\"_blank\" rel=\"noreferrer noopener\">YouTube channel<\/a>.\n<\/p>\n\n\n\n\n<div style=\"height:1em\" aria-hidden=\"true\" class=\"wp-block-spacer\"><\/div>\n<div class=\"um-locked-content\">\n\t<div class=\"um-locked-content-msg\">This content has been restricted to logged-in users only. Please <a href=\"https:\/\/noonsong.de\/en\/login-audio-archive\/?redirect_to=https%3A%2F%2Fnoonsong.de%2Fen%2Fwp-json%2Fwp%2Fv2%2Ftribe_events%2F41338\">log in<\/a> to view this content.<\/div>\n<\/div>\n\n<div style=\"height:20px\" aria-hidden=\"true\" class=\"wp-block-spacer\"><\/div>\n\n<\/div>\n\n<div style=\"height:20px\" aria-hidden=\"true\" class=\"wp-block-spacer\"><\/div>\n\n\n\n<div class=\"wp-block-group is-layout-constrained wp-block-group-is-layout-constrained\">\n\n<h2 class=\"wp-block-heading\">Programme PDF<\/h2>\n\n\n\n\n<p>Read more about this NoonSong in the programme document.<\/p>\n\n\n\n\n<div style=\"height:1em\" aria-hidden=\"true\" class=\"wp-block-spacer\"><\/div>\n\n\n\n<figure class=\"wp-block-image aligncenter is-resized\">\n<a target=\"_blank\" rel=\"noopener noreferrer\" href=\"https:\/\/noonsong.de\/wp-content\/uploads\/2023\/05\/user_upload2022-10-08-Liturgie.pdf\">\n<img decoding=\"async\" src=\"https:\/\/noonsong.de\/wp-content\/uploads\/2023\/05\/user_upload2022-10-08-Liturgie-pdf.jpg\" alt=\"\" style=\"max-height:45em; max-width:61.8%\" \/>\n<br>\nPDF DOWNLOAD\n<\/a>\n<\/figure>\n\n\n\n<div style=\"height:20px\" aria-hidden=\"true\" class=\"wp-block-spacer\"><\/div>\n\n<\/div>\n\n<div style=\"height:50px\" aria-hidden=\"true\" class=\"wp-block-spacer\"><\/div>\n\n\n\n<p hidden>, , , , , Sch\u00fctz, Hinrich; Sch\u00fctz, Henricus; Sch\u00fctz, Heinrico; Sch\u00fctz, H.; Sch\u00fctze, Henrich; Sch\u00fctze, Heinrich; Schuetz, Heinrich; Schutz, Heinrich; Schuetz von Pfeilstadt, Henri; Sch\u00fczzius, Heinricus; Sch\u00fczze, Heinrich; Sch\u00fcz, Heinrich; Sch\u00fcz, Henricus; Sch\u00fctzius, Henricus; Sch\u00fctzen, Heinrich; Sch\u00fctzen, Henrich; Sch\u00fctz, Henrich; Sch\u00fctz; Sagittarius, Heinricus; Sagittario, Henrico; Sagittarius, Henricus; Sagittarius, Heinricus,; Sagitarius, Henricus; Saettario, Enrico; \u0160jutc, Genrich, , Huygens, Constantijn, der \u00c4ltere; Hvigens, Constantyn, der \u00c4ltere; Hujgens, Constantin, der \u00c4ltere; Huigens, H. C.; Huigens, Konstantyn; Huijgens, Constantijn, der \u00c4ltere; Huygens, Constantyn, der \u00c4ltere; Hvygens, Constantin, der \u00c4ltere; Zuilichem, Constantijn Huygens van; Zuylichem, &#8230;; Zuylichem, Constantinus H. ab; Zuylichem, Constantinus Huygens ab; Huygens van Zuilichem, Constantijn; Huygens ab Zuylichem, Constantinus; Hugenius, Constantinus; Huygens, Constantinus; Huygens, Constantin; Hugenius, Constantin; Huygens, Konstantyn; Constanter; Huygens, Constantyn; Hvigens, Constantyn; Huigens, H. Constantijn; Hujgens, Constantin; Huygens, Konstantyn; Huygens, Constantijn; Zuylichem, Constantijn H. van; Van Zuylichem, Constantijn H.; Zuilichem, Constantijn van; Van Zuilichem, Constantijn, Meine Seele erhebt den Herren (Falsobordone)\nMagnificat, Francus, Melchior; Frank, Melchior; Franco, Melchior; Francke, Melchior; Franc, Melchior; Franc, M., , Stobaeus, Johannes; Stob\u00e4us, Johann; Stoboeus, Johann, , P\u00e4rt, &#8230;; Pjart, Arwo Augustowitsch; Pjart, Arvo A.; Pyart, Arvo; Pjart, Arvo; Pjarts, Arvo; P\u00e4rt, A., Ratswahl-Kantate, BWV 29\nRatswahlkantate, BWV 29\nWe give thee thanks, God\nWe praise thee, o God, we worship thee\nWe thank thee, Lord, God, we thank thee, Lord\nWe thank thee, Lord, we thank thee\nWe thank thee, O God\nNous te rendons gr\u00e2ce, \u00f4 Dieu\nSeigneur, nous te remercions\nKantaten BWV 29\nKantaten, BWV 29, Bach; Bach, G. S.; Bach, Iogann Sebast\u02b9jan; Bach, Joh. Sebastian; Bach, Giov. Sebast.; Bach, Jean Sebastien; Bach, Jean Sebastian; Bach, J. Seb.; Bach, Sebastiano; Bach, John Sebastian; Bach, Iogann S.; Bach, Iogann Sebast&#x27;jan; Bach, Iogann Sebastian; Bach, Giovanni Sebastian; Bach, Johan Sebastian; Bach, Joannes Sebastianus; Bach, Giov. Seb.; Bach, Giovanni S.; B\u0101\u1e35, J\u014dh\u0101n Seba\u1e63t\u012b&#x27;\u0101n; Bach, I. S.; Bach, J.-S.; Bach, Giovanni Sebastiano; Bach, Jean-Sebastien; Bach, Sebastian; Bach, Jan Sebastian; Bach, J. S.; Bach, Johann-Sebastian; Bach, Jean S.; Bach, Johannes S.; Bach, Johannes Sebastian; Bach, Joh. Seb.; Bach, Joh.-Seb.; Bach, Joh. Sebas.; Bach, Johann Seb.; Bach, Joh. Sebast.; Bach, Johann S.; Bach, Iogann Sebastjan; Bach, Jean S\u00e9bastien; Bach, Jean-S\u00e9bastien; Bach, Johann; Bakh, Iogann Sebastian, <\/p>\n\n","protected":false},"excerpt":{"rendered":"<p>Ein Gipfeltreffen der gr\u00f6\u00dften Meister der Sp\u00e4trenaissance gibt es in diesem NoonSong: Vom M\u00fcnchener Superstar Orlando di Lasso erklingt die doppelch\u00f6rige Psalmvertonung Confitebor tibi erstmals im NoonSong, gefolgt vom liturgischen Magnificat f\u00fcr vierstimmig gemischten Chor mit gregorianischen Versen des Spaniers Tom\u00e1s Luis de Victoria, der lange Zeit in Rom wirkte. Beide geh\u00f6rten zu den geehrtesten Komponisten ihrer Zeit, beide sind heute neu zu entdecken.<\/p>\n","protected":false},"author":16,"featured_media":4811,"template":"","meta":{"_et_pb_use_builder":"","_et_pb_old_content":"","_et_gb_content_width":"","_tribe_events_status":"","_tribe_events_status_reason":"","footnotes":""},"tags":[88,160,135,105,356,176,114],"tribe_events_cat":[722,743,726,723,711,712,716,717,719,729,708,735,744,720],"class_list":["post-41338","tribe_events","type-tribe_events","status-publish","has-post-thumbnail","hentry","tag-arvo-paert","tag-constantijn-huygens","tag-heinrich-schuetz","tag-johann-sebastian-bach","tag-johann-stobaeus","tag-melchior-franck","tag-william-smith","tribe_events_cat-20-jahrhundert","tribe_events_cat-audio","tribe_events_cat-avantgarde","tribe_events_cat-barock","tribe_events_cat-berlin","tribe_events_cat-chor","tribe_events_cat-gottesdienst","tribe_events_cat-kirche","tribe_events_cat-konzert","tribe_events_cat-liturgie","tribe_events_cat-noonsong","tribe_events_cat-pdf","tribe_events_cat-video","tribe_events_cat-vokal","cat_20-jahrhundert","cat_audio","cat_avantgarde","cat_barock","cat_berlin","cat_chor","cat_gottesdienst","cat_kirche","cat_konzert","cat_liturgie","cat_noonsong","cat_pdf","cat_video","cat_vokal"],"acf":[],"_links":{"self":[{"href":"https:\/\/noonsong.de\/en\/wp-json\/wp\/v2\/tribe_events\/41338","targetHints":{"allow":["GET"]}}],"collection":[{"href":"https:\/\/noonsong.de\/en\/wp-json\/wp\/v2\/tribe_events"}],"about":[{"href":"https:\/\/noonsong.de\/en\/wp-json\/wp\/v2\/types\/tribe_events"}],"author":[{"embeddable":true,"href":"https:\/\/noonsong.de\/en\/wp-json\/wp\/v2\/users\/16"}],"version-history":[{"count":1,"href":"https:\/\/noonsong.de\/en\/wp-json\/wp\/v2\/tribe_events\/41338\/revisions"}],"predecessor-version":[{"id":56998,"href":"https:\/\/noonsong.de\/en\/wp-json\/wp\/v2\/tribe_events\/41338\/revisions\/56998"}],"wp:featuredmedia":[{"embeddable":true,"href":"https:\/\/noonsong.de\/en\/wp-json\/wp\/v2\/media\/4811"}],"wp:attachment":[{"href":"https:\/\/noonsong.de\/en\/wp-json\/wp\/v2\/media?parent=41338"}],"wp:term":[{"taxonomy":"post_tag","embeddable":true,"href":"https:\/\/noonsong.de\/en\/wp-json\/wp\/v2\/tags?post=41338"},{"taxonomy":"tribe_events_cat","embeddable":true,"href":"https:\/\/noonsong.de\/en\/wp-json\/wp\/v2\/tribe_events_cat?post=41338"}],"curies":[{"name":"wp","href":"https:\/\/api.w.org\/{rel}","templated":true}]}}

<div class="wp-block-group is-layout-constrained wp-block-group-is-layout-constrained">

<h2 class="wp-block-heading">Programme</h2>



<p>
<strong>Organ prelude</strong>: Arvo Pärt (*1935): Trivium (1976)<br/><strong>Preces</strong>: William Smith (1603-1645): Preces &amp; Responses für vierstimmig gemischten Chor a cappella<br/><strong>Psalm of the day</strong>: Psalm 137: Heinrich Schütz (1585-1672): An Wasserflüssen Babylon (SWV 242) für vierstimmig gemischten Chor a cappella<br/><strong>Psalm of the week</strong>: Psalm 138: Constantijn Huygens (1596-1687): Confitebor tibi Domine für Sopran-Solo und Continuo<br/><strong>Responsorium</strong>: gregorianisch

<br/><strong>Canticle</strong>: Melchior Franck (1579-1639): Meine Seele erhebt den Herren für fünfstimmig gemischten Chor a cappella<br/><strong>Hymn</strong>: Johann Stobaeus (1580-1646): Such, wer da will ein ander Ziel für vierstimmig gemischten Chor a cappella<br/><strong>Organ postlude</strong>: Johann Sebastian Bach (1685-1750): Sinfonia aus der Kantate &quot;Wir danken dir Gott, wir danken dir&quot; (BWV 29), Bearbeitung für Orgel-Solo von Alexandre Guilmant<br/><strong>Bible reading</strong>: Evangelium nach Matthäus 15,21-28</p>



<div style="height:30px" aria-hidden="true" class="wp-block-spacer"></div>



<blockquote class="wp-block-quote is-layout-flow wp-block-quote-is-layout-flow" style="font-family:Playfair-Display">
Liturgy: 17. Sonntag nach Trinitatis<br>
Pfarrerin: Claudia Wüstenhagen<br>
Organistin: Karolina Juodelyte<br>
Location: <a href="/kontakt/#anker-kommen-sie-vorbei">Kirche am Hohenzollernplatz</a>
</blockquote>

</div>

<div style="height:20px" aria-hidden="true" class="wp-block-spacer"></div>



<div class="wp-block-group is-layout-constrained wp-block-group-is-layout-constrained">
<h2 class="wp-block-heading">Listen</h2>




<p>Here you can listen to this NoonSong. If you&#8217;d like to listen to more NoonSongs recordings, please register.</p>

<div class="um-locked-content">
	<div class="um-locked-content-msg">This content has been restricted to logged-in users only. Please <a href="https://noonsong.de/en/login-audio-archive/?redirect_to=https%3A%2F%2Fnoonsong.de%2Fen%2Fwp-json%2Fwp%2Fv2%2Ftribe_events%2F41338">log in</a> to view this content.</div>
</div>
</div>

<div style="height:20px" aria-hidden="true" class="wp-block-spacer"></div>



<div class="wp-block-group is-layout-constrained wp-block-group-is-layout-constrained">

<h2 class="wp-block-heading">Watch</h2>




<p>Experience the recorded live-stream of this NoonSong.</p>





<p>You&#8217;ll find many selected video recordings of NoonSongs and other concerts on our <a href="https://youtube.com/sirventesberlin" target="_blank" rel="noreferrer noopener">YouTube channel</a>.
</p>




<div style="height:1em" aria-hidden="true" class="wp-block-spacer"></div>
<div class="um-locked-content">
	<div class="um-locked-content-msg">This content has been restricted to logged-in users only. Please <a href="https://noonsong.de/en/login-audio-archive/?redirect_to=https%3A%2F%2Fnoonsong.de%2Fen%2Fwp-json%2Fwp%2Fv2%2Ftribe_events%2F41338">log in</a> to view this content.</div>
</div>

<div style="height:20px" aria-hidden="true" class="wp-block-spacer"></div>

</div>

<div style="height:20px" aria-hidden="true" class="wp-block-spacer"></div>



<div class="wp-block-group is-layout-constrained wp-block-group-is-layout-constrained">

<h2 class="wp-block-heading">Programme PDF</h2>




<p>Read more about this NoonSong in the programme document.</p>




<div style="height:1em" aria-hidden="true" class="wp-block-spacer"></div>



<figure class="wp-block-image aligncenter is-resized">
<a target="_blank" rel="noopener noreferrer" href="https://noonsong.de/wp-content/uploads/2023/05/user_upload2022-10-08-Liturgie.pdf">
<img decoding="async" src="https://noonsong.de/wp-content/uploads/2023/05/user_upload2022-10-08-Liturgie-pdf.jpg" alt="" style="max-height:45em; max-width:61.8%" />
<br>
PDF DOWNLOAD
</a>
</figure>



<div style="height:20px" aria-hidden="true" class="wp-block-spacer"></div>

</div>

<div style="height:50px" aria-hidden="true" class="wp-block-spacer"></div>



<p hidden>, , , , , Schütz, Hinrich; Schütz, Henricus; Schütz, Heinrico; Schütz, H.; Schütze, Henrich; Schütze, Heinrich; Schuetz, Heinrich; Schutz, Heinrich; Schuetz von Pfeilstadt, Henri; Schüzzius, Heinricus; Schüzze, Heinrich; Schüz, Heinrich; Schüz, Henricus; Schützius, Henricus; Schützen, Heinrich; Schützen, Henrich; Schütz, Henrich; Schütz; Sagittarius, Heinricus; Sagittario, Henrico; Sagittarius, Henricus; Sagittarius, Heinricus,; Sagitarius, Henricus; Saettario, Enrico; Šjutc, Genrich, , Huygens, Constantijn, der Ältere; Hvigens, Constantyn, der Ältere; Hujgens, Constantin, der Ältere; Huigens, H. C.; Huigens, Konstantyn; Huijgens, Constantijn, der Ältere; Huygens, Constantyn, der Ältere; Hvygens, Constantin, der Ältere; Zuilichem, Constantijn Huygens van; Zuylichem, &#8230;; Zuylichem, Constantinus H. ab; Zuylichem, Constantinus Huygens ab; Huygens van Zuilichem, Constantijn; Huygens ab Zuylichem, Constantinus; Hugenius, Constantinus; Huygens, Constantinus; Huygens, Constantin; Hugenius, Constantin; Huygens, Konstantyn; Constanter; Huygens, Constantyn; Hvigens, Constantyn; Huigens, H. Constantijn; Hujgens, Constantin; Huygens, Konstantyn; Huygens, Constantijn; Zuylichem, Constantijn H. van; Van Zuylichem, Constantijn H.; Zuilichem, Constantijn van; Van Zuilichem, Constantijn, Meine Seele erhebt den Herren (Falsobordone)
Magnificat, Francus, Melchior; Frank, Melchior; Franco, Melchior; Francke, Melchior; Franc, Melchior; Franc, M., , Stobaeus, Johannes; Stobäus, Johann; Stoboeus, Johann, , Pärt, &#8230;; Pjart, Arwo Augustowitsch; Pjart, Arvo A.; Pyart, Arvo; Pjart, Arvo; Pjarts, Arvo; Pärt, A., Ratswahl-Kantate, BWV 29
Ratswahlkantate, BWV 29
We give thee thanks, God
We praise thee, o God, we worship thee
We thank thee, Lord, God, we thank thee, Lord
We thank thee, Lord, we thank thee
We thank thee, O God
Nous te rendons grâce, ô Dieu
Seigneur, nous te remercions
Kantaten BWV 29
Kantaten, BWV 29, Bach; Bach, G. S.; Bach, Iogann Sebastʹjan; Bach, Joh. Sebastian; Bach, Giov. Sebast.; Bach, Jean Sebastien; Bach, Jean Sebastian; Bach, J. Seb.; Bach, Sebastiano; Bach, John Sebastian; Bach, Iogann S.; Bach, Iogann Sebast&#x27;jan; Bach, Iogann Sebastian; Bach, Giovanni Sebastian; Bach, Johan Sebastian; Bach, Joannes Sebastianus; Bach, Giov. Seb.; Bach, Giovanni S.; Bāḵ, Jōhān Sebaṣtī&#x27;ān; Bach, I. S.; Bach, J.-S.; Bach, Giovanni Sebastiano; Bach, Jean-Sebastien; Bach, Sebastian; Bach, Jan Sebastian; Bach, J. S.; Bach, Johann-Sebastian; Bach, Jean S.; Bach, Johannes S.; Bach, Johannes Sebastian; Bach, Joh. Seb.; Bach, Joh.-Seb.; Bach, Joh. Sebas.; Bach, Johann Seb.; Bach, Joh. Sebast.; Bach, Johann S.; Bach, Iogann Sebastjan; Bach, Jean Sébastien; Bach, Jean-Sébastien; Bach, Johann; Bakh, Iogann Sebastian, </p>

<p>Ein Gipfeltreffen der größten Meister der Spätrenaissance gibt es in diesem NoonSong: Vom Münchener Superstar Orlando di Lasso erklingt die doppelchörige Psalmvertonung Confitebor tibi erstmals im NoonSong, gefolgt vom liturgischen Magnificat für vierstimmig gemischten Chor mit gregorianischen Versen des Spaniers Tomás Luis de Victoria, der lange Zeit in Rom wirkte. Beide gehörten zu den geehrtesten Komponisten ihrer Zeit, beide sind heute neu zu entdecken.</p>
