{"id":41369,"date":"2025-07-07T21:37:13","date_gmt":"2025-07-07T19:37:13","guid":{"rendered":"https:\/\/noonsong.de\/veranstaltung\/noonsong-event-2017-02-25\/"},"modified":"2025-07-07T21:37:13","modified_gmt":"2025-07-07T19:37:13","slug":"noonsong-event-2017-02-25","status":"publish","type":"tribe_events","link":"https:\/\/noonsong.de\/en\/event\/noonsong-event-2017-02-25\/","title":{"rendered":"366. NoonSong am 25.02.2017 um 12:00"},"content":{"rendered":"\n<div class=\"wp-block-group is-layout-constrained wp-block-group-is-layout-constrained\">\n\n<h2 class=\"wp-block-heading\">Programme<\/h2>\n\n\n\n<p>\n<strong>Organ prelude<\/strong>: Johann Sebastian Bach (1685-1750): Concerto d-Moll nach Antonio Vivaldi (BWV 596), 1. Satz<br\/><strong>Preces<\/strong>: William Smith (1603-1645): Preces &amp; Responses f\u00fcr vierstimmig gemischten Chor a cappella<br\/><strong>Psalm of the day<\/strong>: Psalm 7: Hans Leo Ha\u00dfler (1564-1612): Domine, Deus meus f\u00fcr vierstimmig gemischten Chor a cappella<br\/><strong>Psalm of the week<\/strong>: Psalm 31a; 71: Heinrich Sch\u00fctz (1585-1672): Herr, auf Dich traue ich (SWV 377) f\u00fcr f\u00fcnfstimmig gemischten Chor a cappella<br\/><strong>Responsorium<\/strong>: gregorianisch\n\n<br\/><strong>Canticle<\/strong>: Heinrich Sch\u00fctz (1585-1672): Also hat Gott die Welt geliebt (SWV 380) f\u00fcr f\u00fcnfstimmig gemischten Chor a cappella<br\/><strong>Hymn<\/strong>: Max Reger (1873-1916): Komm, o komm, du Geist des Lebens (EG 134 nach der Melodie EG 445) f\u00fcr vierstimmig gemischten Chor a cappella<br\/><strong>Organ postlude<\/strong>: Claude Debussy (1862-1918): La Cath\u00e9drale engloutie. Transkription pour Orgue par L\u00e9on Roques<br\/><strong>Bible reading<\/strong>: Evangelium nach Markus 8,31-38<\/p>\n\n\n\n<div style=\"height:30px\" aria-hidden=\"true\" class=\"wp-block-spacer\"><\/div>\n\n\n\n<blockquote class=\"wp-block-quote is-layout-flow wp-block-quote-is-layout-flow\" style=\"font-family:Playfair-Display\">\nLiturgy: Estomihi<br>\n\nOrganist: Rudolf Seidel<br>\nLocation: <a href=\"\/kontakt\/#anker-kommen-sie-vorbei\">Kirche am Hohenzollernplatz<\/a>\n<\/blockquote>\n\n<\/div>\n\n<div style=\"height:20px\" aria-hidden=\"true\" class=\"wp-block-spacer\"><\/div>\n\n\n\n<div class=\"wp-block-group is-layout-constrained wp-block-group-is-layout-constrained\">\n<h2 class=\"wp-block-heading\">Listen<\/h2>\n\n\n\n\n<p>Here you can listen to this NoonSong. If you&#8217;d like to listen to more NoonSongs recordings, please register.<\/p>\n\n<div class=\"um-locked-content\">\n\t<div class=\"um-locked-content-msg\">This content has been restricted to logged-in users only. Please <a href=\"https:\/\/noonsong.de\/en\/login-audio-archive\/?redirect_to=https%3A%2F%2Fnoonsong.de%2Fen%2Fwp-json%2Fwp%2Fv2%2Ftribe_events%2F41369\">log in<\/a> to view this content.<\/div>\n<\/div>\n<\/div>\n\n<div style=\"height:50px\" aria-hidden=\"true\" class=\"wp-block-spacer\"><\/div>\n\n\n\n<p hidden>, , , , , Hassler, Hans Leo; Hassler, J. L.; Hasler, Jean Leo; Hasler, Hans Leo von; Hasler, Giovan Leo; Hasler, Ioannes Leo; Hasler, L.; Hasler, Hanns Leo; Hassler, Hans L.; Hasler, Hans L.; Hasler, Joanne Leone; Hasler, &#8230;; Hassler, Johann Leo; Hasler, Johann Leo; Hasler, Hans Leo; Hasler, Johannes Leo; Hasler, J. L.; Haslerus, Hans Leo; Hassler, H. L.; Hassler, L\u00e9o; Hassler, Hans Leo; Haslero, Joanne Leone, Geistliche Chor-Music. Herr, auf dich traue ich\nGeistliche Chormusik &lt;Herr, auf dich traue ich&gt; Herr, auf dich traue ich\nSWV 377, Sch\u00fctz, Hinrich; Sch\u00fctz, Henricus; Sch\u00fctz, Heinrico; Sch\u00fctz, H.; Sch\u00fctze, Henrich; Sch\u00fctze, Heinrich; Schuetz, Heinrich; Schutz, Heinrich; Schuetz von Pfeilstadt, Henri; Sch\u00fczzius, Heinricus; Sch\u00fczze, Heinrich; Sch\u00fcz, Heinrich; Sch\u00fcz, Henricus; Sch\u00fctzius, Henricus; Sch\u00fctzen, Heinrich; Sch\u00fctzen, Henrich; Sch\u00fctz, Henrich; Sch\u00fctz; Sagittarius, Heinricus; Sagittario, Henrico; Sagittarius, Henricus; Sagittarius, Heinricus,; Sagitarius, Henricus; Saettario, Enrico; \u0160jutc, Genrich, Geistliche Chor-Music. Also hat Gott die Welt geliebt\nop. 11, Nr. 12\nSWV 380, Sch\u00fctz, Hinrich; Sch\u00fctz, Henricus; Sch\u00fctz, Heinrico; Sch\u00fctz, H.; Sch\u00fctze, Henrich; Sch\u00fctze, Heinrich; Schuetz, Heinrich; Schutz, Heinrich; Schuetz von Pfeilstadt, Henri; Sch\u00fczzius, Heinricus; Sch\u00fczze, Heinrich; Sch\u00fcz, Heinrich; Sch\u00fcz, Henricus; Sch\u00fctzius, Henricus; Sch\u00fctzen, Heinrich; Sch\u00fctzen, Henrich; Sch\u00fctz, Henrich; Sch\u00fctz; Sagittarius, Heinricus; Sagittario, Henrico; Sagittarius, Henricus; Sagittarius, Heinricus,; Sagitarius, Henricus; Saettario, Enrico; \u0160jutc, Genrich, , Reger, Max; Reger, Johann Baptist Joseph Maximilian; Reger, M.; Reger, &#8230;; Reger, Maks; R\u0113gers, M., Konzerte nach verschiedenen Meistern, BWV 592-596. Nr. 5. Satz 1\nKonzerte nach verschiedenen Meistern, BWV 592 &#8211; 597. Konzert BWV 596, 1. Satz\nKonzerte, Orgel, BWV 596 (d-Moll). Satz 1\nBWV 596&#x2f;1, Bach; Bach, G. S.; Bach, Iogann Sebast\u02b9jan; Bach, Joh. Sebastian; Bach, Giov. Sebast.; Bach, Jean Sebastien; Bach, Jean Sebastian; Bach, J. Seb.; Bach, Sebastiano; Bach, John Sebastian; Bach, Iogann S.; Bach, Iogann Sebast&#x27;jan; Bach, Iogann Sebastian; Bach, Giovanni Sebastian; Bach, Johan Sebastian; Bach, Joannes Sebastianus; Bach, Giov. Seb.; Bach, Giovanni S.; B\u0101\u1e35, J\u014dh\u0101n Seba\u1e63t\u012b&#x27;\u0101n; Bach, I. S.; Bach, J.-S.; Bach, Giovanni Sebastiano; Bach, Jean-Sebastien; Bach, Sebastian; Bach, Jan Sebastian; Bach, J. S.; Bach, Johann-Sebastian; Bach, Jean S.; Bach, Johannes S.; Bach, Johannes Sebastian; Bach, Joh. Seb.; Bach, Joh.-Seb.; Bach, Joh. Sebas.; Bach, Johann Seb.; Bach, Joh. Sebast.; Bach, Johann S.; Bach, Iogann Sebastjan; Bach, Jean S\u00e9bastien; Bach, Jean-S\u00e9bastien; Bach, Johann; Bakh, Iogann Sebastian, Pr\u00e9ludes, Klavier, L 117. La cath\u00e9drale engloutie\nLa cath\u00e9drale engloutie\nPr\u00e9ludes, Klavier, L 117, Nr. 10\nPr\u00e9ludes, Kl, L 117. La cath\u00e9drale engloutie\nPr\u00e9ludes, Kl, L 117 &lt;La cath\u00e9drale engloutie&gt; \nPr\u00e9ludes, Kl L 117. La cath\u00e9drale engloutie\nL 117 10, Debussy, Claude Achille; Debussy, Claude-Achille; Debussy, Claude Achill; Debussy, Claude A.; Debussy, C. A.; Debussy, C.A.; Debussy, C.; Debussy; Debussy, Claudio; Debussy, Achille-Claude; Debussy, Achille Claude; Debussy, Achille; Debiussi, K.; Debjussi, Klod; Debjussi, K.; \u0414\u0435\u0431\u044e\u0441\u0441\u0438, \u041a\u043b\u043e\u0434; \u0414\u0435\u0431\u044e\u0441\u0441\u0438, \u0410\u0448\u0438\u043b\u044c-\u041a\u043b\u043e\u0434; Croche, Monsieur; Achtelnote, Herr, <\/p>\n\n","protected":false},"excerpt":{"rendered":"<p style='position:absolute'>&nbsp;<\/p>\n","protected":false},"author":16,"featured_media":18563,"template":"","meta":{"_et_pb_use_builder":"","_et_pb_old_content":"","_et_gb_content_width":"","_tribe_events_status":"","_tribe_events_status_reason":"","footnotes":""},"tags":[404,169,135,105,226,114],"tribe_events_cat":[722,743,723,711,712,716,717,719,729,708,724,725,720],"class_list":["post-41369","tribe_events","type-tribe_events","status-publish","has-post-thumbnail","hentry","tag-claude-debussy","tag-hans-leo-hassler","tag-heinrich-schuetz","tag-johann-sebastian-bach","tag-max-reger","tag-william-smith","tribe_events_cat-20-jahrhundert","tribe_events_cat-audio","tribe_events_cat-barock","tribe_events_cat-berlin","tribe_events_cat-chor","tribe_events_cat-gottesdienst","tribe_events_cat-kirche","tribe_events_cat-konzert","tribe_events_cat-liturgie","tribe_events_cat-noonsong","tribe_events_cat-renaissance","tribe_events_cat-romantik","tribe_events_cat-vokal","cat_20-jahrhundert","cat_audio","cat_barock","cat_berlin","cat_chor","cat_gottesdienst","cat_kirche","cat_konzert","cat_liturgie","cat_noonsong","cat_renaissance","cat_romantik","cat_vokal"],"acf":[],"_links":{"self":[{"href":"https:\/\/noonsong.de\/en\/wp-json\/wp\/v2\/tribe_events\/41369","targetHints":{"allow":["GET"]}}],"collection":[{"href":"https:\/\/noonsong.de\/en\/wp-json\/wp\/v2\/tribe_events"}],"about":[{"href":"https:\/\/noonsong.de\/en\/wp-json\/wp\/v2\/types\/tribe_events"}],"author":[{"embeddable":true,"href":"https:\/\/noonsong.de\/en\/wp-json\/wp\/v2\/users\/16"}],"version-history":[{"count":1,"href":"https:\/\/noonsong.de\/en\/wp-json\/wp\/v2\/tribe_events\/41369\/revisions"}],"predecessor-version":[{"id":57045,"href":"https:\/\/noonsong.de\/en\/wp-json\/wp\/v2\/tribe_events\/41369\/revisions\/57045"}],"wp:featuredmedia":[{"embeddable":true,"href":"https:\/\/noonsong.de\/en\/wp-json\/wp\/v2\/media\/18563"}],"wp:attachment":[{"href":"https:\/\/noonsong.de\/en\/wp-json\/wp\/v2\/media?parent=41369"}],"wp:term":[{"taxonomy":"post_tag","embeddable":true,"href":"https:\/\/noonsong.de\/en\/wp-json\/wp\/v2\/tags?post=41369"},{"taxonomy":"tribe_events_cat","embeddable":true,"href":"https:\/\/noonsong.de\/en\/wp-json\/wp\/v2\/tribe_events_cat?post=41369"}],"curies":[{"name":"wp","href":"https:\/\/api.w.org\/{rel}","templated":true}]}}

<div class="wp-block-group is-layout-constrained wp-block-group-is-layout-constrained">

<h2 class="wp-block-heading">Programme</h2>



<p>
<strong>Organ prelude</strong>: Johann Sebastian Bach (1685-1750): Concerto d-Moll nach Antonio Vivaldi (BWV 596), 1. Satz<br/><strong>Preces</strong>: William Smith (1603-1645): Preces &amp; Responses für vierstimmig gemischten Chor a cappella<br/><strong>Psalm of the day</strong>: Psalm 7: Hans Leo Haßler (1564-1612): Domine, Deus meus für vierstimmig gemischten Chor a cappella<br/><strong>Psalm of the week</strong>: Psalm 31a; 71: Heinrich Schütz (1585-1672): Herr, auf Dich traue ich (SWV 377) für fünfstimmig gemischten Chor a cappella<br/><strong>Responsorium</strong>: gregorianisch

<br/><strong>Canticle</strong>: Heinrich Schütz (1585-1672): Also hat Gott die Welt geliebt (SWV 380) für fünfstimmig gemischten Chor a cappella<br/><strong>Hymn</strong>: Max Reger (1873-1916): Komm, o komm, du Geist des Lebens (EG 134 nach der Melodie EG 445) für vierstimmig gemischten Chor a cappella<br/><strong>Organ postlude</strong>: Claude Debussy (1862-1918): La Cathédrale engloutie. Transkription pour Orgue par Léon Roques<br/><strong>Bible reading</strong>: Evangelium nach Markus 8,31-38</p>



<div style="height:30px" aria-hidden="true" class="wp-block-spacer"></div>



<blockquote class="wp-block-quote is-layout-flow wp-block-quote-is-layout-flow" style="font-family:Playfair-Display">
Liturgy: Estomihi<br>

Organist: Rudolf Seidel<br>
Location: <a href="/kontakt/#anker-kommen-sie-vorbei">Kirche am Hohenzollernplatz</a>
</blockquote>

</div>

<div style="height:20px" aria-hidden="true" class="wp-block-spacer"></div>



<div class="wp-block-group is-layout-constrained wp-block-group-is-layout-constrained">
<h2 class="wp-block-heading">Listen</h2>




<p>Here you can listen to this NoonSong. If you&#8217;d like to listen to more NoonSongs recordings, please register.</p>

<div class="um-locked-content">
	<div class="um-locked-content-msg">This content has been restricted to logged-in users only. Please <a href="https://noonsong.de/en/login-audio-archive/?redirect_to=https%3A%2F%2Fnoonsong.de%2Fen%2Fwp-json%2Fwp%2Fv2%2Ftribe_events%2F41369">log in</a> to view this content.</div>
</div>
</div>

<div style="height:50px" aria-hidden="true" class="wp-block-spacer"></div>



<p hidden>, , , , , Hassler, Hans Leo; Hassler, J. L.; Hasler, Jean Leo; Hasler, Hans Leo von; Hasler, Giovan Leo; Hasler, Ioannes Leo; Hasler, L.; Hasler, Hanns Leo; Hassler, Hans L.; Hasler, Hans L.; Hasler, Joanne Leone; Hasler, &#8230;; Hassler, Johann Leo; Hasler, Johann Leo; Hasler, Hans Leo; Hasler, Johannes Leo; Hasler, J. L.; Haslerus, Hans Leo; Hassler, H. L.; Hassler, Léo; Hassler, Hans Leo; Haslero, Joanne Leone, Geistliche Chor-Music. Herr, auf dich traue ich
Geistliche Chormusik &lt;Herr, auf dich traue ich&gt; Herr, auf dich traue ich
SWV 377, Schütz, Hinrich; Schütz, Henricus; Schütz, Heinrico; Schütz, H.; Schütze, Henrich; Schütze, Heinrich; Schuetz, Heinrich; Schutz, Heinrich; Schuetz von Pfeilstadt, Henri; Schüzzius, Heinricus; Schüzze, Heinrich; Schüz, Heinrich; Schüz, Henricus; Schützius, Henricus; Schützen, Heinrich; Schützen, Henrich; Schütz, Henrich; Schütz; Sagittarius, Heinricus; Sagittario, Henrico; Sagittarius, Henricus; Sagittarius, Heinricus,; Sagitarius, Henricus; Saettario, Enrico; Šjutc, Genrich, Geistliche Chor-Music. Also hat Gott die Welt geliebt
op. 11, Nr. 12
SWV 380, Schütz, Hinrich; Schütz, Henricus; Schütz, Heinrico; Schütz, H.; Schütze, Henrich; Schütze, Heinrich; Schuetz, Heinrich; Schutz, Heinrich; Schuetz von Pfeilstadt, Henri; Schüzzius, Heinricus; Schüzze, Heinrich; Schüz, Heinrich; Schüz, Henricus; Schützius, Henricus; Schützen, Heinrich; Schützen, Henrich; Schütz, Henrich; Schütz; Sagittarius, Heinricus; Sagittario, Henrico; Sagittarius, Henricus; Sagittarius, Heinricus,; Sagitarius, Henricus; Saettario, Enrico; Šjutc, Genrich, , Reger, Max; Reger, Johann Baptist Joseph Maximilian; Reger, M.; Reger, &#8230;; Reger, Maks; Rēgers, M., Konzerte nach verschiedenen Meistern, BWV 592-596. Nr. 5. Satz 1
Konzerte nach verschiedenen Meistern, BWV 592 &#8211; 597. Konzert BWV 596, 1. Satz
Konzerte, Orgel, BWV 596 (d-Moll). Satz 1
BWV 596&#x2f;1, Bach; Bach, G. S.; Bach, Iogann Sebastʹjan; Bach, Joh. Sebastian; Bach, Giov. Sebast.; Bach, Jean Sebastien; Bach, Jean Sebastian; Bach, J. Seb.; Bach, Sebastiano; Bach, John Sebastian; Bach, Iogann S.; Bach, Iogann Sebast&#x27;jan; Bach, Iogann Sebastian; Bach, Giovanni Sebastian; Bach, Johan Sebastian; Bach, Joannes Sebastianus; Bach, Giov. Seb.; Bach, Giovanni S.; Bāḵ, Jōhān Sebaṣtī&#x27;ān; Bach, I. S.; Bach, J.-S.; Bach, Giovanni Sebastiano; Bach, Jean-Sebastien; Bach, Sebastian; Bach, Jan Sebastian; Bach, J. S.; Bach, Johann-Sebastian; Bach, Jean S.; Bach, Johannes S.; Bach, Johannes Sebastian; Bach, Joh. Seb.; Bach, Joh.-Seb.; Bach, Joh. Sebas.; Bach, Johann Seb.; Bach, Joh. Sebast.; Bach, Johann S.; Bach, Iogann Sebastjan; Bach, Jean Sébastien; Bach, Jean-Sébastien; Bach, Johann; Bakh, Iogann Sebastian, Préludes, Klavier, L 117. La cathédrale engloutie
La cathédrale engloutie
Préludes, Klavier, L 117, Nr. 10
Préludes, Kl, L 117. La cathédrale engloutie
Préludes, Kl, L 117 &lt;La cathédrale engloutie&gt; 
Préludes, Kl L 117. La cathédrale engloutie
L 117 10, Debussy, Claude Achille; Debussy, Claude-Achille; Debussy, Claude Achill; Debussy, Claude A.; Debussy, C. A.; Debussy, C.A.; Debussy, C.; Debussy; Debussy, Claudio; Debussy, Achille-Claude; Debussy, Achille Claude; Debussy, Achille; Debiussi, K.; Debjussi, Klod; Debjussi, K.; Дебюсси, Клод; Дебюсси, Ашиль-Клод; Croche, Monsieur; Achtelnote, Herr, </p>
