{"id":41370,"date":"2025-07-07T21:37:55","date_gmt":"2025-07-07T19:37:55","guid":{"rendered":"https:\/\/noonsong.de\/veranstaltung\/noonsong-event-2022-01-15\/"},"modified":"2025-07-07T21:37:55","modified_gmt":"2025-07-07T19:37:55","slug":"noonsong-event-2022-01-15","status":"publish","type":"tribe_events","link":"https:\/\/noonsong.de\/en\/event\/noonsong-event-2022-01-15\/","title":{"rendered":"565. NoonSong am 15.01.2022 um 12:00"},"content":{"rendered":"\n<div class=\"wp-block-group is-layout-constrained wp-block-group-is-layout-constrained\">\n\n<h2 class=\"wp-block-heading\">Programme<\/h2>\n\n\n\n<p>\n<strong>Organ prelude<\/strong>: Joseph Ahrens (1904-1997): Et incarnatus est, aus: Cantiones sacrae<br\/><strong>Preces<\/strong>: Richard Ayleward (1626-1669): Preces &amp; Responses f\u00fcr vierstimmig gemischten Chor a cappella<br\/><strong>Psalm of the day<\/strong>: Psalm 149: Adam Gumpelzhaimer (1559-1625): Cantate Domino f\u00fcr zwei- und vierstimmig gleichstimmiger Chor a cappella<br\/><strong>Psalm of the week<\/strong>: Psalm 105, 1-3: Adam Gumpelzhaimer (1559-1625): Confitemini Domino \u00e0 8 (1614) f\u00fcr zwei vierstimmig gemischte Ch\u00f6re a cappella<br\/><strong>Responsorium<\/strong>: gregorianisch\n\n<br\/><strong>Canticle<\/strong>: anonym (Th\u00fcringen, 17. Jahrhundert): Das Wort ward Fleisch f\u00fcr f\u00fcnfstimmig gemischten Chor a cappella<br\/><strong>Hymn<\/strong>: Giovanni Giacomo Gastoldi (ca.1550-1622): In dir ist Freude f\u00fcr f\u00fcnfstimmig gemischten Chor a cappella<br\/><strong>Organ postlude<\/strong>: Johann Nepomuk David (1895-1977): Wie sch\u00f6n leuchtet der Morgenstern<br\/><strong>Bible reading<\/strong>: Evangelium nach Johannes 3,1-13<\/p>\n\n\n\n<div style=\"height:30px\" aria-hidden=\"true\" class=\"wp-block-spacer\"><\/div>\n\n\n\n<blockquote class=\"wp-block-quote is-layout-flow wp-block-quote-is-layout-flow\" style=\"font-family:Playfair-Display\">\nLiturgy: 2. Sonntag nach Epiphanias<br>\nPfarrer: Dr. Sebastian W. Stork<br>\nOrganist: Peter Uehling<br>\nLocation: <a href=\"\/kontakt\/#anker-kommen-sie-vorbei\">Kirche am Hohenzollernplatz<\/a>\n<\/blockquote>\n\n<\/div>\n\n<div style=\"height:20px\" aria-hidden=\"true\" class=\"wp-block-spacer\"><\/div>\n\n\n\n<div class=\"wp-block-group is-layout-constrained wp-block-group-is-layout-constrained\">\n<h2 class=\"wp-block-heading\">Listen<\/h2>\n\n\n\n\n<p>Here you can listen to this NoonSong. If you&#8217;d like to listen to more NoonSongs recordings, please register.<\/p>\n\n<div class=\"um-locked-content\">\n\t<div class=\"um-locked-content-msg\">This content has been restricted to logged-in users only. Please <a href=\"https:\/\/noonsong.de\/en\/login-audio-archive\/?redirect_to=https%3A%2F%2Fnoonsong.de%2Fen%2Fwp-json%2Fwp%2Fv2%2Ftribe_events%2F41370\">log in<\/a> to view this content.<\/div>\n<\/div>\n<\/div>\n\n<div style=\"height:20px\" aria-hidden=\"true\" class=\"wp-block-spacer\"><\/div>\n\n\n\n<div class=\"wp-block-group is-layout-constrained wp-block-group-is-layout-constrained\">\n\n<h2 class=\"wp-block-heading\">Watch<\/h2>\n\n\n\n\n<p>Experience the recorded live-stream of this NoonSong.<\/p>\n\n\n\n\n\n<p>You&#8217;ll find many selected video recordings of NoonSongs and other concerts on our <a href=\"https:\/\/youtube.com\/sirventesberlin\" target=\"_blank\" rel=\"noreferrer noopener\">YouTube channel<\/a>.\n<\/p>\n\n\n\n\n<div style=\"height:1em\" aria-hidden=\"true\" class=\"wp-block-spacer\"><\/div>\n<div class=\"um-locked-content\">\n\t<div class=\"um-locked-content-msg\">This content has been restricted to logged-in users only. Please <a href=\"https:\/\/noonsong.de\/en\/login-audio-archive\/?redirect_to=https%3A%2F%2Fnoonsong.de%2Fen%2Fwp-json%2Fwp%2Fv2%2Ftribe_events%2F41370\">log in<\/a> to view this content.<\/div>\n<\/div>\n\n<div style=\"height:20px\" aria-hidden=\"true\" class=\"wp-block-spacer\"><\/div>\n\n<\/div>\n\n<div style=\"height:20px\" aria-hidden=\"true\" class=\"wp-block-spacer\"><\/div>\n\n\n\n<div class=\"wp-block-group is-layout-constrained wp-block-group-is-layout-constrained\">\n\n<h2 class=\"wp-block-heading\">Programme PDF<\/h2>\n\n\n\n\n<p>Read more about this NoonSong in the programme document.<\/p>\n\n\n\n\n<div style=\"height:1em\" aria-hidden=\"true\" class=\"wp-block-spacer\"><\/div>\n\n\n\n<figure class=\"wp-block-image aligncenter is-resized\">\n<a target=\"_blank\" rel=\"noopener noreferrer\" href=\"https:\/\/noonsong.de\/wp-content\/uploads\/2024\/07\/2022-01-15-Liturgie.pdf\">\n<img decoding=\"async\" src=\"https:\/\/noonsong.de\/wp-content\/uploads\/2024\/07\/2022-01-15-Liturgie-pdf.jpg\" alt=\"\" style=\"max-height:45em; max-width:61.8%\" \/>\n<br>\nPDF DOWNLOAD\n<\/a>\n<\/figure>\n\n\n\n<div style=\"height:20px\" aria-hidden=\"true\" class=\"wp-block-spacer\"><\/div>\n\n<\/div>\n\n<div style=\"height:50px\" aria-hidden=\"true\" class=\"wp-block-spacer\"><\/div>\n\n\n\n<p hidden>, , , , , Gumpeltzhaimer, Adam; Gumpelzhaimer, Adamus; Gvmpelzhaimer, Adamvs; A. G.; A. G. T. B.; Gumpelshaimer, Adam; Gumpeltzheimer, Adam; Gumpelzheimer, Adam; Gumpelzhaimerus, Adamus; Gumpelzhaimer, Adam., 1614 in Sacrorum concentuum, Liber 2, no. 1\nSacrorum concentuum, liber 2, Gumpeltzhaimer, Adam; Gumpelzhaimer, Adamus; Gvmpelzhaimer, Adamvs; A. G.; A. G. T. B.; Gumpelshaimer, Adam; Gumpeltzheimer, Adam; Gumpelzheimer, Adam; Gumpelzhaimerus, Adamus; Gumpelzhaimer, Adam., , Anonymus, L&#x27; Innamorato\nAn hellen Tagen\nA lieta vita\nIn dir ist Freude\nAn hellen Tagen (Peter Cornelius), Gastoldi, Giovanni Giacomo (1582-1609); Gastoldi, G. G.; Gastoldi, Gio. Giacomo; Gastoldi, Giovanni G.; Castoldi, Giovanni; Gastoldi, Johann-Jacobus; Gastoldi, Giacomo; Castoldi, Giovanni Giacomo; Gastoldi, Jean-Jacques; Gastoldi, Johann-Jacobi; Gastoldi, Giovanni; Gastoldi da Caravaggio, Giovanni Giacomo, , Ahrens, Josef; Ahrens, Joseph J.; Ahrens, Joseph Johannes Clemens; Ahrens, J., , David, Hans Nepomok; David, Johann N.; David, J. N.; David, Joh. Nep., <\/p>\n\n","protected":false},"excerpt":{"rendered":"<p>Zwei Werke des Augsburger Meisters Adam Gumpelzhaimer stehen erstmals auf dem Programm des NoonSongs. Die achtstimmigen Motetten beweisen die k\u00fcnstlerische Qualit\u00e4t des Chores des St.-Annen-Gymnasiums in Augsburg, f\u00fcr den Gumpelzhaimer komponierte. Sein Ruhm drang weit \u00fcber die Stadt hinaus, der er zeitlebens verbunden blieb. <\/p>\n","protected":false},"author":16,"featured_media":18232,"template":"","meta":{"_et_pb_use_builder":"","_et_pb_old_content":"","_et_gb_content_width":"","_tribe_events_status":"","_tribe_events_status_reason":"","footnotes":""},"tags":[211,121,445,254,262],"tribe_events_cat":[722,743,723,711,712,716,717,719,729,708,735,724,744,720],"class_list":["post-41370","tribe_events","type-tribe_events","status-publish","has-post-thumbnail","hentry","tag-adam-gumpelzhaimer","tag-giovanni-giacomo-gastoldi","tag-johann-nepomuk-david","tag-joseph-ahrens","tag-richard-ayleward","tribe_events_cat-20-jahrhundert","tribe_events_cat-audio","tribe_events_cat-barock","tribe_events_cat-berlin","tribe_events_cat-chor","tribe_events_cat-gottesdienst","tribe_events_cat-kirche","tribe_events_cat-konzert","tribe_events_cat-liturgie","tribe_events_cat-noonsong","tribe_events_cat-pdf","tribe_events_cat-renaissance","tribe_events_cat-video","tribe_events_cat-vokal","cat_20-jahrhundert","cat_audio","cat_barock","cat_berlin","cat_chor","cat_gottesdienst","cat_kirche","cat_konzert","cat_liturgie","cat_noonsong","cat_pdf","cat_renaissance","cat_video","cat_vokal"],"acf":[],"_links":{"self":[{"href":"https:\/\/noonsong.de\/en\/wp-json\/wp\/v2\/tribe_events\/41370","targetHints":{"allow":["GET"]}}],"collection":[{"href":"https:\/\/noonsong.de\/en\/wp-json\/wp\/v2\/tribe_events"}],"about":[{"href":"https:\/\/noonsong.de\/en\/wp-json\/wp\/v2\/types\/tribe_events"}],"author":[{"embeddable":true,"href":"https:\/\/noonsong.de\/en\/wp-json\/wp\/v2\/users\/16"}],"version-history":[{"count":1,"href":"https:\/\/noonsong.de\/en\/wp-json\/wp\/v2\/tribe_events\/41370\/revisions"}],"predecessor-version":[{"id":55375,"href":"https:\/\/noonsong.de\/en\/wp-json\/wp\/v2\/tribe_events\/41370\/revisions\/55375"}],"wp:featuredmedia":[{"embeddable":true,"href":"https:\/\/noonsong.de\/en\/wp-json\/wp\/v2\/media\/18232"}],"wp:attachment":[{"href":"https:\/\/noonsong.de\/en\/wp-json\/wp\/v2\/media?parent=41370"}],"wp:term":[{"taxonomy":"post_tag","embeddable":true,"href":"https:\/\/noonsong.de\/en\/wp-json\/wp\/v2\/tags?post=41370"},{"taxonomy":"tribe_events_cat","embeddable":true,"href":"https:\/\/noonsong.de\/en\/wp-json\/wp\/v2\/tribe_events_cat?post=41370"}],"curies":[{"name":"wp","href":"https:\/\/api.w.org\/{rel}","templated":true}]}}

<div class="wp-block-group is-layout-constrained wp-block-group-is-layout-constrained">

<h2 class="wp-block-heading">Programme</h2>



<p>
<strong>Organ prelude</strong>: Joseph Ahrens (1904-1997): Et incarnatus est, aus: Cantiones sacrae<br/><strong>Preces</strong>: Richard Ayleward (1626-1669): Preces &amp; Responses für vierstimmig gemischten Chor a cappella<br/><strong>Psalm of the day</strong>: Psalm 149: Adam Gumpelzhaimer (1559-1625): Cantate Domino für zwei- und vierstimmig gleichstimmiger Chor a cappella<br/><strong>Psalm of the week</strong>: Psalm 105, 1-3: Adam Gumpelzhaimer (1559-1625): Confitemini Domino à 8 (1614) für zwei vierstimmig gemischte Chöre a cappella<br/><strong>Responsorium</strong>: gregorianisch

<br/><strong>Canticle</strong>: anonym (Thüringen, 17. Jahrhundert): Das Wort ward Fleisch für fünfstimmig gemischten Chor a cappella<br/><strong>Hymn</strong>: Giovanni Giacomo Gastoldi (ca.1550-1622): In dir ist Freude für fünfstimmig gemischten Chor a cappella<br/><strong>Organ postlude</strong>: Johann Nepomuk David (1895-1977): Wie schön leuchtet der Morgenstern<br/><strong>Bible reading</strong>: Evangelium nach Johannes 3,1-13</p>



<div style="height:30px" aria-hidden="true" class="wp-block-spacer"></div>



<blockquote class="wp-block-quote is-layout-flow wp-block-quote-is-layout-flow" style="font-family:Playfair-Display">
Liturgy: 2. Sonntag nach Epiphanias<br>
Pfarrer: Dr. Sebastian W. Stork<br>
Organist: Peter Uehling<br>
Location: <a href="/kontakt/#anker-kommen-sie-vorbei">Kirche am Hohenzollernplatz</a>
</blockquote>

</div>

<div style="height:20px" aria-hidden="true" class="wp-block-spacer"></div>



<div class="wp-block-group is-layout-constrained wp-block-group-is-layout-constrained">
<h2 class="wp-block-heading">Listen</h2>




<p>Here you can listen to this NoonSong. If you&#8217;d like to listen to more NoonSongs recordings, please register.</p>

<div class="um-locked-content">
	<div class="um-locked-content-msg">This content has been restricted to logged-in users only. Please <a href="https://noonsong.de/en/login-audio-archive/?redirect_to=https%3A%2F%2Fnoonsong.de%2Fen%2Fwp-json%2Fwp%2Fv2%2Ftribe_events%2F41370">log in</a> to view this content.</div>
</div>
</div>

<div style="height:20px" aria-hidden="true" class="wp-block-spacer"></div>



<div class="wp-block-group is-layout-constrained wp-block-group-is-layout-constrained">

<h2 class="wp-block-heading">Watch</h2>




<p>Experience the recorded live-stream of this NoonSong.</p>





<p>You&#8217;ll find many selected video recordings of NoonSongs and other concerts on our <a href="https://youtube.com/sirventesberlin" target="_blank" rel="noreferrer noopener">YouTube channel</a>.
</p>




<div style="height:1em" aria-hidden="true" class="wp-block-spacer"></div>
<div class="um-locked-content">
	<div class="um-locked-content-msg">This content has been restricted to logged-in users only. Please <a href="https://noonsong.de/en/login-audio-archive/?redirect_to=https%3A%2F%2Fnoonsong.de%2Fen%2Fwp-json%2Fwp%2Fv2%2Ftribe_events%2F41370">log in</a> to view this content.</div>
</div>

<div style="height:20px" aria-hidden="true" class="wp-block-spacer"></div>

</div>

<div style="height:20px" aria-hidden="true" class="wp-block-spacer"></div>



<div class="wp-block-group is-layout-constrained wp-block-group-is-layout-constrained">

<h2 class="wp-block-heading">Programme PDF</h2>




<p>Read more about this NoonSong in the programme document.</p>




<div style="height:1em" aria-hidden="true" class="wp-block-spacer"></div>



<figure class="wp-block-image aligncenter is-resized">
<a target="_blank" rel="noopener noreferrer" href="https://noonsong.de/wp-content/uploads/2024/07/2022-01-15-Liturgie.pdf">
<img decoding="async" src="https://noonsong.de/wp-content/uploads/2024/07/2022-01-15-Liturgie-pdf.jpg" alt="" style="max-height:45em; max-width:61.8%" />
<br>
PDF DOWNLOAD
</a>
</figure>



<div style="height:20px" aria-hidden="true" class="wp-block-spacer"></div>

</div>

<div style="height:50px" aria-hidden="true" class="wp-block-spacer"></div>



<p hidden>, , , , , Gumpeltzhaimer, Adam; Gumpelzhaimer, Adamus; Gvmpelzhaimer, Adamvs; A. G.; A. G. T. B.; Gumpelshaimer, Adam; Gumpeltzheimer, Adam; Gumpelzheimer, Adam; Gumpelzhaimerus, Adamus; Gumpelzhaimer, Adam., 1614 in Sacrorum concentuum, Liber 2, no. 1
Sacrorum concentuum, liber 2, Gumpeltzhaimer, Adam; Gumpelzhaimer, Adamus; Gvmpelzhaimer, Adamvs; A. G.; A. G. T. B.; Gumpelshaimer, Adam; Gumpeltzheimer, Adam; Gumpelzheimer, Adam; Gumpelzhaimerus, Adamus; Gumpelzhaimer, Adam., , Anonymus, L&#x27; Innamorato
An hellen Tagen
A lieta vita
In dir ist Freude
An hellen Tagen (Peter Cornelius), Gastoldi, Giovanni Giacomo (1582-1609); Gastoldi, G. G.; Gastoldi, Gio. Giacomo; Gastoldi, Giovanni G.; Castoldi, Giovanni; Gastoldi, Johann-Jacobus; Gastoldi, Giacomo; Castoldi, Giovanni Giacomo; Gastoldi, Jean-Jacques; Gastoldi, Johann-Jacobi; Gastoldi, Giovanni; Gastoldi da Caravaggio, Giovanni Giacomo, , Ahrens, Josef; Ahrens, Joseph J.; Ahrens, Joseph Johannes Clemens; Ahrens, J., , David, Hans Nepomok; David, Johann N.; David, J. N.; David, Joh. Nep., </p>

<p>Zwei Werke des Augsburger Meisters Adam Gumpelzhaimer stehen erstmals auf dem Programm des NoonSongs. Die achtstimmigen Motetten beweisen die künstlerische Qualität des Chores des St.-Annen-Gymnasiums in Augsburg, für den Gumpelzhaimer komponierte. Sein Ruhm drang weit über die Stadt hinaus, der er zeitlebens verbunden blieb. </p>
