{"id":41379,"date":"2025-07-07T21:38:28","date_gmt":"2025-07-07T19:38:28","guid":{"rendered":"https:\/\/noonsong.de\/veranstaltung\/noonsong-event-2011-11-19\/"},"modified":"2025-07-07T21:38:28","modified_gmt":"2025-07-07T19:38:28","slug":"noonsong-event-2011-11-19","status":"publish","type":"tribe_events","link":"https:\/\/noonsong.de\/en\/event\/noonsong-event-2011-11-19\/","title":{"rendered":"133. NoonSong am 19.11.2011 um 12:00"},"content":{"rendered":"\n<div class=\"wp-block-group is-layout-constrained wp-block-group-is-layout-constrained\">\n\n<h2 class=\"wp-block-heading\">Programme<\/h2>\n\n\n\n<p>\n<strong>Organ prelude<\/strong>: Jehan Alain (1911-1940): Le Jardin suspendu<br\/><strong>Preces<\/strong>: Thomas Tomkins (1572-1656): Preces &amp; Responses f\u00fcr f\u00fcnfstimmig gemischten Chor a cappella<br\/><strong>Psalm of the day<\/strong>: Psalm 60: Cesare de Zacharia (16. Jh.): Falsibordone f\u00fcr vierstimmig gemischten Chor a cappella<br\/><strong>Psalm of the week<\/strong>: Psalm 126: Carl M\u00fcllerhartung (1834-1908): Wenn der Herr die Gefangenen Zions erl\u00f6sen wird f\u00fcr sechsstimmig gemischten Chor a cappella<br\/><strong>Responsorium<\/strong>: gregorianisch\n\n<br\/><strong>Canticle<\/strong>: Tom\u00e1s Luis de Victoria (1548-1611): Benedictus f\u00fcr vierstimmig gemischten Chor a cappella<br\/><strong>Hymn<\/strong>: Johann Georg Ebeling (1637-1676): Warum sollt ich mich denn gr\u00e4men f\u00fcr vierstimmig gemischten Chor a cappella<br\/><strong>Organ postlude<\/strong>: Franz Liszt (1811-1886): Pilgerchor aus Wagners Tannh\u00e4user<br\/><strong>Bible reading<\/strong>: Buch Jesaja 65,16b-19.23-25<\/p>\n\n\n\n<div style=\"height:30px\" aria-hidden=\"true\" class=\"wp-block-spacer\"><\/div>\n\n\n\n<blockquote class=\"wp-block-quote is-layout-flow wp-block-quote-is-layout-flow\" style=\"font-family:Playfair-Display\">\nLiturgy: Ewigkeitssonntag<br>\nPfarrerin: Barbara Deml<br>\nOrganist: Rudolf Seidel<br>\nLocation: <a href=\"\/kontakt\/#anker-kommen-sie-vorbei\">Kirche am Hohenzollernplatz<\/a>\n<\/blockquote>\n\n<\/div>\n\n<div style=\"height:20px\" aria-hidden=\"true\" class=\"wp-block-spacer\"><\/div>\n\n\n\n<div class=\"wp-block-group is-layout-constrained wp-block-group-is-layout-constrained\">\n<h2 class=\"wp-block-heading\">Listen<\/h2>\n\n\n\n\n<p>Here you can listen to this NoonSong. If you&#8217;d like to listen to more NoonSongs recordings, please register.<\/p>\n\n<div class=\"um-locked-content\">\n\t<div class=\"um-locked-content-msg\">This content has been restricted to logged-in users only. Please <a href=\"https:\/\/noonsong.de\/en\/login-audio-archive\/?redirect_to=https%3A%2F%2Fnoonsong.de%2Fen%2Fwp-json%2Fwp%2Fv2%2Ftribe_events%2F41379\">log in<\/a> to view this content.<\/div>\n<\/div>\n<\/div>\n\n<div style=\"height:20px\" aria-hidden=\"true\" class=\"wp-block-spacer\"><\/div>\n\n\n\n<div class=\"wp-block-group is-layout-constrained wp-block-group-is-layout-constrained\">\n\n<h2 class=\"wp-block-heading\">Programme PDF<\/h2>\n\n\n\n\n<p>Read more about this NoonSong in the programme document.<\/p>\n\n\n\n\n<div style=\"height:1em\" aria-hidden=\"true\" class=\"wp-block-spacer\"><\/div>\n\n\n\n<figure class=\"wp-block-image aligncenter is-resized\">\n<a target=\"_blank\" rel=\"noopener noreferrer\" href=\"https:\/\/noonsong.de\/wp-content\/uploads\/2024\/07\/2011-11-19-Liturgie.pdf\">\n<img decoding=\"async\" src=\"https:\/\/noonsong.de\/wp-content\/uploads\/2024\/07\/2011-11-19-Liturgie-pdf.jpg\" alt=\"\" style=\"max-height:45em; max-width:61.8%\" \/>\n<br>\nPDF DOWNLOAD\n<\/a>\n<\/figure>\n\n\n\n<div style=\"height:20px\" aria-hidden=\"true\" class=\"wp-block-spacer\"><\/div>\n\n<\/div>\n\n<div style=\"height:50px\" aria-hidden=\"true\" class=\"wp-block-spacer\"><\/div>\n\n\n\n<p hidden>, , , Tomkins, , Zaccariis, C\u00e4sar de; Zachariis, Caesar de; Zachariis, Cesare de; Zachariis, Caesare de; Zaccaria, Caesar de; Zaccaria, Cesare de; Zaccari, Cesare de; Zaccari, Caesar de, , M\u00fcller-Hartung, C.; Mueller-Hartung, Karl; M\u00fcllerhartung, C.; M\u00fcller Hartung, Karl; M\u00fcller-Hartung, Karl Wilhelm; M\u00fcllerhartung, Karl; M\u00fcller-Hartung, Karl; M\u00fcller-Hartung, Carl, , Victoria, Tommaso Luis da; Vittoria, Tommaso Luis da; Vittoria, Lodovico da; Vittoria, Thomas L.; Victoria, Thomas L. a; Victoria, Thomas L.; Vittoria, Tom\u00e1s Luis; Vittoria, Louis Tomaso da; Vittorio, Tommaso Luis da; Vittoria, Ludwig Tom\u00e1s; Vittoria, Ludovico da; Vittoria, Ludovicus; Victoria, Tom\u00e1s Luis da; Victoria, Tomao L. da; Victoria, Thoma Ludovico da; Vittoria, Tommaso L. da; Victoria, Tomaso Luis de; Victoria, Tom\u00e1s L. de; Vittoria, Tomaso L.; Victoria, Tomasio L. da; Vittoria, Tom\u00e1s da; Vittoria, Tomaso Luis da; Vittoria, Thomasio L. da; Victoria, Th. L. de; Victoria, Th. Ludovico; Victoria, T. L. de; Vittoria, T. L.; Vittoria, T. L. D.; Vittoria, &#8230;; Vittoria, Tommaso Lodovico da; Victoria, Tommaso Ludovico da; Vittoria, Tommaso Ludovico da; Vittoria, L. da; Vittoria, Tomaso Ludovico da; Victoria, Thomas Ludovicus; Vittoria, Tomas Ludovico; Vittoria, Tom\u00e1s Luis de; Victoria, Thomas Ludovicus Victoria; Vitoria, Tom\u00e1s Luis de; Victoria, Luis Tom\u00e1s da; De Victoria, Tom\u00e1s Luis; Vittoria, T.L. da; Victoria; Victoria, Ludovico da; Victoria, Tom\u00e1s Ludovico da; DaVittoria, Tomas Ludovico, Pauli Gerhardi geistliche Andachten &#8230;. Warum sollt&#x27; ich mich denn gr\u00e4men, Ebeling, Johannes Georg; Ebeling, Joh. Georg; Ebeling, J. G.; Ebeling, Johann George; Ebelingius, Johannes Georgius; Ebeling, Johann G.; Ebeling, Johan Georg; Ebeling Johann Georg, , Alain, &#8230;; Alain, Jehan Ariste; Alain, Jehan-Ariste; Alain, Jehan A.; Alain, Jean-Ariste; Alain, Jean Artiste, Chor der j\u00fcngeren Pilger aus Tannh\u00e4user von Wagner\nPilgerchor aus Tannh\u00e4user. Fassung Org\nPilgerchor aus der Oper &quot;Tannh\u00e4user&quot; \nPilgrim&#x27;s chorus from the opera &quot;Tannh\u00e4user&quot;, Liszt, Ferencz; Liszt, Ferenc; Liszt, Francesco; Liszt, Francisco; Liszt, Franciscus; Liszt, Franciszek; Liszt, Fran\u00e7ois; Liszt, Franz von; Liszt, F.; Liszt; Liszt-Brugnoli; List, Ferenc; List, Ferents; List, Frants; List, Franz; List, F.; Listz, <\/p>\n\n","protected":false},"excerpt":{"rendered":"<p style='position:absolute'>&nbsp;<\/p>\n","protected":false},"author":16,"featured_media":18651,"template":"","meta":{"_et_pb_use_builder":"","_et_pb_old_content":"","_et_gb_content_width":"","_tribe_events_status":"","_tribe_events_status_reason":"","footnotes":""},"tags":[422,408,429,327,293,217,174],"tribe_events_cat":[722,743,726,723,711,712,716,717,719,729,708,735,724,725,720],"class_list":["post-41379","tribe_events","type-tribe_events","status-publish","has-post-thumbnail","hentry","tag-carl-muellerhartung","tag-cesare-de-zacharia","tag-franz-liszt","tag-jehan-alain","tag-johann-georg-ebeling","tag-thomas-tomkins","tag-tomas-luis-de-victoria","tribe_events_cat-20-jahrhundert","tribe_events_cat-audio","tribe_events_cat-avantgarde","tribe_events_cat-barock","tribe_events_cat-berlin","tribe_events_cat-chor","tribe_events_cat-gottesdienst","tribe_events_cat-kirche","tribe_events_cat-konzert","tribe_events_cat-liturgie","tribe_events_cat-noonsong","tribe_events_cat-pdf","tribe_events_cat-renaissance","tribe_events_cat-romantik","tribe_events_cat-vokal","cat_20-jahrhundert","cat_audio","cat_avantgarde","cat_barock","cat_berlin","cat_chor","cat_gottesdienst","cat_kirche","cat_konzert","cat_liturgie","cat_noonsong","cat_pdf","cat_renaissance","cat_romantik","cat_vokal"],"acf":[],"_links":{"self":[{"href":"https:\/\/noonsong.de\/en\/wp-json\/wp\/v2\/tribe_events\/41379","targetHints":{"allow":["GET"]}}],"collection":[{"href":"https:\/\/noonsong.de\/en\/wp-json\/wp\/v2\/tribe_events"}],"about":[{"href":"https:\/\/noonsong.de\/en\/wp-json\/wp\/v2\/types\/tribe_events"}],"author":[{"embeddable":true,"href":"https:\/\/noonsong.de\/en\/wp-json\/wp\/v2\/users\/16"}],"version-history":[{"count":1,"href":"https:\/\/noonsong.de\/en\/wp-json\/wp\/v2\/tribe_events\/41379\/revisions"}],"predecessor-version":[{"id":57126,"href":"https:\/\/noonsong.de\/en\/wp-json\/wp\/v2\/tribe_events\/41379\/revisions\/57126"}],"wp:featuredmedia":[{"embeddable":true,"href":"https:\/\/noonsong.de\/en\/wp-json\/wp\/v2\/media\/18651"}],"wp:attachment":[{"href":"https:\/\/noonsong.de\/en\/wp-json\/wp\/v2\/media?parent=41379"}],"wp:term":[{"taxonomy":"post_tag","embeddable":true,"href":"https:\/\/noonsong.de\/en\/wp-json\/wp\/v2\/tags?post=41379"},{"taxonomy":"tribe_events_cat","embeddable":true,"href":"https:\/\/noonsong.de\/en\/wp-json\/wp\/v2\/tribe_events_cat?post=41379"}],"curies":[{"name":"wp","href":"https:\/\/api.w.org\/{rel}","templated":true}]}}

<div class="wp-block-group is-layout-constrained wp-block-group-is-layout-constrained">

<h2 class="wp-block-heading">Programme</h2>



<p>
<strong>Organ prelude</strong>: Jehan Alain (1911-1940): Le Jardin suspendu<br/><strong>Preces</strong>: Thomas Tomkins (1572-1656): Preces &amp; Responses für fünfstimmig gemischten Chor a cappella<br/><strong>Psalm of the day</strong>: Psalm 60: Cesare de Zacharia (16. Jh.): Falsibordone für vierstimmig gemischten Chor a cappella<br/><strong>Psalm of the week</strong>: Psalm 126: Carl Müllerhartung (1834-1908): Wenn der Herr die Gefangenen Zions erlösen wird für sechsstimmig gemischten Chor a cappella<br/><strong>Responsorium</strong>: gregorianisch

<br/><strong>Canticle</strong>: Tomás Luis de Victoria (1548-1611): Benedictus für vierstimmig gemischten Chor a cappella<br/><strong>Hymn</strong>: Johann Georg Ebeling (1637-1676): Warum sollt ich mich denn grämen für vierstimmig gemischten Chor a cappella<br/><strong>Organ postlude</strong>: Franz Liszt (1811-1886): Pilgerchor aus Wagners Tannhäuser<br/><strong>Bible reading</strong>: Buch Jesaja 65,16b-19.23-25</p>



<div style="height:30px" aria-hidden="true" class="wp-block-spacer"></div>



<blockquote class="wp-block-quote is-layout-flow wp-block-quote-is-layout-flow" style="font-family:Playfair-Display">
Liturgy: Ewigkeitssonntag<br>
Pfarrerin: Barbara Deml<br>
Organist: Rudolf Seidel<br>
Location: <a href="/kontakt/#anker-kommen-sie-vorbei">Kirche am Hohenzollernplatz</a>
</blockquote>

</div>

<div style="height:20px" aria-hidden="true" class="wp-block-spacer"></div>



<div class="wp-block-group is-layout-constrained wp-block-group-is-layout-constrained">
<h2 class="wp-block-heading">Listen</h2>




<p>Here you can listen to this NoonSong. If you&#8217;d like to listen to more NoonSongs recordings, please register.</p>

<div class="um-locked-content">
	<div class="um-locked-content-msg">This content has been restricted to logged-in users only. Please <a href="https://noonsong.de/en/login-audio-archive/?redirect_to=https%3A%2F%2Fnoonsong.de%2Fen%2Fwp-json%2Fwp%2Fv2%2Ftribe_events%2F41379">log in</a> to view this content.</div>
</div>
</div>

<div style="height:20px" aria-hidden="true" class="wp-block-spacer"></div>



<div class="wp-block-group is-layout-constrained wp-block-group-is-layout-constrained">

<h2 class="wp-block-heading">Programme PDF</h2>




<p>Read more about this NoonSong in the programme document.</p>




<div style="height:1em" aria-hidden="true" class="wp-block-spacer"></div>



<figure class="wp-block-image aligncenter is-resized">
<a target="_blank" rel="noopener noreferrer" href="https://noonsong.de/wp-content/uploads/2024/07/2011-11-19-Liturgie.pdf">
<img decoding="async" src="https://noonsong.de/wp-content/uploads/2024/07/2011-11-19-Liturgie-pdf.jpg" alt="" style="max-height:45em; max-width:61.8%" />
<br>
PDF DOWNLOAD
</a>
</figure>



<div style="height:20px" aria-hidden="true" class="wp-block-spacer"></div>

</div>

<div style="height:50px" aria-hidden="true" class="wp-block-spacer"></div>



<p hidden>, , , Tomkins, , Zaccariis, Cäsar de; Zachariis, Caesar de; Zachariis, Cesare de; Zachariis, Caesare de; Zaccaria, Caesar de; Zaccaria, Cesare de; Zaccari, Cesare de; Zaccari, Caesar de, , Müller-Hartung, C.; Mueller-Hartung, Karl; Müllerhartung, C.; Müller Hartung, Karl; Müller-Hartung, Karl Wilhelm; Müllerhartung, Karl; Müller-Hartung, Karl; Müller-Hartung, Carl, , Victoria, Tommaso Luis da; Vittoria, Tommaso Luis da; Vittoria, Lodovico da; Vittoria, Thomas L.; Victoria, Thomas L. a; Victoria, Thomas L.; Vittoria, Tomás Luis; Vittoria, Louis Tomaso da; Vittorio, Tommaso Luis da; Vittoria, Ludwig Tomás; Vittoria, Ludovico da; Vittoria, Ludovicus; Victoria, Tomás Luis da; Victoria, Tomao L. da; Victoria, Thoma Ludovico da; Vittoria, Tommaso L. da; Victoria, Tomaso Luis de; Victoria, Tomás L. de; Vittoria, Tomaso L.; Victoria, Tomasio L. da; Vittoria, Tomás da; Vittoria, Tomaso Luis da; Vittoria, Thomasio L. da; Victoria, Th. L. de; Victoria, Th. Ludovico; Victoria, T. L. de; Vittoria, T. L.; Vittoria, T. L. D.; Vittoria, &#8230;; Vittoria, Tommaso Lodovico da; Victoria, Tommaso Ludovico da; Vittoria, Tommaso Ludovico da; Vittoria, L. da; Vittoria, Tomaso Ludovico da; Victoria, Thomas Ludovicus; Vittoria, Tomas Ludovico; Vittoria, Tomás Luis de; Victoria, Thomas Ludovicus Victoria; Vitoria, Tomás Luis de; Victoria, Luis Tomás da; De Victoria, Tomás Luis; Vittoria, T.L. da; Victoria; Victoria, Ludovico da; Victoria, Tomás Ludovico da; DaVittoria, Tomas Ludovico, Pauli Gerhardi geistliche Andachten &#8230;. Warum sollt&#x27; ich mich denn grämen, Ebeling, Johannes Georg; Ebeling, Joh. Georg; Ebeling, J. G.; Ebeling, Johann George; Ebelingius, Johannes Georgius; Ebeling, Johann G.; Ebeling, Johan Georg; Ebeling Johann Georg, , Alain, &#8230;; Alain, Jehan Ariste; Alain, Jehan-Ariste; Alain, Jehan A.; Alain, Jean-Ariste; Alain, Jean Artiste, Chor der jüngeren Pilger aus Tannhäuser von Wagner
Pilgerchor aus Tannhäuser. Fassung Org
Pilgerchor aus der Oper &quot;Tannhäuser&quot; 
Pilgrim&#x27;s chorus from the opera &quot;Tannhäuser&quot;, Liszt, Ferencz; Liszt, Ferenc; Liszt, Francesco; Liszt, Francisco; Liszt, Franciscus; Liszt, Franciszek; Liszt, François; Liszt, Franz von; Liszt, F.; Liszt; Liszt-Brugnoli; List, Ferenc; List, Ferents; List, Frants; List, Franz; List, F.; Listz, </p>
