{"id":41387,"date":"2025-07-07T21:38:38","date_gmt":"2025-07-07T19:38:38","guid":{"rendered":"https:\/\/noonsong.de\/veranstaltung\/noonsong-event-2021-08-14\/"},"modified":"2025-07-07T21:38:38","modified_gmt":"2025-07-07T19:38:38","slug":"noonsong-event-2021-08-14","status":"publish","type":"tribe_events","link":"https:\/\/noonsong.de\/en\/event\/noonsong-event-2021-08-14\/","title":{"rendered":"545. NoonSong am 14.08.2021 um 12:00"},"content":{"rendered":"\n<div class=\"wp-block-group is-layout-constrained wp-block-group-is-layout-constrained\">\n\n<h2 class=\"wp-block-heading\">Programme<\/h2>\n\n\n\n<p>\n<strong>Organ prelude<\/strong>: Moritz Brosig (1815-1887): Aus tiefer Not schrei ich zu dir (op.4,4)<br\/><strong>Preces<\/strong>: William Byrd (ca. 1540-1623): Preces &amp; Responses f\u00fcr f\u00fcnfstimmig gemischten Chor a cappella<br\/><strong>Psalm of the day<\/strong>: Psalm 81,1-4: William Byrd (ca. 1540-1623): Sing joyfully f\u00fcr sechsstimmig gemischten Chor a cappella<br\/><strong>Psalm of the week<\/strong>: Psalm 145,15-21: Orlando Gibbons (1583-1625): The eyes of all wait upon Thee, O Lord f\u00fcr sechsstimmig gemischten Chor und Orgel<br\/><strong>Responsorium<\/strong>: gregorianisch\n\n<br\/><strong>Canticle<\/strong>: Orlando Gibbons (1583-1625): Magnificat from &quot;short service&quot; f\u00fcr vierstimmig gemischten Chor a cappella<br\/><strong>Hymn<\/strong>: Michael Praetorius (1571-1621): Aus tiefer Not schrei ich zu Dir f\u00fcr vierstimmig gemischten Chor a cappella<br\/><strong>Organ postlude<\/strong>: Johann Sebastian Bach (1685-1750): Pr\u00e4ludium und Fuge e-Moll (BWV 533)<br\/><strong>Bible reading<\/strong>: Evangelium nach Lukas 18,9-14<\/p>\n\n\n\n<div style=\"height:30px\" aria-hidden=\"true\" class=\"wp-block-spacer\"><\/div>\n\n\n\n<blockquote class=\"wp-block-quote is-layout-flow wp-block-quote-is-layout-flow\" style=\"font-family:Playfair-Display\">\nLiturgy: 11. Sonntag nach Trinitatis<br>\nPfarrer: Pater Klaus Mertes SJ<br>\nOrganist: Mirlan Kasymaliev<br>\nLocation: <a href=\"\/kontakt\/#anker-kommen-sie-vorbei\">Kirche am Hohenzollernplatz<\/a>\n<\/blockquote>\n\n<\/div>\n\n<div style=\"height:20px\" aria-hidden=\"true\" class=\"wp-block-spacer\"><\/div>\n\n\n\n<div class=\"wp-block-group is-layout-constrained wp-block-group-is-layout-constrained\">\n<h2 class=\"wp-block-heading\">Listen<\/h2>\n\n\n\n\n<p>Here you can listen to this NoonSong. If you&#8217;d like to listen to more NoonSongs recordings, please register.<\/p>\n\n<div class=\"um-locked-content\">\n\t<div class=\"um-locked-content-msg\">This content has been restricted to logged-in users only. Please <a href=\"https:\/\/noonsong.de\/en\/login-audio-archive\/?redirect_to=https%3A%2F%2Fnoonsong.de%2Fen%2Fwp-json%2Fwp%2Fv2%2Ftribe_events%2F41387\">log in<\/a> to view this content.<\/div>\n<\/div>\n<\/div>\n\n<div style=\"height:20px\" aria-hidden=\"true\" class=\"wp-block-spacer\"><\/div>\n\n\n\n<div class=\"wp-block-group is-layout-constrained wp-block-group-is-layout-constrained\">\n\n<h2 class=\"wp-block-heading\">Watch<\/h2>\n\n\n\n\n<p>Experience the recorded live-stream of this NoonSong.<\/p>\n\n\n\n\n\n<p>You&#8217;ll find many selected video recordings of NoonSongs and other concerts on our <a href=\"https:\/\/youtube.com\/sirventesberlin\" target=\"_blank\" rel=\"noreferrer noopener\">YouTube channel<\/a>.\n<\/p>\n\n\n\n\n<div style=\"height:1em\" aria-hidden=\"true\" class=\"wp-block-spacer\"><\/div>\n<div class=\"um-locked-content\">\n\t<div class=\"um-locked-content-msg\">This content has been restricted to logged-in users only. Please <a href=\"https:\/\/noonsong.de\/en\/login-audio-archive\/?redirect_to=https%3A%2F%2Fnoonsong.de%2Fen%2Fwp-json%2Fwp%2Fv2%2Ftribe_events%2F41387\">log in<\/a> to view this content.<\/div>\n<\/div>\n\n<div style=\"height:20px\" aria-hidden=\"true\" class=\"wp-block-spacer\"><\/div>\n\n<\/div>\n\n<div style=\"height:20px\" aria-hidden=\"true\" class=\"wp-block-spacer\"><\/div>\n\n\n\n<div class=\"wp-block-group is-layout-constrained wp-block-group-is-layout-constrained\">\n\n<h2 class=\"wp-block-heading\">Programme PDF<\/h2>\n\n\n\n\n<p>Read more about this NoonSong in the programme document.<\/p>\n\n\n\n\n<div style=\"height:1em\" aria-hidden=\"true\" class=\"wp-block-spacer\"><\/div>\n\n\n\n<figure class=\"wp-block-image aligncenter is-resized\">\n<a target=\"_blank\" rel=\"noopener noreferrer\" href=\"https:\/\/noonsong.de\/wp-content\/uploads\/2024\/07\/2021-08-14-Liturgie.pdf\">\n<img decoding=\"async\" src=\"https:\/\/noonsong.de\/wp-content\/uploads\/2024\/07\/2021-08-14-Liturgie-pdf.jpg\" alt=\"\" style=\"max-height:45em; max-width:61.8%\" \/>\n<br>\nPDF DOWNLOAD\n<\/a>\n<\/figure>\n\n\n\n<div style=\"height:20px\" aria-hidden=\"true\" class=\"wp-block-spacer\"><\/div>\n\n<\/div>\n\n<div style=\"height:50px\" aria-hidden=\"true\" class=\"wp-block-spacer\"><\/div>\n\n\n\n<p hidden>, , , Byrd, &#8230;; Byrd, W.; Byrd, Guil.; Byrd of Virginia, William; Berd, V.; Byred, William; Bird, William; Byrde, William, , Byrd, &#8230;; Byrd, W.; Byrd, Guil.; Byrd of Virginia, William; Berd, V.; Byred, William; Bird, William; Byrde, William, , , , , , Praetorius, M.; Praetorius; Praetorij, Micha\u00eblis; Pr\u00e4torius, Michael; Pr\u00e4torius, Mich.; Schulthei\u00df, Michael; Schultheiss, Michael, Choralvorspiele, op. 4. Aus tiefer Not schrei ich zu dir\nop. 4, , Pr\u00e4ludien und Fugen, Org, BWV 533a. BWV 533\nPr\u00e4ludien und Fugen, Org BWV 533\nPraeludium und Fuge e-Moll (BWV 533), Bach; Bach, G. S.; Bach, Iogann Sebast\u02b9jan; Bach, Joh. Sebastian; Bach, Giov. Sebast.; Bach, Jean Sebastien; Bach, Jean Sebastian; Bach, J. Seb.; Bach, Sebastiano; Bach, John Sebastian; Bach, Iogann S.; Bach, Iogann Sebast&#x27;jan; Bach, Iogann Sebastian; Bach, Giovanni Sebastian; Bach, Johan Sebastian; Bach, Joannes Sebastianus; Bach, Giov. Seb.; Bach, Giovanni S.; B\u0101\u1e35, J\u014dh\u0101n Seba\u1e63t\u012b&#x27;\u0101n; Bach, I. S.; Bach, J.-S.; Bach, Giovanni Sebastiano; Bach, Jean-Sebastien; Bach, Sebastian; Bach, Jan Sebastian; Bach, J. S.; Bach, Johann-Sebastian; Bach, Jean S.; Bach, Johannes S.; Bach, Johannes Sebastian; Bach, Joh. Seb.; Bach, Joh.-Seb.; Bach, Joh. Sebas.; Bach, Johann Seb.; Bach, Joh. Sebast.; Bach, Johann S.; Bach, Iogann Sebastjan; Bach, Jean S\u00e9bastien; Bach, Jean-S\u00e9bastien; Bach, Johann; Bakh, Iogann Sebastian, <\/p>\n\n","protected":false},"excerpt":{"rendered":"<p>Der zweite NoonSong nach der Sommerpause f\u00fchrt uns nach England in die Zeit der sp\u00e4ten Renaissance. W\u00e4hrend William Byrd weit \u00fcber England bekannt ist, sind insbesondere die geistlichen Werke von Orlando Gibbons f\u00fcr viele eine Neuentdeckung. Sie wurden f\u00fcr den anglikanischen Gottesdienst geschrieben und verbinden den NoonSong mit seinen englischen Vorbildern.<\/p>\n","protected":false},"author":16,"featured_media":18672,"template":"","meta":{"_et_pb_use_builder":"","_et_pb_old_content":"","_et_gb_content_width":"","_tribe_events_status":"","_tribe_events_status_reason":"","footnotes":""},"tags":[105,145,306,407,113],"tribe_events_cat":[743,723,711,712,716,717,719,729,708,735,724,725,744,720],"class_list":["post-41387","tribe_events","type-tribe_events","status-publish","has-post-thumbnail","hentry","tag-johann-sebastian-bach","tag-michael-praetorius","tag-moritz-brosig","tag-orlando-gibbons","tag-william-byrd","tribe_events_cat-audio","tribe_events_cat-barock","tribe_events_cat-berlin","tribe_events_cat-chor","tribe_events_cat-gottesdienst","tribe_events_cat-kirche","tribe_events_cat-konzert","tribe_events_cat-liturgie","tribe_events_cat-noonsong","tribe_events_cat-pdf","tribe_events_cat-renaissance","tribe_events_cat-romantik","tribe_events_cat-video","tribe_events_cat-vokal","cat_audio","cat_barock","cat_berlin","cat_chor","cat_gottesdienst","cat_kirche","cat_konzert","cat_liturgie","cat_noonsong","cat_pdf","cat_renaissance","cat_romantik","cat_video","cat_vokal"],"acf":[],"_links":{"self":[{"href":"https:\/\/noonsong.de\/en\/wp-json\/wp\/v2\/tribe_events\/41387","targetHints":{"allow":["GET"]}}],"collection":[{"href":"https:\/\/noonsong.de\/en\/wp-json\/wp\/v2\/tribe_events"}],"about":[{"href":"https:\/\/noonsong.de\/en\/wp-json\/wp\/v2\/types\/tribe_events"}],"author":[{"embeddable":true,"href":"https:\/\/noonsong.de\/en\/wp-json\/wp\/v2\/users\/16"}],"version-history":[{"count":1,"href":"https:\/\/noonsong.de\/en\/wp-json\/wp\/v2\/tribe_events\/41387\/revisions"}],"predecessor-version":[{"id":57137,"href":"https:\/\/noonsong.de\/en\/wp-json\/wp\/v2\/tribe_events\/41387\/revisions\/57137"}],"wp:featuredmedia":[{"embeddable":true,"href":"https:\/\/noonsong.de\/en\/wp-json\/wp\/v2\/media\/18672"}],"wp:attachment":[{"href":"https:\/\/noonsong.de\/en\/wp-json\/wp\/v2\/media?parent=41387"}],"wp:term":[{"taxonomy":"post_tag","embeddable":true,"href":"https:\/\/noonsong.de\/en\/wp-json\/wp\/v2\/tags?post=41387"},{"taxonomy":"tribe_events_cat","embeddable":true,"href":"https:\/\/noonsong.de\/en\/wp-json\/wp\/v2\/tribe_events_cat?post=41387"}],"curies":[{"name":"wp","href":"https:\/\/api.w.org\/{rel}","templated":true}]}}

<div class="wp-block-group is-layout-constrained wp-block-group-is-layout-constrained">

<h2 class="wp-block-heading">Programme</h2>



<p>
<strong>Organ prelude</strong>: Moritz Brosig (1815-1887): Aus tiefer Not schrei ich zu dir (op.4,4)<br/><strong>Preces</strong>: William Byrd (ca. 1540-1623): Preces &amp; Responses für fünfstimmig gemischten Chor a cappella<br/><strong>Psalm of the day</strong>: Psalm 81,1-4: William Byrd (ca. 1540-1623): Sing joyfully für sechsstimmig gemischten Chor a cappella<br/><strong>Psalm of the week</strong>: Psalm 145,15-21: Orlando Gibbons (1583-1625): The eyes of all wait upon Thee, O Lord für sechsstimmig gemischten Chor und Orgel<br/><strong>Responsorium</strong>: gregorianisch

<br/><strong>Canticle</strong>: Orlando Gibbons (1583-1625): Magnificat from &quot;short service&quot; für vierstimmig gemischten Chor a cappella<br/><strong>Hymn</strong>: Michael Praetorius (1571-1621): Aus tiefer Not schrei ich zu Dir für vierstimmig gemischten Chor a cappella<br/><strong>Organ postlude</strong>: Johann Sebastian Bach (1685-1750): Präludium und Fuge e-Moll (BWV 533)<br/><strong>Bible reading</strong>: Evangelium nach Lukas 18,9-14</p>



<div style="height:30px" aria-hidden="true" class="wp-block-spacer"></div>



<blockquote class="wp-block-quote is-layout-flow wp-block-quote-is-layout-flow" style="font-family:Playfair-Display">
Liturgy: 11. Sonntag nach Trinitatis<br>
Pfarrer: Pater Klaus Mertes SJ<br>
Organist: Mirlan Kasymaliev<br>
Location: <a href="/kontakt/#anker-kommen-sie-vorbei">Kirche am Hohenzollernplatz</a>
</blockquote>

</div>

<div style="height:20px" aria-hidden="true" class="wp-block-spacer"></div>



<div class="wp-block-group is-layout-constrained wp-block-group-is-layout-constrained">
<h2 class="wp-block-heading">Listen</h2>




<p>Here you can listen to this NoonSong. If you&#8217;d like to listen to more NoonSongs recordings, please register.</p>

<div class="um-locked-content">
	<div class="um-locked-content-msg">This content has been restricted to logged-in users only. Please <a href="https://noonsong.de/en/login-audio-archive/?redirect_to=https%3A%2F%2Fnoonsong.de%2Fen%2Fwp-json%2Fwp%2Fv2%2Ftribe_events%2F41387">log in</a> to view this content.</div>
</div>
</div>

<div style="height:20px" aria-hidden="true" class="wp-block-spacer"></div>



<div class="wp-block-group is-layout-constrained wp-block-group-is-layout-constrained">

<h2 class="wp-block-heading">Watch</h2>




<p>Experience the recorded live-stream of this NoonSong.</p>





<p>You&#8217;ll find many selected video recordings of NoonSongs and other concerts on our <a href="https://youtube.com/sirventesberlin" target="_blank" rel="noreferrer noopener">YouTube channel</a>.
</p>




<div style="height:1em" aria-hidden="true" class="wp-block-spacer"></div>
<div class="um-locked-content">
	<div class="um-locked-content-msg">This content has been restricted to logged-in users only. Please <a href="https://noonsong.de/en/login-audio-archive/?redirect_to=https%3A%2F%2Fnoonsong.de%2Fen%2Fwp-json%2Fwp%2Fv2%2Ftribe_events%2F41387">log in</a> to view this content.</div>
</div>

<div style="height:20px" aria-hidden="true" class="wp-block-spacer"></div>

</div>

<div style="height:20px" aria-hidden="true" class="wp-block-spacer"></div>



<div class="wp-block-group is-layout-constrained wp-block-group-is-layout-constrained">

<h2 class="wp-block-heading">Programme PDF</h2>




<p>Read more about this NoonSong in the programme document.</p>




<div style="height:1em" aria-hidden="true" class="wp-block-spacer"></div>



<figure class="wp-block-image aligncenter is-resized">
<a target="_blank" rel="noopener noreferrer" href="https://noonsong.de/wp-content/uploads/2024/07/2021-08-14-Liturgie.pdf">
<img decoding="async" src="https://noonsong.de/wp-content/uploads/2024/07/2021-08-14-Liturgie-pdf.jpg" alt="" style="max-height:45em; max-width:61.8%" />
<br>
PDF DOWNLOAD
</a>
</figure>



<div style="height:20px" aria-hidden="true" class="wp-block-spacer"></div>

</div>

<div style="height:50px" aria-hidden="true" class="wp-block-spacer"></div>



<p hidden>, , , Byrd, &#8230;; Byrd, W.; Byrd, Guil.; Byrd of Virginia, William; Berd, V.; Byred, William; Bird, William; Byrde, William, , Byrd, &#8230;; Byrd, W.; Byrd, Guil.; Byrd of Virginia, William; Berd, V.; Byred, William; Bird, William; Byrde, William, , , , , , Praetorius, M.; Praetorius; Praetorij, Michaëlis; Prätorius, Michael; Prätorius, Mich.; Schultheiß, Michael; Schultheiss, Michael, Choralvorspiele, op. 4. Aus tiefer Not schrei ich zu dir
op. 4, , Präludien und Fugen, Org, BWV 533a. BWV 533
Präludien und Fugen, Org BWV 533
Praeludium und Fuge e-Moll (BWV 533), Bach; Bach, G. S.; Bach, Iogann Sebastʹjan; Bach, Joh. Sebastian; Bach, Giov. Sebast.; Bach, Jean Sebastien; Bach, Jean Sebastian; Bach, J. Seb.; Bach, Sebastiano; Bach, John Sebastian; Bach, Iogann S.; Bach, Iogann Sebast&#x27;jan; Bach, Iogann Sebastian; Bach, Giovanni Sebastian; Bach, Johan Sebastian; Bach, Joannes Sebastianus; Bach, Giov. Seb.; Bach, Giovanni S.; Bāḵ, Jōhān Sebaṣtī&#x27;ān; Bach, I. S.; Bach, J.-S.; Bach, Giovanni Sebastiano; Bach, Jean-Sebastien; Bach, Sebastian; Bach, Jan Sebastian; Bach, J. S.; Bach, Johann-Sebastian; Bach, Jean S.; Bach, Johannes S.; Bach, Johannes Sebastian; Bach, Joh. Seb.; Bach, Joh.-Seb.; Bach, Joh. Sebas.; Bach, Johann Seb.; Bach, Joh. Sebast.; Bach, Johann S.; Bach, Iogann Sebastjan; Bach, Jean Sébastien; Bach, Jean-Sébastien; Bach, Johann; Bakh, Iogann Sebastian, </p>

<p>Der zweite NoonSong nach der Sommerpause führt uns nach England in die Zeit der späten Renaissance. Während William Byrd weit über England bekannt ist, sind insbesondere die geistlichen Werke von Orlando Gibbons für viele eine Neuentdeckung. Sie wurden für den anglikanischen Gottesdienst geschrieben und verbinden den NoonSong mit seinen englischen Vorbildern.</p>
