{"id":41423,"date":"2025-07-07T21:37:23","date_gmt":"2025-07-07T19:37:23","guid":{"rendered":"https:\/\/noonsong.de\/veranstaltung\/noonsong-event-2020-12-05\/"},"modified":"2025-07-07T21:37:23","modified_gmt":"2025-07-07T19:37:23","slug":"noonsong-event-2020-12-05","status":"publish","type":"tribe_events","link":"https:\/\/noonsong.de\/en\/event\/noonsong-event-2020-12-05\/","title":{"rendered":"521. NoonSong am 05.12.2020 um 12:00"},"content":{"rendered":"\n<div class=\"wp-block-group is-layout-constrained wp-block-group-is-layout-constrained\">\n\n<h2 class=\"wp-block-heading\">Programme<\/h2>\n\n\n\n<p>\n<strong>Organ prelude<\/strong>: Marcel Dupr\u00e9 (1886-1971): Antiphon II<br\/><strong>Preces<\/strong>: John Tavener (1944-2013): Preces &amp; Responses f\u00fcr achtstimmig gemischten Chor a cappella<br\/><strong>Psalm of the day<\/strong>: Psalm 74: Pawel Grigorjewitsch Tschesnokow (1877-1944): Spas\u00e9\u00f1iye, sod\u00e9lal f\u00fcr sechsstimmig gemischten Chor a cappella<br\/><strong>Psalm of the week<\/strong>: Psalm 80: Dmitri Stepanowitsch Bortnjanski (1751-1825): Du Hirte Israels, h\u00f6re &#x2f; Ige Hierouvimy f\u00fcr vierstimmig gemischten Chor a cappella<br\/><strong>Responsorium<\/strong>: gregorianisch\n\n<br\/><strong>Canticle<\/strong>: Hugo Distler (1908-1942): Meine Seele preist die Gr\u00f6\u00dfe des Herrn aus: \u201eWeihnachtsgeschichte\u201c f\u00fcr Alt-Solo und vierstimmig gemischten Chor a cappella<br\/><strong>Hymn<\/strong>: Hugo Distler (1908-1942): O Heiland, reiss&#x27; die Himmel auf f\u00fcr vierstimmig gemischten Chor a cappella<br\/><strong>Organ postlude<\/strong>: Johann Sebastian Bach (1685-1750): Wachet auf, ruft uns die Stimme (BWV 645), aus den Sch\u00fcbler-Chor\u00e4len<br\/><strong>Bible reading<\/strong>: Buch Jesaja 35,3-10<\/p>\n\n\n\n<div style=\"height:30px\" aria-hidden=\"true\" class=\"wp-block-spacer\"><\/div>\n\n\n\n<blockquote class=\"wp-block-quote is-layout-flow wp-block-quote-is-layout-flow\" style=\"font-family:Playfair-Display\">\nLiturgy: 2. Sonntag im Advent<br>\nPfarrer: Alexander Brodt-Zabka<br>\nOrganist: Vladimir Magalashvili<br>\nLocation: <a href=\"\/kontakt\/#anker-kommen-sie-vorbei\">Kirche am Hohenzollernplatz<\/a>\n<\/blockquote>\n\n<\/div>\n\n<div style=\"height:20px\" aria-hidden=\"true\" class=\"wp-block-spacer\"><\/div>\n\n\n\n<div class=\"wp-block-group is-layout-constrained wp-block-group-is-layout-constrained\">\n<h2 class=\"wp-block-heading\">Listen<\/h2>\n\n\n\n\n<p>Here you can listen to this NoonSong. If you&#8217;d like to listen to more NoonSongs recordings, please register.<\/p>\n\n<div class=\"um-locked-content\">\n\t<div class=\"um-locked-content-msg\">This content has been restricted to logged-in users only. Please <a href=\"https:\/\/noonsong.de\/en\/login-audio-archive\/?redirect_to=https%3A%2F%2Fnoonsong.de%2Fen%2Fwp-json%2Fwp%2Fv2%2Ftribe_events%2F41423\">log in<\/a> to view this content.<\/div>\n<\/div>\n<\/div>\n\n<div style=\"height:20px\" aria-hidden=\"true\" class=\"wp-block-spacer\"><\/div>\n\n\n\n<div class=\"wp-block-group is-layout-constrained wp-block-group-is-layout-constrained\">\n\n<h2 class=\"wp-block-heading\">Watch<\/h2>\n\n\n\n\n<p>Experience the recorded live-stream of this NoonSong.<\/p>\n\n\n\n\n\n<p>You&#8217;ll find many selected video recordings of NoonSongs and other concerts on our <a href=\"https:\/\/youtube.com\/sirventesberlin\" target=\"_blank\" rel=\"noreferrer noopener\">YouTube channel<\/a>.\n<\/p>\n\n\n\n\n<div style=\"height:1em\" aria-hidden=\"true\" class=\"wp-block-spacer\"><\/div>\n<div class=\"um-locked-content\">\n\t<div class=\"um-locked-content-msg\">This content has been restricted to logged-in users only. Please <a href=\"https:\/\/noonsong.de\/en\/login-audio-archive\/?redirect_to=https%3A%2F%2Fnoonsong.de%2Fen%2Fwp-json%2Fwp%2Fv2%2Ftribe_events%2F41423\">log in<\/a> to view this content.<\/div>\n<\/div>\n\n<div style=\"height:20px\" aria-hidden=\"true\" class=\"wp-block-spacer\"><\/div>\n\n<\/div>\n\n<div style=\"height:20px\" aria-hidden=\"true\" class=\"wp-block-spacer\"><\/div>\n\n\n\n<div class=\"wp-block-group is-layout-constrained wp-block-group-is-layout-constrained\">\n\n<h2 class=\"wp-block-heading\">Programme PDF<\/h2>\n\n\n\n\n<p>Read more about this NoonSong in the programme document.<\/p>\n\n\n\n\n<div style=\"height:1em\" aria-hidden=\"true\" class=\"wp-block-spacer\"><\/div>\n\n\n\n<figure class=\"wp-block-image aligncenter is-resized\">\n<a target=\"_blank\" rel=\"noopener noreferrer\" href=\"https:\/\/noonsong.de\/wp-content\/uploads\/2023\/05\/user_upload2020-12-05-Programm.pdf\">\n<img decoding=\"async\" src=\"https:\/\/noonsong.de\/wp-content\/uploads\/2023\/05\/user_upload2020-12-05-Programm-pdf.jpg\" alt=\"\" style=\"max-height:45em; max-width:61.8%\" \/>\n<br>\nPDF DOWNLOAD\n<\/a>\n<\/figure>\n\n\n\n<div style=\"height:20px\" aria-hidden=\"true\" class=\"wp-block-spacer\"><\/div>\n\n<\/div>\n\n<div style=\"height:50px\" aria-hidden=\"true\" class=\"wp-block-spacer\"><\/div>\n\n\n\n<p hidden>, , , Tavener, Sir John; Tavener, John Kenneth, C\u043f\u0430\u0441\u0435\u043d\u0438\u0435 co\u0434e\u043ba\u043b, \u010cesnokov, Pavel Grigor\u02b9evi\u010d; \u010cesnokov, Pavel; Chesnokov, Pavel Grigor\u02b9yevich; \u010cesnokov, Pavel G.; Tschesnokow, Pawel; Tschnesnokow, Pawel; Chesnokov, Pavel; Tchesnokov, Pavel; Tschesnokoff, Pavel; Tsjesnokow, P.; \u010cesnokov, Pavel Grigor&#x27;evi\u010d; , , Bortnjans\u02b9kyj, Dmytro Stepanovy\u010d; Bortni\u0361anski\u012d, Dmitri\u012d Stepanovich; \u0411\u043e\u0440\u0442\u043d\u044f\u0301\u043d\u0441\u044c\u043a\u0438\u0439, \u0414\u043c\u0438\u0442\u0440\u043e\u0301 \u0421\u0442\u0435\u043f\u0430\u0301\u043d\u043e\u0432\u0438\u0447; Bortnjans\u02b9kyj, Dmytro S.; Bortnianskij, D.; Bortniansky, D.; Bortniansky, Dmitri; Bortnianski, &#8230;; Bortnianski, A.; Bortnjanskij, Dmitrij S.; Bortnjanskij, Dmitrij Stepanovi\u010d; Bortnjanskij, D.; Bortnianski, D.; Bortnjanskij, Demetrius; Bortnjanskij, Dimitrij Stepanowitsch; Bortnjanski, D.; Bortnjanski, Dmitri S.; Bortnjansky, Dimitri; Bortnjanskij, Dmitrij; Bortniansky, Dimitri S.; Bortniansky, Dimitri; Bortnyansky, Dmitry; Bortnyansky, Dmitri; Bortnyansky, Dmitri Stepanovich; Bortnjanskij, Dmytro Stepanovy\u010d; Bortnianski, Dimitri S.; Bortnianski, Dimitri; Bortniansky, Dimitrij; Bortniansky, Dimitri St.; Bortnjanskij, Dimitri; Bortniansky, Demetrius; Bortuizuskij, Dimitrij; Bortnjanskiy, Dimetrius; Bortnjanski, Dimitri Stepanowitsch; Bortnjanski, Dmitrij Stepanowitsch; Bortniansky, Dimytri; Bortniansky, Dmitry; Bortnianski, Dmitri; Bortnianskii, Dmitrii Stepanovich; Bortnianskyi, Dmytro Stepanovych; Bortnjans\u02b9kyj, Dmytro S.; Bortnjansky, Dmitrij; Bortniansky, Demetr; Bortnianskij, Dmitrij; Bortniansky, Dmytro Stepanovych; Bortnjanskij, Dmitrij Stepanovich; Bortnjanskii, Dmitrii Stepanovich; Bortnyansky, Dmitry Stepanovich; Bortnyans\u02b9ky, Dmytro Stepanovych; \u0411\u043e\u0440\u0442\u043d\u044f\u043d\u0441\u043a\u0438\u0439, \u0414\u043c\u0438\u0442\u0440\u0438\u0439; \u0411\u043e\u0440\u0442\u043d\u044f\u043d\u0441\u043a\u0438\u0439, \u0414., Die Weihnachtsgeschichte\nop. 10, Distler, H.; Distler, August Hugo, O Heiland rei\u00df die Himmel auf, Distler, H.; Distler, August Hugo, , , Chor\u00e4le von verschiedener Art &#8230;. Wachet auf, ruft uns die Stimme\nChor\u00e4le von verschiedener Art. Wachet auf, ruft uns die Stimme\nWachet auf, ruft uns die Stimme (Choralbearbeitung), BWV 645\nSch\u00fcbler-Chor\u00e4le, BWV 645\nChor\u00e4le von verschiedener Art &#8230; &lt;Wachet auf, ruft uns die Stimme&gt;\nChor\u00e4le von verschiedener Art BWV 645 &#8211; 650. Wachet auf, ruft uns die Stimme\nSleepers wake, loud sounds the warning, Bach; Bach, G. S.; Bach, Iogann Sebast\u02b9jan; Bach, Joh. Sebastian; Bach, Giov. Sebast.; Bach, Jean Sebastien; Bach, Jean Sebastian; Bach, J. Seb.; Bach, Sebastiano; Bach, John Sebastian; Bach, Iogann S.; Bach, Iogann Sebast&#x27;jan; Bach, Iogann Sebastian; Bach, Giovanni Sebastian; Bach, Johan Sebastian; Bach, Joannes Sebastianus; Bach, Giov. Seb.; Bach, Giovanni S.; B\u0101\u1e35, J\u014dh\u0101n Seba\u1e63t\u012b&#x27;\u0101n; Bach, I. S.; Bach, J.-S.; Bach, Giovanni Sebastiano; Bach, Jean-Sebastien; Bach, Sebastian; Bach, Jan Sebastian; Bach, J. S.; Bach, Johann-Sebastian; Bach, Jean S.; Bach, Johannes S.; Bach, Johannes Sebastian; Bach, Joh. Seb.; Bach, Joh.-Seb.; Bach, Joh. Sebas.; Bach, Johann Seb.; Bach, Joh. Sebast.; Bach, Johann S.; Bach, Iogann Sebastjan; Bach, Jean S\u00e9bastien; Bach, Jean-S\u00e9bastien; Bach, Johann; Bakh, Iogann Sebastian, <\/p>\n\n","protected":false},"excerpt":{"rendered":"<p style='position:absolute'>&nbsp;<\/p>\n","protected":false},"author":16,"featured_media":4448,"template":"","meta":{"_et_pb_use_builder":"","_et_pb_old_content":"","_et_gb_content_width":"","_tribe_events_status":"","_tribe_events_status_reason":"","footnotes":""},"tags":[166,130,105,180,150,192],"tribe_events_cat":[722,741,743,723,711,712,716,717,727,719,729,708,735,744,720],"class_list":["post-41423","tribe_events","type-tribe_events","status-publish","has-post-thumbnail","hentry","tag-dmitri-stepanowitsch-bortnjanski","tag-hugo-distler","tag-johann-sebastian-bach","tag-john-tavener","tag-marcel-dupre","tag-pawel-grigorjewitsch-tschesnokow","tribe_events_cat-20-jahrhundert","tribe_events_cat-21-jahrhundert","tribe_events_cat-audio","tribe_events_cat-barock","tribe_events_cat-berlin","tribe_events_cat-chor","tribe_events_cat-gottesdienst","tribe_events_cat-kirche","tribe_events_cat-klassik","tribe_events_cat-konzert","tribe_events_cat-liturgie","tribe_events_cat-noonsong","tribe_events_cat-pdf","tribe_events_cat-video","tribe_events_cat-vokal","cat_20-jahrhundert","cat_21-jahrhundert","cat_audio","cat_barock","cat_berlin","cat_chor","cat_gottesdienst","cat_kirche","cat_klassik","cat_konzert","cat_liturgie","cat_noonsong","cat_pdf","cat_video","cat_vokal"],"acf":[],"_links":{"self":[{"href":"https:\/\/noonsong.de\/en\/wp-json\/wp\/v2\/tribe_events\/41423","targetHints":{"allow":["GET"]}}],"collection":[{"href":"https:\/\/noonsong.de\/en\/wp-json\/wp\/v2\/tribe_events"}],"about":[{"href":"https:\/\/noonsong.de\/en\/wp-json\/wp\/v2\/types\/tribe_events"}],"author":[{"embeddable":true,"href":"https:\/\/noonsong.de\/en\/wp-json\/wp\/v2\/users\/16"}],"version-history":[{"count":1,"href":"https:\/\/noonsong.de\/en\/wp-json\/wp\/v2\/tribe_events\/41423\/revisions"}],"predecessor-version":[{"id":57055,"href":"https:\/\/noonsong.de\/en\/wp-json\/wp\/v2\/tribe_events\/41423\/revisions\/57055"}],"wp:featuredmedia":[{"embeddable":true,"href":"https:\/\/noonsong.de\/en\/wp-json\/wp\/v2\/media\/4448"}],"wp:attachment":[{"href":"https:\/\/noonsong.de\/en\/wp-json\/wp\/v2\/media?parent=41423"}],"wp:term":[{"taxonomy":"post_tag","embeddable":true,"href":"https:\/\/noonsong.de\/en\/wp-json\/wp\/v2\/tags?post=41423"},{"taxonomy":"tribe_events_cat","embeddable":true,"href":"https:\/\/noonsong.de\/en\/wp-json\/wp\/v2\/tribe_events_cat?post=41423"}],"curies":[{"name":"wp","href":"https:\/\/api.w.org\/{rel}","templated":true}]}}

<div class="wp-block-group is-layout-constrained wp-block-group-is-layout-constrained">

<h2 class="wp-block-heading">Programme</h2>



<p>
<strong>Organ prelude</strong>: Marcel Dupré (1886-1971): Antiphon II<br/><strong>Preces</strong>: John Tavener (1944-2013): Preces &amp; Responses für achtstimmig gemischten Chor a cappella<br/><strong>Psalm of the day</strong>: Psalm 74: Pawel Grigorjewitsch Tschesnokow (1877-1944): Spaséñiye, sodélal für sechsstimmig gemischten Chor a cappella<br/><strong>Psalm of the week</strong>: Psalm 80: Dmitri Stepanowitsch Bortnjanski (1751-1825): Du Hirte Israels, höre &#x2f; Ige Hierouvimy für vierstimmig gemischten Chor a cappella<br/><strong>Responsorium</strong>: gregorianisch

<br/><strong>Canticle</strong>: Hugo Distler (1908-1942): Meine Seele preist die Größe des Herrn aus: „Weihnachtsgeschichte“ für Alt-Solo und vierstimmig gemischten Chor a cappella<br/><strong>Hymn</strong>: Hugo Distler (1908-1942): O Heiland, reiss&#x27; die Himmel auf für vierstimmig gemischten Chor a cappella<br/><strong>Organ postlude</strong>: Johann Sebastian Bach (1685-1750): Wachet auf, ruft uns die Stimme (BWV 645), aus den Schübler-Chorälen<br/><strong>Bible reading</strong>: Buch Jesaja 35,3-10</p>



<div style="height:30px" aria-hidden="true" class="wp-block-spacer"></div>



<blockquote class="wp-block-quote is-layout-flow wp-block-quote-is-layout-flow" style="font-family:Playfair-Display">
Liturgy: 2. Sonntag im Advent<br>
Pfarrer: Alexander Brodt-Zabka<br>
Organist: Vladimir Magalashvili<br>
Location: <a href="/kontakt/#anker-kommen-sie-vorbei">Kirche am Hohenzollernplatz</a>
</blockquote>

</div>

<div style="height:20px" aria-hidden="true" class="wp-block-spacer"></div>



<div class="wp-block-group is-layout-constrained wp-block-group-is-layout-constrained">
<h2 class="wp-block-heading">Listen</h2>




<p>Here you can listen to this NoonSong. If you&#8217;d like to listen to more NoonSongs recordings, please register.</p>

<div class="um-locked-content">
	<div class="um-locked-content-msg">This content has been restricted to logged-in users only. Please <a href="https://noonsong.de/en/login-audio-archive/?redirect_to=https%3A%2F%2Fnoonsong.de%2Fen%2Fwp-json%2Fwp%2Fv2%2Ftribe_events%2F41423">log in</a> to view this content.</div>
</div>
</div>

<div style="height:20px" aria-hidden="true" class="wp-block-spacer"></div>



<div class="wp-block-group is-layout-constrained wp-block-group-is-layout-constrained">

<h2 class="wp-block-heading">Watch</h2>




<p>Experience the recorded live-stream of this NoonSong.</p>





<p>You&#8217;ll find many selected video recordings of NoonSongs and other concerts on our <a href="https://youtube.com/sirventesberlin" target="_blank" rel="noreferrer noopener">YouTube channel</a>.
</p>




<div style="height:1em" aria-hidden="true" class="wp-block-spacer"></div>
<div class="um-locked-content">
	<div class="um-locked-content-msg">This content has been restricted to logged-in users only. Please <a href="https://noonsong.de/en/login-audio-archive/?redirect_to=https%3A%2F%2Fnoonsong.de%2Fen%2Fwp-json%2Fwp%2Fv2%2Ftribe_events%2F41423">log in</a> to view this content.</div>
</div>

<div style="height:20px" aria-hidden="true" class="wp-block-spacer"></div>

</div>

<div style="height:20px" aria-hidden="true" class="wp-block-spacer"></div>



<div class="wp-block-group is-layout-constrained wp-block-group-is-layout-constrained">

<h2 class="wp-block-heading">Programme PDF</h2>




<p>Read more about this NoonSong in the programme document.</p>




<div style="height:1em" aria-hidden="true" class="wp-block-spacer"></div>



<figure class="wp-block-image aligncenter is-resized">
<a target="_blank" rel="noopener noreferrer" href="https://noonsong.de/wp-content/uploads/2023/05/user_upload2020-12-05-Programm.pdf">
<img decoding="async" src="https://noonsong.de/wp-content/uploads/2023/05/user_upload2020-12-05-Programm-pdf.jpg" alt="" style="max-height:45em; max-width:61.8%" />
<br>
PDF DOWNLOAD
</a>
</figure>



<div style="height:20px" aria-hidden="true" class="wp-block-spacer"></div>

</div>

<div style="height:50px" aria-hidden="true" class="wp-block-spacer"></div>



<p hidden>, , , Tavener, Sir John; Tavener, John Kenneth, Cпасение coдeлaл, Česnokov, Pavel Grigorʹevič; Česnokov, Pavel; Chesnokov, Pavel Grigorʹyevich; Česnokov, Pavel G.; Tschesnokow, Pawel; Tschnesnokow, Pawel; Chesnokov, Pavel; Tchesnokov, Pavel; Tschesnokoff, Pavel; Tsjesnokow, P.; Česnokov, Pavel Grigor&#x27;evič; , , Bortnjansʹkyj, Dmytro Stepanovyč; Bortni͡anskiĭ, Dmitriĭ Stepanovich; Бортня́нський, Дмитро́ Степа́нович; Bortnjansʹkyj, Dmytro S.; Bortnianskij, D.; Bortniansky, D.; Bortniansky, Dmitri; Bortnianski, &#8230;; Bortnianski, A.; Bortnjanskij, Dmitrij S.; Bortnjanskij, Dmitrij Stepanovič; Bortnjanskij, D.; Bortnianski, D.; Bortnjanskij, Demetrius; Bortnjanskij, Dimitrij Stepanowitsch; Bortnjanski, D.; Bortnjanski, Dmitri S.; Bortnjansky, Dimitri; Bortnjanskij, Dmitrij; Bortniansky, Dimitri S.; Bortniansky, Dimitri; Bortnyansky, Dmitry; Bortnyansky, Dmitri; Bortnyansky, Dmitri Stepanovich; Bortnjanskij, Dmytro Stepanovyč; Bortnianski, Dimitri S.; Bortnianski, Dimitri; Bortniansky, Dimitrij; Bortniansky, Dimitri St.; Bortnjanskij, Dimitri; Bortniansky, Demetrius; Bortuizuskij, Dimitrij; Bortnjanskiy, Dimetrius; Bortnjanski, Dimitri Stepanowitsch; Bortnjanski, Dmitrij Stepanowitsch; Bortniansky, Dimytri; Bortniansky, Dmitry; Bortnianski, Dmitri; Bortnianskii, Dmitrii Stepanovich; Bortnianskyi, Dmytro Stepanovych; Bortnjansʹkyj, Dmytro S.; Bortnjansky, Dmitrij; Bortniansky, Demetr; Bortnianskij, Dmitrij; Bortniansky, Dmytro Stepanovych; Bortnjanskij, Dmitrij Stepanovich; Bortnjanskii, Dmitrii Stepanovich; Bortnyansky, Dmitry Stepanovich; Bortnyansʹky, Dmytro Stepanovych; Бортнянский, Дмитрий; Бортнянский, Д., Die Weihnachtsgeschichte
op. 10, Distler, H.; Distler, August Hugo, O Heiland reiß die Himmel auf, Distler, H.; Distler, August Hugo, , , Choräle von verschiedener Art &#8230;. Wachet auf, ruft uns die Stimme
Choräle von verschiedener Art. Wachet auf, ruft uns die Stimme
Wachet auf, ruft uns die Stimme (Choralbearbeitung), BWV 645
Schübler-Choräle, BWV 645
Choräle von verschiedener Art &#8230; &lt;Wachet auf, ruft uns die Stimme&gt;
Choräle von verschiedener Art BWV 645 &#8211; 650. Wachet auf, ruft uns die Stimme
Sleepers wake, loud sounds the warning, Bach; Bach, G. S.; Bach, Iogann Sebastʹjan; Bach, Joh. Sebastian; Bach, Giov. Sebast.; Bach, Jean Sebastien; Bach, Jean Sebastian; Bach, J. Seb.; Bach, Sebastiano; Bach, John Sebastian; Bach, Iogann S.; Bach, Iogann Sebast&#x27;jan; Bach, Iogann Sebastian; Bach, Giovanni Sebastian; Bach, Johan Sebastian; Bach, Joannes Sebastianus; Bach, Giov. Seb.; Bach, Giovanni S.; Bāḵ, Jōhān Sebaṣtī&#x27;ān; Bach, I. S.; Bach, J.-S.; Bach, Giovanni Sebastiano; Bach, Jean-Sebastien; Bach, Sebastian; Bach, Jan Sebastian; Bach, J. S.; Bach, Johann-Sebastian; Bach, Jean S.; Bach, Johannes S.; Bach, Johannes Sebastian; Bach, Joh. Seb.; Bach, Joh.-Seb.; Bach, Joh. Sebas.; Bach, Johann Seb.; Bach, Joh. Sebast.; Bach, Johann S.; Bach, Iogann Sebastjan; Bach, Jean Sébastien; Bach, Jean-Sébastien; Bach, Johann; Bakh, Iogann Sebastian, </p>
