{"id":41429,"date":"2025-09-06T04:01:01","date_gmt":"2025-09-06T02:01:01","guid":{"rendered":"https:\/\/noonsong.de\/veranstaltung\/noonsong-event-2020-09-05\/"},"modified":"2025-09-06T04:01:01","modified_gmt":"2025-09-06T02:01:01","slug":"noonsong-event-2020-09-05","status":"publish","type":"tribe_events","link":"https:\/\/noonsong.de\/en\/event\/noonsong-event-2020-09-05\/","title":{"rendered":"511. NoonSong am 05.09.2020 um 12:00"},"content":{"rendered":"\n<div class=\"wp-block-group is-layout-constrained wp-block-group-is-layout-constrained\">\n\n<h2 class=\"wp-block-heading\">Programme<\/h2>\n\n\n\n<p>\n<strong>Organ prelude<\/strong>: Henry Thomas Smart (1813-1879): Con moto moderato F- Dur<br\/><strong>Preces<\/strong>: Philip Radcliffe (1905-1986): Preces &amp; Responses f\u00fcr vierstimmig gemischten Chor a cappella<br\/><strong>Psalm of the day<\/strong>: Psalm 46: Wolfgang Amadeus Mozart (1756-1791): God is our refuge (KV 20) f\u00fcr vierstimmig gemischten Chor a cappella<br\/><strong>Psalm of the week<\/strong>: Psalm 112: Giovanni Giacomo Gastoldi (ca.1550-1622): Beatus vir f\u00fcr f\u00fcnfstimmig gemischten Chor a cappella<br\/><strong>Responsorium<\/strong>: gregorianisch\n\n<br\/><strong>Canticle<\/strong>: Giovanni Giacomo Gastoldi (ca.1550-1622): Magnificat octavi toni f\u00fcr f\u00fcnfstimmig gemischten Chor a cappella<br\/><strong>Hymn<\/strong>: Johann Hermann Schein (1586-1630): So jemand spricht: \u201eIch liebe Gott\u201c f\u00fcr vierstimmig gemischten Chor a cappella<br\/><strong>Organ postlude<\/strong>: Johann Sebastian Bach (1685-1750): Pr\u00e4ludium und Fuge F-Dur (BWV 556)<br\/><strong>Bible reading<\/strong>: 1. Johannesbrief 4,7-12<\/p>\n\n\n\n<div style=\"height:30px\" aria-hidden=\"true\" class=\"wp-block-spacer\"><\/div>\n\n\n\n<blockquote class=\"wp-block-quote is-layout-flow wp-block-quote-is-layout-flow\" style=\"font-family:Playfair-Display\">\nLiturgy: 13. Sonntag nach Trinitatis<br>\nPfarrerin: Marita Lersner<br>\nOrganist: Mirlan Kasymaliev<br>\nLocation: <a href=\"\/kontakt\/#anker-kommen-sie-vorbei\">Kirche am Hohenzollernplatz<\/a>\n<\/blockquote>\n\n<\/div>\n\n<div style=\"height:20px\" aria-hidden=\"true\" class=\"wp-block-spacer\"><\/div>\n\n\n\n<div class=\"wp-block-group is-layout-constrained wp-block-group-is-layout-constrained\">\n<h2 class=\"wp-block-heading\">Listen<\/h2>\n\n\n\n\n<p>Here you can listen to this NoonSong. If you&#8217;d like to listen to more NoonSongs recordings, please register.<\/p>\n\n<div class=\"um-locked-content\">\n\t<div class=\"um-locked-content-msg\">This content has been restricted to logged-in users only. Please <a href=\"https:\/\/noonsong.de\/en\/login-audio-archive\/?redirect_to=https%3A%2F%2Fnoonsong.de%2Fen%2Fwp-json%2Fwp%2Fv2%2Ftribe_events%2F41429\">log in<\/a> to view this content.<\/div>\n<\/div>\n<\/div>\n\n<div style=\"height:20px\" aria-hidden=\"true\" class=\"wp-block-spacer\"><\/div>\n\n\n\n<div class=\"wp-block-group is-layout-constrained wp-block-group-is-layout-constrained\">\n\n<h2 class=\"wp-block-heading\">Programme PDF<\/h2>\n\n\n\n\n<p>Read more about this NoonSong in the programme document.<\/p>\n\n\n\n\n<div style=\"height:1em\" aria-hidden=\"true\" class=\"wp-block-spacer\"><\/div>\n\n\n\n<figure class=\"wp-block-image aligncenter is-resized\">\n<a target=\"_blank\" rel=\"noopener noreferrer\" href=\"https:\/\/noonsong.de\/wp-content\/uploads\/2024\/07\/2020-09-05-Liturgie.pdf\">\n<img decoding=\"async\" src=\"https:\/\/noonsong.de\/wp-content\/uploads\/2024\/07\/2020-09-05-Liturgie-pdf.jpg\" alt=\"\" style=\"max-height:45em; max-width:61.8%\" \/>\n<br>\nPDF DOWNLOAD\n<\/a>\n<\/figure>\n\n\n\n<div style=\"height:20px\" aria-hidden=\"true\" class=\"wp-block-spacer\"><\/div>\n\n<\/div>\n\n<div style=\"height:50px\" aria-hidden=\"true\" class=\"wp-block-spacer\"><\/div>\n\n\n\n<p hidden>, , , Radcliffe, Philip F.; Radcliffe, Philip Fitzhugh, Motetten, KV 20 (g-Moll)\nGod is our refuge\nGott will uns St\u00e4rke und Zuversicht sein\nKV 20, Mozart, Wolfgang Amadeus, 1756-1791; Mocart, Volfgang Amadeus; Moc\u02b9arti, Wolp\u02b9gang Amadei; Mozart, Wolffgango; Mozart, Wolfg. Amadeus; Mocart, V. A.; Mocart, V.; Mozart, Wolfgang-Amadeus; Mozart, A. W.; Mozart, W. Am.; Mocart, Vol\u02b9fgang Amadej (Sowj. Enz.); M\u016bz\u0101r, Wulfg\u0101ng \u0100m\u0101di\u016bs; Mozart, Wolfgang; Mozzart, Wolfgang; M\u014dtsaruto; Mozart, Johann Chrysostomus Wolfgang Theophil; Mozart, Johannes C.; Mozart, Johannes Chrysostomus Wolfgangus Theophil; Mozart, Joannes Chrysostomus Wolfgangus Theophil; Mozart; Mozart, Wolfgang G.; Mozart, Wolfgango Amedeo; Mozartus, Wolfgang A.; Mozzart, Wolfgango; Mozart, Wolfgang A.; Mozart, Johannes Chrysostomus Wolfgang Gottlieb; Mozart, Johannes Chrysostomus Wolfgangus Theophilus; Mozart, W. A.; Mozart, Wolfgang Amad\u00e9; Mozart, Johannes Chrisostomus Wolfgangus Theophilus; Mozart, Johann Chrysostom Wolfgang Amadeus; Mozart, Joannes Chrysostomus Wolfgangus Amadeus; Mozard, , Gastoldi, Giovanni Giacomo (1582-1609); Gastoldi, G. G.; Gastoldi, Gio. Giacomo; Gastoldi, Giovanni G.; Castoldi, Giovanni; Gastoldi, Johann-Jacobus; Gastoldi, Giacomo; Castoldi, Giovanni Giacomo; Gastoldi, Jean-Jacques; Gastoldi, Johann-Jacobi; Gastoldi, Giovanni; Gastoldi da Caravaggio, Giovanni Giacomo, , Gastoldi, Giovanni Giacomo (1582-1609); Gastoldi, G. G.; Gastoldi, Gio. Giacomo; Gastoldi, Giovanni G.; Castoldi, Giovanni; Gastoldi, Johann-Jacobus; Gastoldi, Giacomo; Castoldi, Giovanni Giacomo; Gastoldi, Jean-Jacques; Gastoldi, Johann-Jacobi; Gastoldi, Giovanni; Gastoldi da Caravaggio, Giovanni Giacomo, , Schein, Joh. Herm.; Schein, Johan-Herman; Schein, J. H.; Schein, Johann H.; Schein, Johann-Hermann; Scheinius, Johann Hermannus; Schein, Johan Herman; Schein, Hermann; Schein, Iohan-Hermanus; Schein, Johan-Hermanus; Schein, Johannes Hermann; Schein, Johann Herman; Schein, J.H.; Schein, Joan-Herman, , , Pr\u00e4ludien und Fugen, Orgel, BWV 553-560. Nr. 4\nPr\u00e4ludien und Fugen, Orgel, BWV 556 (F-Dur)\nPr\u00e4ludien und Fugen, Org, BWV 553 &#8211; 560. Pr\u00e4ludium und Fuge, BWV 556\nPr\u00e4ludien und Fugen, Org BWV 553 &#8211; 560. Pr\u00e4ludium und Fuge BWV 556\nPr\u00e4ludien und Fugen, Org, BWV 553 &#8211; 560 &lt;Pr\u00e4ludium und Fuge BWV 556&gt;, Bach; Bach, G. S.; Bach, Iogann Sebast\u02b9jan; Bach, Joh. Sebastian; Bach, Giov. Sebast.; Bach, Jean Sebastien; Bach, Jean Sebastian; Bach, J. Seb.; Bach, Sebastiano; Bach, John Sebastian; Bach, Iogann S.; Bach, Iogann Sebast&#x27;jan; Bach, Iogann Sebastian; Bach, Giovanni Sebastian; Bach, Johan Sebastian; Bach, Joannes Sebastianus; Bach, Giov. Seb.; Bach, Giovanni S.; B\u0101\u1e35, J\u014dh\u0101n Seba\u1e63t\u012b&#x27;\u0101n; Bach, I. S.; Bach, J.-S.; Bach, Giovanni Sebastiano; Bach, Jean-Sebastien; Bach, Sebastian; Bach, Jan Sebastian; Bach, J. S.; Bach, Johann-Sebastian; Bach, Jean S.; Bach, Johannes S.; Bach, Johannes Sebastian; Bach, Joh. Seb.; Bach, Joh.-Seb.; Bach, Joh. Sebas.; Bach, Johann Seb.; Bach, Joh. Sebast.; Bach, Johann S.; Bach, Iogann Sebastjan; Bach, Jean S\u00e9bastien; Bach, Jean-S\u00e9bastien; Bach, Johann; Bakh, Iogann Sebastian, <\/p>\n\n","protected":false},"excerpt":{"rendered":"<p style='position:absolute'>&nbsp;<\/p>\n","protected":false},"author":16,"featured_media":19198,"template":"","meta":{"_et_pb_use_builder":"","_et_pb_old_content":"","_et_gb_content_width":"","_tribe_events_status":"","_tribe_events_status_reason":"","footnotes":""},"tags":[121,181,132,105,143,286],"tribe_events_cat":[722,743,723,711,712,716,717,727,719,729,708,735,724,725,720],"class_list":["post-41429","tribe_events","type-tribe_events","status-publish","has-post-thumbnail","hentry","tag-giovanni-giacomo-gastoldi","tag-henry-thomas-smart","tag-johann-hermann-schein","tag-johann-sebastian-bach","tag-philip-radcliffe","tag-wolfgang-amadeus-mozart","tribe_events_cat-20-jahrhundert","tribe_events_cat-audio","tribe_events_cat-barock","tribe_events_cat-berlin","tribe_events_cat-chor","tribe_events_cat-gottesdienst","tribe_events_cat-kirche","tribe_events_cat-klassik","tribe_events_cat-konzert","tribe_events_cat-liturgie","tribe_events_cat-noonsong","tribe_events_cat-pdf","tribe_events_cat-renaissance","tribe_events_cat-romantik","tribe_events_cat-vokal","cat_20-jahrhundert","cat_audio","cat_barock","cat_berlin","cat_chor","cat_gottesdienst","cat_kirche","cat_klassik","cat_konzert","cat_liturgie","cat_noonsong","cat_pdf","cat_renaissance","cat_romantik","cat_vokal"],"acf":[],"_links":{"self":[{"href":"https:\/\/noonsong.de\/en\/wp-json\/wp\/v2\/tribe_events\/41429","targetHints":{"allow":["GET"]}}],"collection":[{"href":"https:\/\/noonsong.de\/en\/wp-json\/wp\/v2\/tribe_events"}],"about":[{"href":"https:\/\/noonsong.de\/en\/wp-json\/wp\/v2\/types\/tribe_events"}],"author":[{"embeddable":true,"href":"https:\/\/noonsong.de\/en\/wp-json\/wp\/v2\/users\/16"}],"version-history":[{"count":2,"href":"https:\/\/noonsong.de\/en\/wp-json\/wp\/v2\/tribe_events\/41429\/revisions"}],"predecessor-version":[{"id":57812,"href":"https:\/\/noonsong.de\/en\/wp-json\/wp\/v2\/tribe_events\/41429\/revisions\/57812"}],"wp:featuredmedia":[{"embeddable":true,"href":"https:\/\/noonsong.de\/en\/wp-json\/wp\/v2\/media\/19198"}],"wp:attachment":[{"href":"https:\/\/noonsong.de\/en\/wp-json\/wp\/v2\/media?parent=41429"}],"wp:term":[{"taxonomy":"post_tag","embeddable":true,"href":"https:\/\/noonsong.de\/en\/wp-json\/wp\/v2\/tags?post=41429"},{"taxonomy":"tribe_events_cat","embeddable":true,"href":"https:\/\/noonsong.de\/en\/wp-json\/wp\/v2\/tribe_events_cat?post=41429"}],"curies":[{"name":"wp","href":"https:\/\/api.w.org\/{rel}","templated":true}]}}

<div class="wp-block-group is-layout-constrained wp-block-group-is-layout-constrained">

<h2 class="wp-block-heading">Programme</h2>



<p>
<strong>Organ prelude</strong>: Henry Thomas Smart (1813-1879): Con moto moderato F- Dur<br/><strong>Preces</strong>: Philip Radcliffe (1905-1986): Preces &amp; Responses für vierstimmig gemischten Chor a cappella<br/><strong>Psalm of the day</strong>: Psalm 46: Wolfgang Amadeus Mozart (1756-1791): God is our refuge (KV 20) für vierstimmig gemischten Chor a cappella<br/><strong>Psalm of the week</strong>: Psalm 112: Giovanni Giacomo Gastoldi (ca.1550-1622): Beatus vir für fünfstimmig gemischten Chor a cappella<br/><strong>Responsorium</strong>: gregorianisch

<br/><strong>Canticle</strong>: Giovanni Giacomo Gastoldi (ca.1550-1622): Magnificat octavi toni für fünfstimmig gemischten Chor a cappella<br/><strong>Hymn</strong>: Johann Hermann Schein (1586-1630): So jemand spricht: „Ich liebe Gott“ für vierstimmig gemischten Chor a cappella<br/><strong>Organ postlude</strong>: Johann Sebastian Bach (1685-1750): Präludium und Fuge F-Dur (BWV 556)<br/><strong>Bible reading</strong>: 1. Johannesbrief 4,7-12</p>



<div style="height:30px" aria-hidden="true" class="wp-block-spacer"></div>



<blockquote class="wp-block-quote is-layout-flow wp-block-quote-is-layout-flow" style="font-family:Playfair-Display">
Liturgy: 13. Sonntag nach Trinitatis<br>
Pfarrerin: Marita Lersner<br>
Organist: Mirlan Kasymaliev<br>
Location: <a href="/kontakt/#anker-kommen-sie-vorbei">Kirche am Hohenzollernplatz</a>
</blockquote>

</div>

<div style="height:20px" aria-hidden="true" class="wp-block-spacer"></div>



<div class="wp-block-group is-layout-constrained wp-block-group-is-layout-constrained">
<h2 class="wp-block-heading">Listen</h2>




<p>Here you can listen to this NoonSong. If you&#8217;d like to listen to more NoonSongs recordings, please register.</p>

<div class="um-locked-content">
	<div class="um-locked-content-msg">This content has been restricted to logged-in users only. Please <a href="https://noonsong.de/en/login-audio-archive/?redirect_to=https%3A%2F%2Fnoonsong.de%2Fen%2Fwp-json%2Fwp%2Fv2%2Ftribe_events%2F41429">log in</a> to view this content.</div>
</div>
</div>

<div style="height:20px" aria-hidden="true" class="wp-block-spacer"></div>



<div class="wp-block-group is-layout-constrained wp-block-group-is-layout-constrained">

<h2 class="wp-block-heading">Programme PDF</h2>




<p>Read more about this NoonSong in the programme document.</p>




<div style="height:1em" aria-hidden="true" class="wp-block-spacer"></div>



<figure class="wp-block-image aligncenter is-resized">
<a target="_blank" rel="noopener noreferrer" href="https://noonsong.de/wp-content/uploads/2024/07/2020-09-05-Liturgie.pdf">
<img decoding="async" src="https://noonsong.de/wp-content/uploads/2024/07/2020-09-05-Liturgie-pdf.jpg" alt="" style="max-height:45em; max-width:61.8%" />
<br>
PDF DOWNLOAD
</a>
</figure>



<div style="height:20px" aria-hidden="true" class="wp-block-spacer"></div>

</div>

<div style="height:50px" aria-hidden="true" class="wp-block-spacer"></div>



<p hidden>, , , Radcliffe, Philip F.; Radcliffe, Philip Fitzhugh, Motetten, KV 20 (g-Moll)
God is our refuge
Gott will uns Stärke und Zuversicht sein
KV 20, Mozart, Wolfgang Amadeus, 1756-1791; Mocart, Volfgang Amadeus; Mocʹarti, Wolpʹgang Amadei; Mozart, Wolffgango; Mozart, Wolfg. Amadeus; Mocart, V. A.; Mocart, V.; Mozart, Wolfgang-Amadeus; Mozart, A. W.; Mozart, W. Am.; Mocart, Volʹfgang Amadej (Sowj. Enz.); Mūzār, Wulfgāng Āmādiūs; Mozart, Wolfgang; Mozzart, Wolfgang; Mōtsaruto; Mozart, Johann Chrysostomus Wolfgang Theophil; Mozart, Johannes C.; Mozart, Johannes Chrysostomus Wolfgangus Theophil; Mozart, Joannes Chrysostomus Wolfgangus Theophil; Mozart; Mozart, Wolfgang G.; Mozart, Wolfgango Amedeo; Mozartus, Wolfgang A.; Mozzart, Wolfgango; Mozart, Wolfgang A.; Mozart, Johannes Chrysostomus Wolfgang Gottlieb; Mozart, Johannes Chrysostomus Wolfgangus Theophilus; Mozart, W. A.; Mozart, Wolfgang Amadé; Mozart, Johannes Chrisostomus Wolfgangus Theophilus; Mozart, Johann Chrysostom Wolfgang Amadeus; Mozart, Joannes Chrysostomus Wolfgangus Amadeus; Mozard, , Gastoldi, Giovanni Giacomo (1582-1609); Gastoldi, G. G.; Gastoldi, Gio. Giacomo; Gastoldi, Giovanni G.; Castoldi, Giovanni; Gastoldi, Johann-Jacobus; Gastoldi, Giacomo; Castoldi, Giovanni Giacomo; Gastoldi, Jean-Jacques; Gastoldi, Johann-Jacobi; Gastoldi, Giovanni; Gastoldi da Caravaggio, Giovanni Giacomo, , Gastoldi, Giovanni Giacomo (1582-1609); Gastoldi, G. G.; Gastoldi, Gio. Giacomo; Gastoldi, Giovanni G.; Castoldi, Giovanni; Gastoldi, Johann-Jacobus; Gastoldi, Giacomo; Castoldi, Giovanni Giacomo; Gastoldi, Jean-Jacques; Gastoldi, Johann-Jacobi; Gastoldi, Giovanni; Gastoldi da Caravaggio, Giovanni Giacomo, , Schein, Joh. Herm.; Schein, Johan-Herman; Schein, J. H.; Schein, Johann H.; Schein, Johann-Hermann; Scheinius, Johann Hermannus; Schein, Johan Herman; Schein, Hermann; Schein, Iohan-Hermanus; Schein, Johan-Hermanus; Schein, Johannes Hermann; Schein, Johann Herman; Schein, J.H.; Schein, Joan-Herman, , , Präludien und Fugen, Orgel, BWV 553-560. Nr. 4
Präludien und Fugen, Orgel, BWV 556 (F-Dur)
Präludien und Fugen, Org, BWV 553 &#8211; 560. Präludium und Fuge, BWV 556
Präludien und Fugen, Org BWV 553 &#8211; 560. Präludium und Fuge BWV 556
Präludien und Fugen, Org, BWV 553 &#8211; 560 &lt;Präludium und Fuge BWV 556&gt;, Bach; Bach, G. S.; Bach, Iogann Sebastʹjan; Bach, Joh. Sebastian; Bach, Giov. Sebast.; Bach, Jean Sebastien; Bach, Jean Sebastian; Bach, J. Seb.; Bach, Sebastiano; Bach, John Sebastian; Bach, Iogann S.; Bach, Iogann Sebast&#x27;jan; Bach, Iogann Sebastian; Bach, Giovanni Sebastian; Bach, Johan Sebastian; Bach, Joannes Sebastianus; Bach, Giov. Seb.; Bach, Giovanni S.; Bāḵ, Jōhān Sebaṣtī&#x27;ān; Bach, I. S.; Bach, J.-S.; Bach, Giovanni Sebastiano; Bach, Jean-Sebastien; Bach, Sebastian; Bach, Jan Sebastian; Bach, J. S.; Bach, Johann-Sebastian; Bach, Jean S.; Bach, Johannes S.; Bach, Johannes Sebastian; Bach, Joh. Seb.; Bach, Joh.-Seb.; Bach, Joh. Sebas.; Bach, Johann Seb.; Bach, Joh. Sebast.; Bach, Johann S.; Bach, Iogann Sebastjan; Bach, Jean Sébastien; Bach, Jean-Sébastien; Bach, Johann; Bakh, Iogann Sebastian, </p>
