{"id":41457,"date":"2025-07-07T21:39:33","date_gmt":"2025-07-07T19:39:33","guid":{"rendered":"https:\/\/noonsong.de\/veranstaltung\/noonsong-event-2023-11-04\/"},"modified":"2025-07-07T21:39:33","modified_gmt":"2025-07-07T19:39:33","slug":"noonsong-event-2023-11-04","status":"publish","type":"tribe_events","link":"https:\/\/noonsong.de\/en\/event\/noonsong-event-2023-11-04\/","title":{"rendered":"645. NoonSong am 04.11.2023 um 12:00"},"content":{"rendered":"\n<div class=\"wp-block-group is-layout-constrained wp-block-group-is-layout-constrained\">\n\n<h2 class=\"wp-block-heading\">Programme<\/h2>\n\n\n\n<p>\n<strong>Organ prelude<\/strong>: L\u00e9on Bo\u00ebllmann (1862-1897): Pri\u00e8re \u00e0 Notre Dame, aus: Suite gothique (op. 25)<br\/><strong>Preces<\/strong>: Simon Berg (*1973): Preces und Responses f\u00fcr vierstimmig gemischten Chor a cappella<br\/><strong>Psalm of the day<\/strong>: Psalm 51b: Andreas Hammerschmidt (1612-1675): Schaffe in mir, Gott f\u00fcr sechsstimmig gemischten Chor a cappella<br\/><strong>Psalm of the week<\/strong>: Psalm 143: Friedrich Schneider (1786-1853): Herr, erh\u00f6re mein Gebet f\u00fcr vierstimmig gemischten Chor a cappella<br\/><strong>Responsorium<\/strong>: gregorianisch\n\n<br\/><strong>Canticle<\/strong>: Heinrich Sch\u00fctz (1585-1672): Deutsches Magnificat, Meine Seele erhebt den Herren (SWV 426) op. 13,7 f\u00fcr vierstimmig gemischten Chor a cappella<br\/><strong>Hymn<\/strong>: anonym: Herz und Herz vereint zusammen f\u00fcr vierstimmig gemischten Chor a cappella<br\/><strong>Organ postlude<\/strong>: Josef Gabriel Rheinberger (1839-1901): Cantil\u00e8ne, aus: Sonate f\u00fcr Orgel Nr. 11 (op. 148)<br\/><strong>Bible reading<\/strong>: Evangelium nach Matth\u00e4us 18,21-35<\/p>\n\n\n\n<div style=\"height:30px\" aria-hidden=\"true\" class=\"wp-block-spacer\"><\/div>\n\n\n\n<blockquote class=\"wp-block-quote is-layout-flow wp-block-quote-is-layout-flow\" style=\"font-family:Playfair-Display\">\nLiturgy: 22. Sonntag nach Trinitatis<br>\nPfarrerin: Marita Lersner<br>\nOrganist: Vladimir Magalashvili<br>\nLocation: <a href=\"\/kontakt\/#anker-kommen-sie-vorbei\">Kirche am Hohenzollernplatz<\/a>\n<\/blockquote>\n\n<\/div>\n\n<div style=\"height:20px\" aria-hidden=\"true\" class=\"wp-block-spacer\"><\/div>\n\n\n\n<div class=\"wp-block-group is-layout-constrained wp-block-group-is-layout-constrained\">\n<h2 class=\"wp-block-heading\">Listen<\/h2>\n\n\n\n\n<p>Here you can listen to this NoonSong. If you&#8217;d like to listen to more NoonSongs recordings, please register.<\/p>\n\n<div class=\"um-locked-content\">\n\t<div class=\"um-locked-content-msg\">This content has been restricted to logged-in users only. Please <a href=\"https:\/\/noonsong.de\/en\/login-audio-archive\/?redirect_to=https%3A%2F%2Fnoonsong.de%2Fen%2Fwp-json%2Fwp%2Fv2%2Ftribe_events%2F41457\">log in<\/a> to view this content.<\/div>\n<\/div>\n<\/div>\n\n<div style=\"height:20px\" aria-hidden=\"true\" class=\"wp-block-spacer\"><\/div>\n\n\n\n<div class=\"wp-block-group is-layout-constrained wp-block-group-is-layout-constrained\">\n\n<h2 class=\"wp-block-heading\">Watch<\/h2>\n\n\n\n\n<p>Experience the recorded live-stream of this NoonSong.<\/p>\n\n\n\n\n\n<p>You&#8217;ll find many selected video recordings of NoonSongs and other concerts on our <a href=\"https:\/\/youtube.com\/sirventesberlin\" target=\"_blank\" rel=\"noreferrer noopener\">YouTube channel<\/a>.\n<\/p>\n\n\n\n\n<div style=\"height:1em\" aria-hidden=\"true\" class=\"wp-block-spacer\"><\/div>\n<div class=\"um-locked-content\">\n\t<div class=\"um-locked-content-msg\">This content has been restricted to logged-in users only. Please <a href=\"https:\/\/noonsong.de\/en\/login-audio-archive\/?redirect_to=https%3A%2F%2Fnoonsong.de%2Fen%2Fwp-json%2Fwp%2Fv2%2Ftribe_events%2F41457\">log in<\/a> to view this content.<\/div>\n<\/div>\n\n<div style=\"height:20px\" aria-hidden=\"true\" class=\"wp-block-spacer\"><\/div>\n\n<\/div>\n\n<div style=\"height:20px\" aria-hidden=\"true\" class=\"wp-block-spacer\"><\/div>\n\n\n\n<div class=\"wp-block-group is-layout-constrained wp-block-group-is-layout-constrained\">\n\n<h2 class=\"wp-block-heading\">Programme PDF<\/h2>\n\n\n\n\n<p>Read more about this NoonSong in the programme document.<\/p>\n\n\n\n\n<div style=\"height:1em\" aria-hidden=\"true\" class=\"wp-block-spacer\"><\/div>\n\n\n\n<figure class=\"wp-block-image aligncenter is-resized\">\n<a target=\"_blank\" rel=\"noopener noreferrer\" href=\"https:\/\/noonsong.de\/wp-content\/uploads\/2023\/11\/2023-11-04-Liturgie.pdf\">\n<img decoding=\"async\" src=\"https:\/\/noonsong.de\/wp-content\/uploads\/2023\/11\/2023-11-04-Liturgie-pdf.jpg\" alt=\"\" style=\"max-height:45em; max-width:61.8%\" \/>\n<br>\nPDF DOWNLOAD\n<\/a>\n<\/figure>\n\n\n\n<div style=\"height:20px\" aria-hidden=\"true\" class=\"wp-block-spacer\"><\/div>\n\n<\/div>\n\n<div style=\"height:50px\" aria-hidden=\"true\" class=\"wp-block-spacer\"><\/div>\n\n\n\n<p hidden>, , , , Fest- und Zeit-Andachten. Schaffe in mir, Gott, ein reines Herz\nSchaffe in mir, Gott, ein reines Herz, Hammerschmied, Andres; Hammerschmiedt, Andreas; Hammerschmidt, A.; Hammerschmied, Andreas; Hammerschmid, Andreas; Hammerschmied, Andrea; Hammerschmiedt, Andrea; Hammerschmieden, Andrea; Hammerschmidii, Andree, , Schneider, Johann Christian Friedrich; Schneider, Joh. Chr. Friedrich; Schneider, Johann C.; Schneider, J. C. F.; Schneider, Fried.; Schneider, Frederick; Schneider, Frederic; Schneider, Fred.; Schneider, F.; Schneiderus, Fredericus, Zw\u00f6lf geistliche Ges\u00e4nge op. 13 Nr. 7\nGeistliche Ges\u00e4nge. Meine Seele erhebt den Herren\nMeine Seele erhebt den Herren, SWV 426\nGeistliche Ges\u00e4nge. Magnificat\nDeutsches Magnificat, SWV 426\nop. 13, Nr. 7\nSWV 426, Sch\u00fctz, Hinrich; Sch\u00fctz, Henricus; Sch\u00fctz, Heinrico; Sch\u00fctz, H.; Sch\u00fctze, Henrich; Sch\u00fctze, Heinrich; Schuetz, Heinrich; Schutz, Heinrich; Schuetz von Pfeilstadt, Henri; Sch\u00fczzius, Heinricus; Sch\u00fczze, Heinrich; Sch\u00fcz, Heinrich; Sch\u00fcz, Henricus; Sch\u00fctzius, Henricus; Sch\u00fctzen, Heinrich; Sch\u00fctzen, Henrich; Sch\u00fctz, Henrich; Sch\u00fctz; Sagittarius, Heinricus; Sagittario, Henrico; Sagittarius, Henricus; Sagittarius, Heinricus,; Sagitarius, Henricus; Saettario, Enrico; \u0160jutc, Genrich, , Anonymus, Suite gothique. Pri\u00e8re \u00e0 Notre Dame\nPri\u00e8re \u00e0 Notre Dame \nPri\u00e8re \u00e0 Notre-Dame \nPri\u00e8re\nSuite gothique. 3. Satz, Bo\u00ebllmann, L.; Boelmann, L\u00e9on; Bo\u00ebllmann, Leo; Boelman, L\u00e9on; Boellmann, L\u00e9on; Bo\u00ebllman, L\u00e9on; Bo\u00ebllmann, L\u00e9on; Bo\u00ebllmann, Leo, Sonaten, Org, op. 148. 2. Satz\n\t\nSonaten, Org op. 148. 2. Satz\nSonaten, Org, op. 148 &lt;2. Satz&gt;, Rheinberger, Josef, 1839-1901; Rheinberger, &#8230;; Rheinberger, Gabriel; Rheinberger, Josef von; Rheinberger, Giuseppe; Rheinberger, Gabriel J.; Rheinberger, Joseph Gabriel von; Rheinberger, J.; Rheinberger, J. G.; Rheinberger, Josef G.; Rheinberger, Jos.; Rheinberger, Josef Gabriel; Rheinberger, Gabriel Joseph; Rheinberger, Gabriel Josef; Rheinberger, Joseph von; Rheinberger, Joseph Gabriel; Rheinberger, Joseph G.; Rheinberger, Josef, <\/p>\n\n","protected":false},"excerpt":{"rendered":"<p>Enge r\u00e4umliche Verbindungen gibt es zwischen den heute im NoonSong zu h\u00f6renden Komponisten, denn sie wirkten in Dresden, Zittau, Leipzig und Dessau. W\u00e4hrend der Kreuzkantor Heinrich Sch\u00fctz heute international gesch\u00e4tzt wird, sind die Werke des Zittauer Komponisten Hammerschmidt schon weniger bekannt, auch wenn dieser von Sch\u00fctz sehr gesch\u00e4tzt wurde. Auch wenn Friedrich Schneider zu den einflussreichsten Musikschaffenden seiner Zeit in Leipzig geh\u00f6rte, ist er 150 Jahre nach seinem Tod nahezu v\u00f6llig in Vergessenheit geraten. <\/p>\n","protected":false},"author":16,"featured_media":35419,"template":"","meta":{"_et_pb_use_builder":"","_et_pb_old_content":"","_et_gb_content_width":"","_tribe_events_status":"","_tribe_events_status_reason":"","footnotes":""},"tags":[89,426,135,133,219,151],"tribe_events_cat":[722,743,723,711,712,716,717,719,729,708,735,725,744,720],"class_list":["post-41457","tribe_events","type-tribe_events","status-publish","has-post-thumbnail","hentry","tag-andreas-hammerschmidt","tag-friedrich-schneider","tag-heinrich-schuetz","tag-josef-gabriel-rheinberger","tag-leon-boellmann","tag-simon-berg","tribe_events_cat-20-jahrhundert","tribe_events_cat-audio","tribe_events_cat-barock","tribe_events_cat-berlin","tribe_events_cat-chor","tribe_events_cat-gottesdienst","tribe_events_cat-kirche","tribe_events_cat-konzert","tribe_events_cat-liturgie","tribe_events_cat-noonsong","tribe_events_cat-pdf","tribe_events_cat-romantik","tribe_events_cat-video","tribe_events_cat-vokal","cat_20-jahrhundert","cat_audio","cat_barock","cat_berlin","cat_chor","cat_gottesdienst","cat_kirche","cat_konzert","cat_liturgie","cat_noonsong","cat_pdf","cat_romantik","cat_video","cat_vokal"],"acf":[],"_links":{"self":[{"href":"https:\/\/noonsong.de\/en\/wp-json\/wp\/v2\/tribe_events\/41457","targetHints":{"allow":["GET"]}}],"collection":[{"href":"https:\/\/noonsong.de\/en\/wp-json\/wp\/v2\/tribe_events"}],"about":[{"href":"https:\/\/noonsong.de\/en\/wp-json\/wp\/v2\/types\/tribe_events"}],"author":[{"embeddable":true,"href":"https:\/\/noonsong.de\/en\/wp-json\/wp\/v2\/users\/16"}],"version-history":[{"count":1,"href":"https:\/\/noonsong.de\/en\/wp-json\/wp\/v2\/tribe_events\/41457\/revisions"}],"predecessor-version":[{"id":57186,"href":"https:\/\/noonsong.de\/en\/wp-json\/wp\/v2\/tribe_events\/41457\/revisions\/57186"}],"wp:featuredmedia":[{"embeddable":true,"href":"https:\/\/noonsong.de\/en\/wp-json\/wp\/v2\/media\/35419"}],"wp:attachment":[{"href":"https:\/\/noonsong.de\/en\/wp-json\/wp\/v2\/media?parent=41457"}],"wp:term":[{"taxonomy":"post_tag","embeddable":true,"href":"https:\/\/noonsong.de\/en\/wp-json\/wp\/v2\/tags?post=41457"},{"taxonomy":"tribe_events_cat","embeddable":true,"href":"https:\/\/noonsong.de\/en\/wp-json\/wp\/v2\/tribe_events_cat?post=41457"}],"curies":[{"name":"wp","href":"https:\/\/api.w.org\/{rel}","templated":true}]}}

<div class="wp-block-group is-layout-constrained wp-block-group-is-layout-constrained">

<h2 class="wp-block-heading">Programme</h2>



<p>
<strong>Organ prelude</strong>: Léon Boëllmann (1862-1897): Prière à Notre Dame, aus: Suite gothique (op. 25)<br/><strong>Preces</strong>: Simon Berg (*1973): Preces und Responses für vierstimmig gemischten Chor a cappella<br/><strong>Psalm of the day</strong>: Psalm 51b: Andreas Hammerschmidt (1612-1675): Schaffe in mir, Gott für sechsstimmig gemischten Chor a cappella<br/><strong>Psalm of the week</strong>: Psalm 143: Friedrich Schneider (1786-1853): Herr, erhöre mein Gebet für vierstimmig gemischten Chor a cappella<br/><strong>Responsorium</strong>: gregorianisch

<br/><strong>Canticle</strong>: Heinrich Schütz (1585-1672): Deutsches Magnificat, Meine Seele erhebt den Herren (SWV 426) op. 13,7 für vierstimmig gemischten Chor a cappella<br/><strong>Hymn</strong>: anonym: Herz und Herz vereint zusammen für vierstimmig gemischten Chor a cappella<br/><strong>Organ postlude</strong>: Josef Gabriel Rheinberger (1839-1901): Cantilène, aus: Sonate für Orgel Nr. 11 (op. 148)<br/><strong>Bible reading</strong>: Evangelium nach Matthäus 18,21-35</p>



<div style="height:30px" aria-hidden="true" class="wp-block-spacer"></div>



<blockquote class="wp-block-quote is-layout-flow wp-block-quote-is-layout-flow" style="font-family:Playfair-Display">
Liturgy: 22. Sonntag nach Trinitatis<br>
Pfarrerin: Marita Lersner<br>
Organist: Vladimir Magalashvili<br>
Location: <a href="/kontakt/#anker-kommen-sie-vorbei">Kirche am Hohenzollernplatz</a>
</blockquote>

</div>

<div style="height:20px" aria-hidden="true" class="wp-block-spacer"></div>



<div class="wp-block-group is-layout-constrained wp-block-group-is-layout-constrained">
<h2 class="wp-block-heading">Listen</h2>




<p>Here you can listen to this NoonSong. If you&#8217;d like to listen to more NoonSongs recordings, please register.</p>

<div class="um-locked-content">
	<div class="um-locked-content-msg">This content has been restricted to logged-in users only. Please <a href="https://noonsong.de/en/login-audio-archive/?redirect_to=https%3A%2F%2Fnoonsong.de%2Fen%2Fwp-json%2Fwp%2Fv2%2Ftribe_events%2F41457">log in</a> to view this content.</div>
</div>
</div>

<div style="height:20px" aria-hidden="true" class="wp-block-spacer"></div>



<div class="wp-block-group is-layout-constrained wp-block-group-is-layout-constrained">

<h2 class="wp-block-heading">Watch</h2>




<p>Experience the recorded live-stream of this NoonSong.</p>





<p>You&#8217;ll find many selected video recordings of NoonSongs and other concerts on our <a href="https://youtube.com/sirventesberlin" target="_blank" rel="noreferrer noopener">YouTube channel</a>.
</p>




<div style="height:1em" aria-hidden="true" class="wp-block-spacer"></div>
<div class="um-locked-content">
	<div class="um-locked-content-msg">This content has been restricted to logged-in users only. Please <a href="https://noonsong.de/en/login-audio-archive/?redirect_to=https%3A%2F%2Fnoonsong.de%2Fen%2Fwp-json%2Fwp%2Fv2%2Ftribe_events%2F41457">log in</a> to view this content.</div>
</div>

<div style="height:20px" aria-hidden="true" class="wp-block-spacer"></div>

</div>

<div style="height:20px" aria-hidden="true" class="wp-block-spacer"></div>



<div class="wp-block-group is-layout-constrained wp-block-group-is-layout-constrained">

<h2 class="wp-block-heading">Programme PDF</h2>




<p>Read more about this NoonSong in the programme document.</p>




<div style="height:1em" aria-hidden="true" class="wp-block-spacer"></div>



<figure class="wp-block-image aligncenter is-resized">
<a target="_blank" rel="noopener noreferrer" href="https://noonsong.de/wp-content/uploads/2023/11/2023-11-04-Liturgie.pdf">
<img decoding="async" src="https://noonsong.de/wp-content/uploads/2023/11/2023-11-04-Liturgie-pdf.jpg" alt="" style="max-height:45em; max-width:61.8%" />
<br>
PDF DOWNLOAD
</a>
</figure>



<div style="height:20px" aria-hidden="true" class="wp-block-spacer"></div>

</div>

<div style="height:50px" aria-hidden="true" class="wp-block-spacer"></div>



<p hidden>, , , , Fest- und Zeit-Andachten. Schaffe in mir, Gott, ein reines Herz
Schaffe in mir, Gott, ein reines Herz, Hammerschmied, Andres; Hammerschmiedt, Andreas; Hammerschmidt, A.; Hammerschmied, Andreas; Hammerschmid, Andreas; Hammerschmied, Andrea; Hammerschmiedt, Andrea; Hammerschmieden, Andrea; Hammerschmidii, Andree, , Schneider, Johann Christian Friedrich; Schneider, Joh. Chr. Friedrich; Schneider, Johann C.; Schneider, J. C. F.; Schneider, Fried.; Schneider, Frederick; Schneider, Frederic; Schneider, Fred.; Schneider, F.; Schneiderus, Fredericus, Zwölf geistliche Gesänge op. 13 Nr. 7
Geistliche Gesänge. Meine Seele erhebt den Herren
Meine Seele erhebt den Herren, SWV 426
Geistliche Gesänge. Magnificat
Deutsches Magnificat, SWV 426
op. 13, Nr. 7
SWV 426, Schütz, Hinrich; Schütz, Henricus; Schütz, Heinrico; Schütz, H.; Schütze, Henrich; Schütze, Heinrich; Schuetz, Heinrich; Schutz, Heinrich; Schuetz von Pfeilstadt, Henri; Schüzzius, Heinricus; Schüzze, Heinrich; Schüz, Heinrich; Schüz, Henricus; Schützius, Henricus; Schützen, Heinrich; Schützen, Henrich; Schütz, Henrich; Schütz; Sagittarius, Heinricus; Sagittario, Henrico; Sagittarius, Henricus; Sagittarius, Heinricus,; Sagitarius, Henricus; Saettario, Enrico; Šjutc, Genrich, , Anonymus, Suite gothique. Prière à Notre Dame
Prière à Notre Dame 
Prière à Notre-Dame 
Prière
Suite gothique. 3. Satz, Boëllmann, L.; Boelmann, Léon; Boëllmann, Leo; Boelman, Léon; Boellmann, Léon; Boëllman, Léon; Boëllmann, Léon; Boëllmann, Leo, Sonaten, Org, op. 148. 2. Satz
	
Sonaten, Org op. 148. 2. Satz
Sonaten, Org, op. 148 &lt;2. Satz&gt;, Rheinberger, Josef, 1839-1901; Rheinberger, &#8230;; Rheinberger, Gabriel; Rheinberger, Josef von; Rheinberger, Giuseppe; Rheinberger, Gabriel J.; Rheinberger, Joseph Gabriel von; Rheinberger, J.; Rheinberger, J. G.; Rheinberger, Josef G.; Rheinberger, Jos.; Rheinberger, Josef Gabriel; Rheinberger, Gabriel Joseph; Rheinberger, Gabriel Josef; Rheinberger, Joseph von; Rheinberger, Joseph Gabriel; Rheinberger, Joseph G.; Rheinberger, Josef, </p>

<p>Enge räumliche Verbindungen gibt es zwischen den heute im NoonSong zu hörenden Komponisten, denn sie wirkten in Dresden, Zittau, Leipzig und Dessau. Während der Kreuzkantor Heinrich Schütz heute international geschätzt wird, sind die Werke des Zittauer Komponisten Hammerschmidt schon weniger bekannt, auch wenn dieser von Schütz sehr geschätzt wurde. Auch wenn Friedrich Schneider zu den einflussreichsten Musikschaffenden seiner Zeit in Leipzig gehörte, ist er 150 Jahre nach seinem Tod nahezu völlig in Vergessenheit geraten. </p>
