{"id":41470,"date":"2025-07-07T21:40:41","date_gmt":"2025-07-07T19:40:41","guid":{"rendered":"https:\/\/noonsong.de\/veranstaltung\/noonsong-event-2011-05-14\/"},"modified":"2025-07-07T21:40:41","modified_gmt":"2025-07-07T19:40:41","slug":"noonsong-event-2011-05-14","status":"publish","type":"tribe_events","link":"https:\/\/noonsong.de\/en\/event\/noonsong-event-2011-05-14\/","title":{"rendered":"111. NoonSong am 14.05.2011 um 12:00"},"content":{"rendered":"\n<div class=\"wp-block-group is-layout-constrained wp-block-group-is-layout-constrained\">\n\n<h2 class=\"wp-block-heading\">Programme<\/h2>\n\n\n\n<p>\n<strong>Organ prelude<\/strong>: Johann Sebastian Bach (1685-1750): Pr\u00e4ludium C-Dur (BWV 531,1)<br\/><strong>Preces<\/strong>: Bernard Rose (1916-1996): Preces &amp; Responses f\u00fcr vierstimmig gemischten Chor a cappella<br\/><strong>Psalm of the day<\/strong>: Psalm 114: William Byrd (ca. 1540-1623): In exitu Israel f\u00fcr f\u00fcnfstimmig gemischten Chor a cappella<br\/><strong>Psalm of the week<\/strong>: Psalm 66a: Richard Dering (ca. 1580-1630): Jubilate Deo f\u00fcr sechsstimmig gemischten Chor a cappella<br\/><strong>Responsorium<\/strong>: gregorianisch\n\n<br\/><strong>Canticle<\/strong>: Juan V\u00e1squez (1500-ca. 1560): Benedictus f\u00fcr vierstimmig gemischten Chor a cappella<br\/><strong>Hymn<\/strong>: Hugo Distler (1908-1942): Mit Freuden zart f\u00fcr dreistimmigen Frauenchor a cappella<br\/><strong>Organ postlude<\/strong>: Johann Sebastian Bach (1685-1750): Fuge C-Dur (BWV 531,2)<br\/><strong>Bible reading<\/strong>: 1. Buch Mose 1,1-5<\/p>\n\n\n\n<div style=\"height:30px\" aria-hidden=\"true\" class=\"wp-block-spacer\"><\/div>\n\n\n\n<blockquote class=\"wp-block-quote is-layout-flow wp-block-quote-is-layout-flow\" style=\"font-family:Playfair-Display\">\nLiturgy: Jubilate<br>\nPfarrer: Prof. Dr. Wolfgang Huber<br>\nOrganist: Ludger Mai<br>\nLocation: <a href=\"\/kontakt\/#anker-kommen-sie-vorbei\">Kirche am Hohenzollernplatz<\/a>\n<\/blockquote>\n\n<\/div>\n\n<div style=\"height:50px\" aria-hidden=\"true\" class=\"wp-block-spacer\"><\/div>\n\n\n\n<p hidden>Buch Genesis 1,1-5, , , Rose, Bernard George Williams, , Byrd, &#8230;; Byrd, W.; Byrd, Guil.; Byrd of Virginia, William; Berd, V.; Byred, William; Bird, William; Byrde, William, , Deering, Richard; Dearing, Richard; Diringus, Richard; Diringo, Richardo; Deringo, Ricardo, , V\u00e1zguez, Joan; Vasquez, Juan; Vazquez, Iuan; V\u00e1zquez, Juan, , Distler, H.; Distler, August Hugo, Pr\u00e4ludium und Fuge, Orgel, BWV 531 (C-Dur)\nPraeludium C-Dur (BWV 531), Bach; Bach, G. S.; Bach, Iogann Sebast\u02b9jan; Bach, Joh. Sebastian; Bach, Giov. Sebast.; Bach, Jean Sebastien; Bach, Jean Sebastian; Bach, J. Seb.; Bach, Sebastiano; Bach, John Sebastian; Bach, Iogann S.; Bach, Iogann Sebast&#x27;jan; Bach, Iogann Sebastian; Bach, Giovanni Sebastian; Bach, Johan Sebastian; Bach, Joannes Sebastianus; Bach, Giov. Seb.; Bach, Giovanni S.; B\u0101\u1e35, J\u014dh\u0101n Seba\u1e63t\u012b&#x27;\u0101n; Bach, I. S.; Bach, J.-S.; Bach, Giovanni Sebastiano; Bach, Jean-Sebastien; Bach, Sebastian; Bach, Jan Sebastian; Bach, J. S.; Bach, Johann-Sebastian; Bach, Jean S.; Bach, Johannes S.; Bach, Johannes Sebastian; Bach, Joh. Seb.; Bach, Joh.-Seb.; Bach, Joh. Sebas.; Bach, Johann Seb.; Bach, Joh. Sebast.; Bach, Johann S.; Bach, Iogann Sebastjan; Bach, Jean S\u00e9bastien; Bach, Jean-S\u00e9bastien; Bach, Johann; Bakh, Iogann Sebastian, Pr\u00e4ludium und Fuge, Orgel, BWV 531 (C-Dur), Bach; Bach, G. S.; Bach, Iogann Sebast\u02b9jan; Bach, Joh. Sebastian; Bach, Giov. Sebast.; Bach, Jean Sebastien; Bach, Jean Sebastian; Bach, J. Seb.; Bach, Sebastiano; Bach, John Sebastian; Bach, Iogann S.; Bach, Iogann Sebast&#x27;jan; Bach, Iogann Sebastian; Bach, Giovanni Sebastian; Bach, Johan Sebastian; Bach, Joannes Sebastianus; Bach, Giov. Seb.; Bach, Giovanni S.; B\u0101\u1e35, J\u014dh\u0101n Seba\u1e63t\u012b&#x27;\u0101n; Bach, I. S.; Bach, J.-S.; Bach, Giovanni Sebastiano; Bach, Jean-Sebastien; Bach, Sebastian; Bach, Jan Sebastian; Bach, J. S.; Bach, Johann-Sebastian; Bach, Jean S.; Bach, Johannes S.; Bach, Johannes Sebastian; Bach, Joh. Seb.; Bach, Joh.-Seb.; Bach, Joh. Sebas.; Bach, Johann Seb.; Bach, Joh. Sebast.; Bach, Johann S.; Bach, Iogann Sebastjan; Bach, Jean S\u00e9bastien; Bach, Jean-S\u00e9bastien; Bach, Johann; Bakh, Iogann Sebastian, <\/p>\n\n","protected":false},"excerpt":{"rendered":"<p style='position:absolute'>&nbsp;<\/p>\n","protected":false},"author":16,"featured_media":4392,"template":"","meta":{"_et_pb_use_builder":"","_et_pb_old_content":"","_et_gb_content_width":"","_tribe_events_status":"","_tribe_events_status_reason":"","footnotes":""},"tags":[124,130,105,367,384,113],"tribe_events_cat":[722,723,711,712,716,717,719,729,708,724,720],"class_list":["post-41470","tribe_events","type-tribe_events","status-publish","has-post-thumbnail","hentry","tag-bernard-rose","tag-hugo-distler","tag-johann-sebastian-bach","tag-juan-vasquez","tag-richard-dering","tag-william-byrd","tribe_events_cat-20-jahrhundert","tribe_events_cat-barock","tribe_events_cat-berlin","tribe_events_cat-chor","tribe_events_cat-gottesdienst","tribe_events_cat-kirche","tribe_events_cat-konzert","tribe_events_cat-liturgie","tribe_events_cat-noonsong","tribe_events_cat-renaissance","tribe_events_cat-vokal","cat_20-jahrhundert","cat_barock","cat_berlin","cat_chor","cat_gottesdienst","cat_kirche","cat_konzert","cat_liturgie","cat_noonsong","cat_renaissance","cat_vokal"],"acf":[],"_links":{"self":[{"href":"https:\/\/noonsong.de\/en\/wp-json\/wp\/v2\/tribe_events\/41470","targetHints":{"allow":["GET"]}}],"collection":[{"href":"https:\/\/noonsong.de\/en\/wp-json\/wp\/v2\/tribe_events"}],"about":[{"href":"https:\/\/noonsong.de\/en\/wp-json\/wp\/v2\/types\/tribe_events"}],"author":[{"embeddable":true,"href":"https:\/\/noonsong.de\/en\/wp-json\/wp\/v2\/users\/16"}],"version-history":[{"count":1,"href":"https:\/\/noonsong.de\/en\/wp-json\/wp\/v2\/tribe_events\/41470\/revisions"}],"predecessor-version":[{"id":56249,"href":"https:\/\/noonsong.de\/en\/wp-json\/wp\/v2\/tribe_events\/41470\/revisions\/56249"}],"wp:featuredmedia":[{"embeddable":true,"href":"https:\/\/noonsong.de\/en\/wp-json\/wp\/v2\/media\/4392"}],"wp:attachment":[{"href":"https:\/\/noonsong.de\/en\/wp-json\/wp\/v2\/media?parent=41470"}],"wp:term":[{"taxonomy":"post_tag","embeddable":true,"href":"https:\/\/noonsong.de\/en\/wp-json\/wp\/v2\/tags?post=41470"},{"taxonomy":"tribe_events_cat","embeddable":true,"href":"https:\/\/noonsong.de\/en\/wp-json\/wp\/v2\/tribe_events_cat?post=41470"}],"curies":[{"name":"wp","href":"https:\/\/api.w.org\/{rel}","templated":true}]}}

<div class="wp-block-group is-layout-constrained wp-block-group-is-layout-constrained">

<h2 class="wp-block-heading">Programme</h2>



<p>
<strong>Organ prelude</strong>: Johann Sebastian Bach (1685-1750): Präludium C-Dur (BWV 531,1)<br/><strong>Preces</strong>: Bernard Rose (1916-1996): Preces &amp; Responses für vierstimmig gemischten Chor a cappella<br/><strong>Psalm of the day</strong>: Psalm 114: William Byrd (ca. 1540-1623): In exitu Israel für fünfstimmig gemischten Chor a cappella<br/><strong>Psalm of the week</strong>: Psalm 66a: Richard Dering (ca. 1580-1630): Jubilate Deo für sechsstimmig gemischten Chor a cappella<br/><strong>Responsorium</strong>: gregorianisch

<br/><strong>Canticle</strong>: Juan Vásquez (1500-ca. 1560): Benedictus für vierstimmig gemischten Chor a cappella<br/><strong>Hymn</strong>: Hugo Distler (1908-1942): Mit Freuden zart für dreistimmigen Frauenchor a cappella<br/><strong>Organ postlude</strong>: Johann Sebastian Bach (1685-1750): Fuge C-Dur (BWV 531,2)<br/><strong>Bible reading</strong>: 1. Buch Mose 1,1-5</p>



<div style="height:30px" aria-hidden="true" class="wp-block-spacer"></div>



<blockquote class="wp-block-quote is-layout-flow wp-block-quote-is-layout-flow" style="font-family:Playfair-Display">
Liturgy: Jubilate<br>
Pfarrer: Prof. Dr. Wolfgang Huber<br>
Organist: Ludger Mai<br>
Location: <a href="/kontakt/#anker-kommen-sie-vorbei">Kirche am Hohenzollernplatz</a>
</blockquote>

</div>

<div style="height:50px" aria-hidden="true" class="wp-block-spacer"></div>



<p hidden>Buch Genesis 1,1-5, , , Rose, Bernard George Williams, , Byrd, &#8230;; Byrd, W.; Byrd, Guil.; Byrd of Virginia, William; Berd, V.; Byred, William; Bird, William; Byrde, William, , Deering, Richard; Dearing, Richard; Diringus, Richard; Diringo, Richardo; Deringo, Ricardo, , Vázguez, Joan; Vasquez, Juan; Vazquez, Iuan; Vázquez, Juan, , Distler, H.; Distler, August Hugo, Präludium und Fuge, Orgel, BWV 531 (C-Dur)
Praeludium C-Dur (BWV 531), Bach; Bach, G. S.; Bach, Iogann Sebastʹjan; Bach, Joh. Sebastian; Bach, Giov. Sebast.; Bach, Jean Sebastien; Bach, Jean Sebastian; Bach, J. Seb.; Bach, Sebastiano; Bach, John Sebastian; Bach, Iogann S.; Bach, Iogann Sebast&#x27;jan; Bach, Iogann Sebastian; Bach, Giovanni Sebastian; Bach, Johan Sebastian; Bach, Joannes Sebastianus; Bach, Giov. Seb.; Bach, Giovanni S.; Bāḵ, Jōhān Sebaṣtī&#x27;ān; Bach, I. S.; Bach, J.-S.; Bach, Giovanni Sebastiano; Bach, Jean-Sebastien; Bach, Sebastian; Bach, Jan Sebastian; Bach, J. S.; Bach, Johann-Sebastian; Bach, Jean S.; Bach, Johannes S.; Bach, Johannes Sebastian; Bach, Joh. Seb.; Bach, Joh.-Seb.; Bach, Joh. Sebas.; Bach, Johann Seb.; Bach, Joh. Sebast.; Bach, Johann S.; Bach, Iogann Sebastjan; Bach, Jean Sébastien; Bach, Jean-Sébastien; Bach, Johann; Bakh, Iogann Sebastian, Präludium und Fuge, Orgel, BWV 531 (C-Dur), Bach; Bach, G. S.; Bach, Iogann Sebastʹjan; Bach, Joh. Sebastian; Bach, Giov. Sebast.; Bach, Jean Sebastien; Bach, Jean Sebastian; Bach, J. Seb.; Bach, Sebastiano; Bach, John Sebastian; Bach, Iogann S.; Bach, Iogann Sebast&#x27;jan; Bach, Iogann Sebastian; Bach, Giovanni Sebastian; Bach, Johan Sebastian; Bach, Joannes Sebastianus; Bach, Giov. Seb.; Bach, Giovanni S.; Bāḵ, Jōhān Sebaṣtī&#x27;ān; Bach, I. S.; Bach, J.-S.; Bach, Giovanni Sebastiano; Bach, Jean-Sebastien; Bach, Sebastian; Bach, Jan Sebastian; Bach, J. S.; Bach, Johann-Sebastian; Bach, Jean S.; Bach, Johannes S.; Bach, Johannes Sebastian; Bach, Joh. Seb.; Bach, Joh.-Seb.; Bach, Joh. Sebas.; Bach, Johann Seb.; Bach, Joh. Sebast.; Bach, Johann S.; Bach, Iogann Sebastjan; Bach, Jean Sébastien; Bach, Jean-Sébastien; Bach, Johann; Bakh, Iogann Sebastian, </p>
