{"id":41471,"date":"2025-07-07T21:36:42","date_gmt":"2025-07-07T19:36:42","guid":{"rendered":"https:\/\/noonsong.de\/veranstaltung\/noonsong-event-2012-04-21\/"},"modified":"2025-07-07T21:36:42","modified_gmt":"2025-07-07T19:36:42","slug":"noonsong-event-2012-04-21","status":"publish","type":"tribe_events","link":"https:\/\/noonsong.de\/en\/event\/noonsong-event-2012-04-21\/","title":{"rendered":"152. NoonSong am 21.04.2012 um 12:00"},"content":{"rendered":"\n<div class=\"wp-block-group is-layout-constrained wp-block-group-is-layout-constrained\">\n\n<h2 class=\"wp-block-heading\">Programme<\/h2>\n\n\n\n<p>\n<strong>Organ prelude<\/strong>: Joseph Ahrens (1904-1997): Intrada \u201eChrist ist erstanden\u201c<br\/><strong>Preces<\/strong>: Richard Ayleward (1626-1669): Preces &amp; Responses f\u00fcr vierstimmig gemischten Chor a cappella<br\/><strong>Psalm of the day<\/strong>: Psalm 9: Gabriel M\u00f6lich (1595-1657): Ich danke dem Herrn f\u00fcr vierstimmg gemischten Chor<br\/><strong>Psalm of the week<\/strong>: Psalm 23: Jan Pieterszoon Sweelinck (1562-1621): Gott ist mein Hirt f\u00fcr vierstimmig gemischten Chor a cappella<br\/><strong>Responsorium<\/strong>: gregorianisch\n\n<br\/><strong>Canticle<\/strong>: Lorenzo Calvi (1585-1629): Victimae paschali laudes f\u00fcr vierstimmig gemischten Chor a cappella<br\/><strong>Hymn<\/strong>: Heinrich Sch\u00fctz (1585-1672): Der Herr ist mein getreuer Hirt f\u00fcr vierstimmig gemischten Chor a cappella<br\/><strong>Organ postlude<\/strong>: Georg B\u00f6hm (1661-1733): Pr\u00e4ludium und Fuge C-Dur<br\/><strong>Bible reading<\/strong>: Evangelium nach Johannes 10,11-16<\/p>\n\n\n\n<div style=\"height:30px\" aria-hidden=\"true\" class=\"wp-block-spacer\"><\/div>\n\n\n\n<blockquote class=\"wp-block-quote is-layout-flow wp-block-quote-is-layout-flow\" style=\"font-family:Playfair-Display\">\nLiturgy: Misericordias Domini<br>\nPfarrer: Pater Hans-Georg L\u00f6ffler<br>\nOrganist: Ludger Mai<br>\nLocation: <a href=\"\/kontakt\/#anker-kommen-sie-vorbei\">Kirche am Hohenzollernplatz<\/a>\n<\/blockquote>\n\n<\/div>\n\n<div style=\"height:20px\" aria-hidden=\"true\" class=\"wp-block-spacer\"><\/div>\n\n\n\n<div class=\"wp-block-group is-layout-constrained wp-block-group-is-layout-constrained\">\n<h2 class=\"wp-block-heading\">Listen<\/h2>\n\n\n\n\n<p>Here you can listen to this NoonSong. If you&#8217;d like to listen to more NoonSongs recordings, please register.<\/p>\n\n<div class=\"um-locked-content\">\n\t<div class=\"um-locked-content-msg\">This content has been restricted to logged-in users only. Please <a href=\"https:\/\/noonsong.de\/en\/login-audio-archive\/?redirect_to=https%3A%2F%2Fnoonsong.de%2Fen%2Fwp-json%2Fwp%2Fv2%2Ftribe_events%2F41471\">log in<\/a> to view this content.<\/div>\n<\/div>\n<\/div>\n\n<div style=\"height:20px\" aria-hidden=\"true\" class=\"wp-block-spacer\"><\/div>\n\n\n\n<div class=\"wp-block-group is-layout-constrained wp-block-group-is-layout-constrained\">\n\n<h2 class=\"wp-block-heading\">Programme PDF<\/h2>\n\n\n\n\n<p>Read more about this NoonSong in the programme document.<\/p>\n\n\n\n\n<div style=\"height:1em\" aria-hidden=\"true\" class=\"wp-block-spacer\"><\/div>\n\n\n\n<figure class=\"wp-block-image aligncenter is-resized\">\n<a target=\"_blank\" rel=\"noopener noreferrer\" href=\"https:\/\/noonsong.de\/wp-content\/uploads\/2024\/07\/2012-04-21-Liturgie.pdf\">\n<img decoding=\"async\" src=\"https:\/\/noonsong.de\/wp-content\/uploads\/2024\/07\/2012-04-21-Liturgie-pdf.jpg\" alt=\"\" style=\"max-height:45em; max-width:61.8%\" \/>\n<br>\nPDF DOWNLOAD\n<\/a>\n<\/figure>\n\n\n\n<div style=\"height:20px\" aria-hidden=\"true\" class=\"wp-block-spacer\"><\/div>\n\n<\/div>\n\n<div style=\"height:50px\" aria-hidden=\"true\" class=\"wp-block-spacer\"><\/div>\n\n\n\n<p hidden>, , , , , M\u00f6hlich, Gabriel, , Sweeling, Jan P.; Sweelinck, Jan P.; Sweelink, Jan P.; Sweelinck, &#8230;; Sweeling, Johan Peterssen; Swelingh, Jean Pierre; Sweelinck, Jan Peter; Sweling, Johan P.; Sweling, Johann P.; Sweling, Johan Peterssen; Sweling, Johann Peterssen; Swelingh, D. J.; Sweelinck, J. P.; Sweelinck, Jan Pieterszon; Sweelinck, Jan Pieterszn; Sweelinck, Jan Pieters; Sweelinck, Jan Pieter; Sweeling, Jan Pieterszoon; Zwelinck, Jan Pieterszoon; Sweelingh, Jan Pieterszoon; Sweling, Jan Pieterszoon; Swelingh, Jan Pieterszoon; Swelinck, Jan Pietersz.; Swelinck, Jan Pieterszoon; Sweelinck, Johann Peter, , , , Sch\u00fctz, Hinrich; Sch\u00fctz, Henricus; Sch\u00fctz, Heinrico; Sch\u00fctz, H.; Sch\u00fctze, Henrich; Sch\u00fctze, Heinrich; Schuetz, Heinrich; Schutz, Heinrich; Schuetz von Pfeilstadt, Henri; Sch\u00fczzius, Heinricus; Sch\u00fczze, Heinrich; Sch\u00fcz, Heinrich; Sch\u00fcz, Henricus; Sch\u00fctzius, Henricus; Sch\u00fctzen, Heinrich; Sch\u00fctzen, Henrich; Sch\u00fctz, Henrich; Sch\u00fctz; Sagittarius, Heinricus; Sagittario, Henrico; Sagittarius, Henricus; Sagittarius, Heinricus,; Sagitarius, Henricus; Saettario, Enrico; \u0160jutc, Genrich, Partita &quot;Christ ist erstanden&quot;\nChrist ist erstanden\nPartiten, Orgel (1935)\nChristus ist erstanden, Ahrens, Josef; Ahrens, Joseph J.; Ahrens, Joseph Johannes Clemens; Ahrens, J., Pr\u00e4ludium und Fuge, Orgel (C-Dur), B\u00f6hm, Georg; Boehm, Georg; Boehm, Georges; B\u00f6hm, Johann Georg; B\u00f6hm, G., <\/p>\n\n","protected":false},"excerpt":{"rendered":"<p style='position:absolute'>&nbsp;<\/p>\n","protected":false},"author":16,"featured_media":18324,"template":"","meta":{"_et_pb_use_builder":"","_et_pb_old_content":"","_et_gb_content_width":"","_tribe_events_status":"","_tribe_events_status_reason":"","footnotes":""},"tags":[349,252,135,195,254,361,262],"tribe_events_cat":[722,743,723,711,712,716,717,719,729,708,735,724,720],"class_list":["post-41471","tribe_events","type-tribe_events","status-publish","has-post-thumbnail","hentry","tag-gabriel-moelich","tag-georg-boehm","tag-heinrich-schuetz","tag-jan-pieterszoon-sweelinck","tag-joseph-ahrens","tag-lorenzo-calvi","tag-richard-ayleward","tribe_events_cat-20-jahrhundert","tribe_events_cat-audio","tribe_events_cat-barock","tribe_events_cat-berlin","tribe_events_cat-chor","tribe_events_cat-gottesdienst","tribe_events_cat-kirche","tribe_events_cat-konzert","tribe_events_cat-liturgie","tribe_events_cat-noonsong","tribe_events_cat-pdf","tribe_events_cat-renaissance","tribe_events_cat-vokal","cat_20-jahrhundert","cat_audio","cat_barock","cat_berlin","cat_chor","cat_gottesdienst","cat_kirche","cat_konzert","cat_liturgie","cat_noonsong","cat_pdf","cat_renaissance","cat_vokal"],"acf":[],"_links":{"self":[{"href":"https:\/\/noonsong.de\/en\/wp-json\/wp\/v2\/tribe_events\/41471","targetHints":{"allow":["GET"]}}],"collection":[{"href":"https:\/\/noonsong.de\/en\/wp-json\/wp\/v2\/tribe_events"}],"about":[{"href":"https:\/\/noonsong.de\/en\/wp-json\/wp\/v2\/types\/tribe_events"}],"author":[{"embeddable":true,"href":"https:\/\/noonsong.de\/en\/wp-json\/wp\/v2\/users\/16"}],"version-history":[{"count":1,"href":"https:\/\/noonsong.de\/en\/wp-json\/wp\/v2\/tribe_events\/41471\/revisions"}],"predecessor-version":[{"id":57014,"href":"https:\/\/noonsong.de\/en\/wp-json\/wp\/v2\/tribe_events\/41471\/revisions\/57014"}],"wp:featuredmedia":[{"embeddable":true,"href":"https:\/\/noonsong.de\/en\/wp-json\/wp\/v2\/media\/18324"}],"wp:attachment":[{"href":"https:\/\/noonsong.de\/en\/wp-json\/wp\/v2\/media?parent=41471"}],"wp:term":[{"taxonomy":"post_tag","embeddable":true,"href":"https:\/\/noonsong.de\/en\/wp-json\/wp\/v2\/tags?post=41471"},{"taxonomy":"tribe_events_cat","embeddable":true,"href":"https:\/\/noonsong.de\/en\/wp-json\/wp\/v2\/tribe_events_cat?post=41471"}],"curies":[{"name":"wp","href":"https:\/\/api.w.org\/{rel}","templated":true}]}}

<div class="wp-block-group is-layout-constrained wp-block-group-is-layout-constrained">

<h2 class="wp-block-heading">Programme</h2>



<p>
<strong>Organ prelude</strong>: Joseph Ahrens (1904-1997): Intrada „Christ ist erstanden“<br/><strong>Preces</strong>: Richard Ayleward (1626-1669): Preces &amp; Responses für vierstimmig gemischten Chor a cappella<br/><strong>Psalm of the day</strong>: Psalm 9: Gabriel Mölich (1595-1657): Ich danke dem Herrn für vierstimmg gemischten Chor<br/><strong>Psalm of the week</strong>: Psalm 23: Jan Pieterszoon Sweelinck (1562-1621): Gott ist mein Hirt für vierstimmig gemischten Chor a cappella<br/><strong>Responsorium</strong>: gregorianisch

<br/><strong>Canticle</strong>: Lorenzo Calvi (1585-1629): Victimae paschali laudes für vierstimmig gemischten Chor a cappella<br/><strong>Hymn</strong>: Heinrich Schütz (1585-1672): Der Herr ist mein getreuer Hirt für vierstimmig gemischten Chor a cappella<br/><strong>Organ postlude</strong>: Georg Böhm (1661-1733): Präludium und Fuge C-Dur<br/><strong>Bible reading</strong>: Evangelium nach Johannes 10,11-16</p>



<div style="height:30px" aria-hidden="true" class="wp-block-spacer"></div>



<blockquote class="wp-block-quote is-layout-flow wp-block-quote-is-layout-flow" style="font-family:Playfair-Display">
Liturgy: Misericordias Domini<br>
Pfarrer: Pater Hans-Georg Löffler<br>
Organist: Ludger Mai<br>
Location: <a href="/kontakt/#anker-kommen-sie-vorbei">Kirche am Hohenzollernplatz</a>
</blockquote>

</div>

<div style="height:20px" aria-hidden="true" class="wp-block-spacer"></div>



<div class="wp-block-group is-layout-constrained wp-block-group-is-layout-constrained">
<h2 class="wp-block-heading">Listen</h2>




<p>Here you can listen to this NoonSong. If you&#8217;d like to listen to more NoonSongs recordings, please register.</p>

<div class="um-locked-content">
	<div class="um-locked-content-msg">This content has been restricted to logged-in users only. Please <a href="https://noonsong.de/en/login-audio-archive/?redirect_to=https%3A%2F%2Fnoonsong.de%2Fen%2Fwp-json%2Fwp%2Fv2%2Ftribe_events%2F41471">log in</a> to view this content.</div>
</div>
</div>

<div style="height:20px" aria-hidden="true" class="wp-block-spacer"></div>



<div class="wp-block-group is-layout-constrained wp-block-group-is-layout-constrained">

<h2 class="wp-block-heading">Programme PDF</h2>




<p>Read more about this NoonSong in the programme document.</p>




<div style="height:1em" aria-hidden="true" class="wp-block-spacer"></div>



<figure class="wp-block-image aligncenter is-resized">
<a target="_blank" rel="noopener noreferrer" href="https://noonsong.de/wp-content/uploads/2024/07/2012-04-21-Liturgie.pdf">
<img decoding="async" src="https://noonsong.de/wp-content/uploads/2024/07/2012-04-21-Liturgie-pdf.jpg" alt="" style="max-height:45em; max-width:61.8%" />
<br>
PDF DOWNLOAD
</a>
</figure>



<div style="height:20px" aria-hidden="true" class="wp-block-spacer"></div>

</div>

<div style="height:50px" aria-hidden="true" class="wp-block-spacer"></div>



<p hidden>, , , , , Möhlich, Gabriel, , Sweeling, Jan P.; Sweelinck, Jan P.; Sweelink, Jan P.; Sweelinck, &#8230;; Sweeling, Johan Peterssen; Swelingh, Jean Pierre; Sweelinck, Jan Peter; Sweling, Johan P.; Sweling, Johann P.; Sweling, Johan Peterssen; Sweling, Johann Peterssen; Swelingh, D. J.; Sweelinck, J. P.; Sweelinck, Jan Pieterszon; Sweelinck, Jan Pieterszn; Sweelinck, Jan Pieters; Sweelinck, Jan Pieter; Sweeling, Jan Pieterszoon; Zwelinck, Jan Pieterszoon; Sweelingh, Jan Pieterszoon; Sweling, Jan Pieterszoon; Swelingh, Jan Pieterszoon; Swelinck, Jan Pietersz.; Swelinck, Jan Pieterszoon; Sweelinck, Johann Peter, , , , Schütz, Hinrich; Schütz, Henricus; Schütz, Heinrico; Schütz, H.; Schütze, Henrich; Schütze, Heinrich; Schuetz, Heinrich; Schutz, Heinrich; Schuetz von Pfeilstadt, Henri; Schüzzius, Heinricus; Schüzze, Heinrich; Schüz, Heinrich; Schüz, Henricus; Schützius, Henricus; Schützen, Heinrich; Schützen, Henrich; Schütz, Henrich; Schütz; Sagittarius, Heinricus; Sagittario, Henrico; Sagittarius, Henricus; Sagittarius, Heinricus,; Sagitarius, Henricus; Saettario, Enrico; Šjutc, Genrich, Partita &quot;Christ ist erstanden&quot;
Christ ist erstanden
Partiten, Orgel (1935)
Christus ist erstanden, Ahrens, Josef; Ahrens, Joseph J.; Ahrens, Joseph Johannes Clemens; Ahrens, J., Präludium und Fuge, Orgel (C-Dur), Böhm, Georg; Boehm, Georg; Boehm, Georges; Böhm, Johann Georg; Böhm, G., </p>
