{"id":41474,"date":"2025-07-07T21:42:13","date_gmt":"2025-07-07T19:42:13","guid":{"rendered":"https:\/\/noonsong.de\/veranstaltung\/noonsong-event-2010-03-13\/"},"modified":"2025-07-07T21:42:13","modified_gmt":"2025-07-07T19:42:13","slug":"noonsong-event-2010-03-13","status":"publish","type":"tribe_events","link":"https:\/\/noonsong.de\/en\/event\/noonsong-event-2010-03-13\/","title":{"rendered":"59. NoonSong am 13.03.2010 um 12:00"},"content":{"rendered":"\n<div class=\"wp-block-group is-layout-constrained wp-block-group-is-layout-constrained\">\n\n<h2 class=\"wp-block-heading\">Programme<\/h2>\n\n\n\n<p>\n<strong>Organ prelude<\/strong>: Jean Langlais (1907-1991): Communion, aus: Hommage \u00e0 Frescobaldi (op. 70)<br\/><strong>Preces<\/strong>: Thomas Tomkins (1572-1656): Preces &amp; Responses f\u00fcr f\u00fcnfstimmig gemischten Chor a cappella<br\/><strong>Psalm of the day<\/strong>: Psalm 121: Pierre Passereau (ca. 1509-ca. 1547): Auxilium meum a domino f\u00fcr vierstimmig gemischten Chor a cappella<br\/><strong>Psalm of the week<\/strong>: Psalm 132: Edwin Edwards (1830-1907): Anglican chant f\u00fcr vierstimmig gemischten Chor a cappella<br\/><strong>Responsorium<\/strong>: gregorianisch\n\n<br\/><strong>Canticle<\/strong>: Melchior Franck (1579-1639): F\u00fcrwahr, er trug unsere Krankheit f\u00fcr vierstimmig gemischten Chor a cappella<br\/><strong>Hymn<\/strong>: Johann Sebastian Bach (1685-1750): Jesu, meine Freude (BWV 358) f\u00fcr vierstimmig gemischten Chor a cappella<br\/><strong>Organ postlude<\/strong>: Jean Langlais (1907-1991): Fantaisie, aus: Hommage \u00e0 Frescobaldi (op. 70)<br\/><strong>Bible reading<\/strong>: Evangelium nach Johannes 16,16-23a<\/p>\n\n\n\n<div style=\"height:30px\" aria-hidden=\"true\" class=\"wp-block-spacer\"><\/div>\n\n\n\n<blockquote class=\"wp-block-quote is-layout-flow wp-block-quote-is-layout-flow\" style=\"font-family:Playfair-Display\">\nLiturgy: Laetare<br>\nPfarrer: Pater Hans-Georg L\u00f6ffler<br>\nOrganist: Rudolf Seidel<br>\nLocation: <a href=\"\/kontakt\/#anker-kommen-sie-vorbei\">Kirche am Hohenzollernplatz<\/a>\n<\/blockquote>\n\n<\/div>\n\n<div style=\"height:50px\" aria-hidden=\"true\" class=\"wp-block-spacer\"><\/div>\n\n\n\n<p hidden>, , , Tomkins, , Passereau; Passerau, Pierre, , , , Francus, Melchior; Frank, Melchior; Franco, Melchior; Francke, Melchior; Franc, Melchior; Franc, M., Chor\u00e4le aus der Sammlung &quot;Joh. Seb. Bachs vierstimmige Choralges\u00e4nge&quot;. Jesu, meine Freude\nChor\u00e4le, BWV 253-438. Jesu, meine Freude\nChor\u00e4le, BWV 358\nJesu, meine Freude\nChor\u00e4le BWV 253 &#8211; 438. Jesu, meine Freude\nJesu, meine Freude BWV 358, Bach; Bach, G. S.; Bach, Iogann Sebast\u02b9jan; Bach, Joh. Sebastian; Bach, Giov. Sebast.; Bach, Jean Sebastien; Bach, Jean Sebastian; Bach, J. Seb.; Bach, Sebastiano; Bach, John Sebastian; Bach, Iogann S.; Bach, Iogann Sebast&#x27;jan; Bach, Iogann Sebastian; Bach, Giovanni Sebastian; Bach, Johan Sebastian; Bach, Joannes Sebastianus; Bach, Giov. Seb.; Bach, Giovanni S.; B\u0101\u1e35, J\u014dh\u0101n Seba\u1e63t\u012b&#x27;\u0101n; Bach, I. S.; Bach, J.-S.; Bach, Giovanni Sebastiano; Bach, Jean-Sebastien; Bach, Sebastian; Bach, Jan Sebastian; Bach, J. S.; Bach, Johann-Sebastian; Bach, Jean S.; Bach, Johannes S.; Bach, Johannes Sebastian; Bach, Joh. Seb.; Bach, Joh.-Seb.; Bach, Joh. Sebas.; Bach, Johann Seb.; Bach, Joh. Sebast.; Bach, Johann S.; Bach, Iogann Sebastjan; Bach, Jean S\u00e9bastien; Bach, Jean-S\u00e9bastien; Bach, Johann; Bakh, Iogann Sebastian, Hommage \u00e0 Frescobaldi\nHuit pi\u00e8ces pour orgue\nPi\u00e8ces, Orgel, op. 70\nop.\u200a70, Langlais, &#8230;; Langlais, Jean-Fran\u00e7ois, Hommage \u00e0 Frescobaldi\nHuit pi\u00e8ces pour orgue\nPi\u00e8ces, Orgel, op. 70\nop.\u200a70, Langlais, &#8230;; Langlais, Jean-Fran\u00e7ois, <\/p>\n\n","protected":false},"excerpt":{"rendered":"<p style='position:absolute'>&nbsp;<\/p>\n","protected":false},"author":16,"featured_media":4956,"template":"","meta":{"_et_pb_use_builder":"","_et_pb_old_content":"","_et_gb_content_width":"","_tribe_events_status":"","_tribe_events_status_reason":"","footnotes":""},"tags":[329,224,105,176,198,217],"tribe_events_cat":[722,723,711,712,716,717,719,729,708,724,725,720],"class_list":["post-41474","tribe_events","type-tribe_events","status-publish","has-post-thumbnail","hentry","tag-edwin-edwards","tag-jean-langlais","tag-johann-sebastian-bach","tag-melchior-franck","tag-pierre-passereau","tag-thomas-tomkins","tribe_events_cat-20-jahrhundert","tribe_events_cat-barock","tribe_events_cat-berlin","tribe_events_cat-chor","tribe_events_cat-gottesdienst","tribe_events_cat-kirche","tribe_events_cat-konzert","tribe_events_cat-liturgie","tribe_events_cat-noonsong","tribe_events_cat-renaissance","tribe_events_cat-romantik","tribe_events_cat-vokal","cat_20-jahrhundert","cat_barock","cat_berlin","cat_chor","cat_gottesdienst","cat_kirche","cat_konzert","cat_liturgie","cat_noonsong","cat_renaissance","cat_romantik","cat_vokal"],"acf":[],"_links":{"self":[{"href":"https:\/\/noonsong.de\/en\/wp-json\/wp\/v2\/tribe_events\/41474","targetHints":{"allow":["GET"]}}],"collection":[{"href":"https:\/\/noonsong.de\/en\/wp-json\/wp\/v2\/tribe_events"}],"about":[{"href":"https:\/\/noonsong.de\/en\/wp-json\/wp\/v2\/types\/tribe_events"}],"author":[{"embeddable":true,"href":"https:\/\/noonsong.de\/en\/wp-json\/wp\/v2\/users\/16"}],"version-history":[{"count":1,"href":"https:\/\/noonsong.de\/en\/wp-json\/wp\/v2\/tribe_events\/41474\/revisions"}],"predecessor-version":[{"id":57363,"href":"https:\/\/noonsong.de\/en\/wp-json\/wp\/v2\/tribe_events\/41474\/revisions\/57363"}],"wp:featuredmedia":[{"embeddable":true,"href":"https:\/\/noonsong.de\/en\/wp-json\/wp\/v2\/media\/4956"}],"wp:attachment":[{"href":"https:\/\/noonsong.de\/en\/wp-json\/wp\/v2\/media?parent=41474"}],"wp:term":[{"taxonomy":"post_tag","embeddable":true,"href":"https:\/\/noonsong.de\/en\/wp-json\/wp\/v2\/tags?post=41474"},{"taxonomy":"tribe_events_cat","embeddable":true,"href":"https:\/\/noonsong.de\/en\/wp-json\/wp\/v2\/tribe_events_cat?post=41474"}],"curies":[{"name":"wp","href":"https:\/\/api.w.org\/{rel}","templated":true}]}}

<div class="wp-block-group is-layout-constrained wp-block-group-is-layout-constrained">

<h2 class="wp-block-heading">Programme</h2>



<p>
<strong>Organ prelude</strong>: Jean Langlais (1907-1991): Communion, aus: Hommage à Frescobaldi (op. 70)<br/><strong>Preces</strong>: Thomas Tomkins (1572-1656): Preces &amp; Responses für fünfstimmig gemischten Chor a cappella<br/><strong>Psalm of the day</strong>: Psalm 121: Pierre Passereau (ca. 1509-ca. 1547): Auxilium meum a domino für vierstimmig gemischten Chor a cappella<br/><strong>Psalm of the week</strong>: Psalm 132: Edwin Edwards (1830-1907): Anglican chant für vierstimmig gemischten Chor a cappella<br/><strong>Responsorium</strong>: gregorianisch

<br/><strong>Canticle</strong>: Melchior Franck (1579-1639): Fürwahr, er trug unsere Krankheit für vierstimmig gemischten Chor a cappella<br/><strong>Hymn</strong>: Johann Sebastian Bach (1685-1750): Jesu, meine Freude (BWV 358) für vierstimmig gemischten Chor a cappella<br/><strong>Organ postlude</strong>: Jean Langlais (1907-1991): Fantaisie, aus: Hommage à Frescobaldi (op. 70)<br/><strong>Bible reading</strong>: Evangelium nach Johannes 16,16-23a</p>



<div style="height:30px" aria-hidden="true" class="wp-block-spacer"></div>



<blockquote class="wp-block-quote is-layout-flow wp-block-quote-is-layout-flow" style="font-family:Playfair-Display">
Liturgy: Laetare<br>
Pfarrer: Pater Hans-Georg Löffler<br>
Organist: Rudolf Seidel<br>
Location: <a href="/kontakt/#anker-kommen-sie-vorbei">Kirche am Hohenzollernplatz</a>
</blockquote>

</div>

<div style="height:50px" aria-hidden="true" class="wp-block-spacer"></div>



<p hidden>, , , Tomkins, , Passereau; Passerau, Pierre, , , , Francus, Melchior; Frank, Melchior; Franco, Melchior; Francke, Melchior; Franc, Melchior; Franc, M., Choräle aus der Sammlung &quot;Joh. Seb. Bachs vierstimmige Choralgesänge&quot;. Jesu, meine Freude
Choräle, BWV 253-438. Jesu, meine Freude
Choräle, BWV 358
Jesu, meine Freude
Choräle BWV 253 &#8211; 438. Jesu, meine Freude
Jesu, meine Freude BWV 358, Bach; Bach, G. S.; Bach, Iogann Sebastʹjan; Bach, Joh. Sebastian; Bach, Giov. Sebast.; Bach, Jean Sebastien; Bach, Jean Sebastian; Bach, J. Seb.; Bach, Sebastiano; Bach, John Sebastian; Bach, Iogann S.; Bach, Iogann Sebast&#x27;jan; Bach, Iogann Sebastian; Bach, Giovanni Sebastian; Bach, Johan Sebastian; Bach, Joannes Sebastianus; Bach, Giov. Seb.; Bach, Giovanni S.; Bāḵ, Jōhān Sebaṣtī&#x27;ān; Bach, I. S.; Bach, J.-S.; Bach, Giovanni Sebastiano; Bach, Jean-Sebastien; Bach, Sebastian; Bach, Jan Sebastian; Bach, J. S.; Bach, Johann-Sebastian; Bach, Jean S.; Bach, Johannes S.; Bach, Johannes Sebastian; Bach, Joh. Seb.; Bach, Joh.-Seb.; Bach, Joh. Sebas.; Bach, Johann Seb.; Bach, Joh. Sebast.; Bach, Johann S.; Bach, Iogann Sebastjan; Bach, Jean Sébastien; Bach, Jean-Sébastien; Bach, Johann; Bakh, Iogann Sebastian, Hommage à Frescobaldi
Huit pièces pour orgue
Pièces, Orgel, op. 70
op. 70, Langlais, &#8230;; Langlais, Jean-François, Hommage à Frescobaldi
Huit pièces pour orgue
Pièces, Orgel, op. 70
op. 70, Langlais, &#8230;; Langlais, Jean-François, </p>
