{"id":41488,"date":"2026-04-18T04:00:50","date_gmt":"2026-04-18T02:00:50","guid":{"rendered":"https:\/\/noonsong.de\/veranstaltung\/noonsong-event-2011-09-24\/"},"modified":"2026-04-18T04:00:50","modified_gmt":"2026-04-18T02:00:50","slug":"noonsong-event-2011-09-24","status":"publish","type":"tribe_events","link":"https:\/\/noonsong.de\/en\/event\/noonsong-event-2011-09-24\/","title":{"rendered":"125. NoonSong am 24.09.2011 um 12:00"},"content":{"rendered":"\n<div class=\"wp-block-group is-layout-constrained wp-block-group-is-layout-constrained\">\n\n<h2 class=\"wp-block-heading\">Programme<\/h2>\n\n\n\n<p>\n<strong>Organ prelude<\/strong>: Dietrich Buxtehude (1637-1707): Pr\u00e4ludium und Fuge in G-Dur (BuxWv 147)<br\/><strong>Preces<\/strong>: John Bertalot (1931-2026): Preces &amp; Responses f\u00fcr vierstimmig gemischten Chor a cappella<br\/><strong>Psalm of the day<\/strong>: Psalm 65: Heinrich Sch\u00fctz (1585-1672): Gott, man lobt dich in der Still f\u00fcr vierstimmig gemischten Chor a cappella<br\/><strong>Psalm of the week<\/strong>: Psalm 146: Giovanni Pierluigi da Palestrina (1525-1594): Lauda anima mea f\u00fcr f\u00fcnfstimmig gemischten Chor a cappella<br\/><strong>Responsorium<\/strong>: gregorianisch\n\n<br\/><strong>Canticle<\/strong>: Giovanni Gabrieli (ca. 1554-ca. 1612): Magnificat \u00e0 8 f\u00fcr zwei vierstimmig gemischte Ch\u00f6re a cappella<br\/><strong>Hymn<\/strong>: Johann Sebastian Bach (1685-1750): Von Gott will ich nicht lassen f\u00fcr vierstimmig gemischten Chor a cappella<br\/><strong>Organ postlude<\/strong>: Dietrich Buxtehude (1637-1707): Pr\u00e4ludium und Fuge D-Dur (BuxWV 139)<br\/><strong>Bible reading<\/strong>: 5. Buch Mose 26,1-11<\/p>\n\n\n\n<div style=\"height:30px\" aria-hidden=\"true\" class=\"wp-block-spacer\"><\/div>\n\n\n\n<blockquote class=\"wp-block-quote is-layout-flow wp-block-quote-is-layout-flow\" style=\"font-family:Playfair-Display\">\nLiturgy: 14. Sonntag nach Trinitatis<br>\nPfarrer: Pater Hans-Georg L\u00f6ffler<br>\nOrganist: KMD J\u00f6rg Strodthoff<br>\nLocation: <a href=\"\/kontakt\/#anker-kommen-sie-vorbei\">Kirche am Hohenzollernplatz<\/a>\n<\/blockquote>\n\n<\/div>\n\n<div style=\"height:20px\" aria-hidden=\"true\" class=\"wp-block-spacer\"><\/div>\n\n\n\n<div class=\"wp-block-group is-layout-constrained wp-block-group-is-layout-constrained\">\n\n<h2 class=\"wp-block-heading\">Programme PDF<\/h2>\n\n\n\n\n<p>Read more about this NoonSong in the programme document.<\/p>\n\n\n\n\n<div style=\"height:1em\" aria-hidden=\"true\" class=\"wp-block-spacer\"><\/div>\n\n\n\n<figure class=\"wp-block-image aligncenter is-resized\">\n<a target=\"_blank\" rel=\"noopener noreferrer\" href=\"https:\/\/noonsong.de\/wp-content\/uploads\/2024\/07\/2011-09-24-Liturgie.pdf\">\n<img decoding=\"async\" src=\"https:\/\/noonsong.de\/wp-content\/uploads\/2024\/07\/2011-09-24-Liturgie-pdf.jpg\" alt=\"\" style=\"max-height:45em; max-width:61.8%\" \/>\n<br>\nPDF DOWNLOAD\n<\/a>\n<\/figure>\n\n\n\n<div style=\"height:20px\" aria-hidden=\"true\" class=\"wp-block-spacer\"><\/div>\n\n<\/div>\n\n<div style=\"height:50px\" aria-hidden=\"true\" class=\"wp-block-spacer\"><\/div>\n\n\n\n<p hidden>Buch Deuteronomium 26,1-11, , , , , Sch\u00fctz, Hinrich; Sch\u00fctz, Henricus; Sch\u00fctz, Heinrico; Sch\u00fctz, H.; Sch\u00fctze, Henrich; Sch\u00fctze, Heinrich; Schuetz, Heinrich; Schutz, Heinrich; Schuetz von Pfeilstadt, Henri; Sch\u00fczzius, Heinricus; Sch\u00fczze, Heinrich; Sch\u00fcz, Heinrich; Sch\u00fcz, Henricus; Sch\u00fctzius, Henricus; Sch\u00fctzen, Heinrich; Sch\u00fctzen, Henrich; Sch\u00fctz, Henrich; Sch\u00fctz; Sagittarius, Heinricus; Sagittario, Henrico; Sagittarius, Henricus; Sagittarius, Heinricus,; Sagitarius, Henricus; Saettario, Enrico; \u0160jutc, Genrich, , Palestrina, Giov. Pierluigi da; Palestrina, G. Pierluigi da; Palestrina, G. P. da; Palestrina, G.P. da; Palestrina, Giovanni Pierluigi; Palestrina, Giovanni Pietro; Palestrina, Giovanni Petraloysio; Palestrina, Giovanni L.; Palestrina, Giovanni; Palestrina, G. P.; Palestrina, G.P.; Palestrina, Giovanni da; Palestrina, Giovanno; Palestrina, C. P. da; Palestrina, C.P. da; Palestrina, Jean Pierluigi de; Palestrina, J. P.; Palestrina, J.P.; Palestrina, Joachim; Palestrina, Petrus Aloysius; Palestrina, Petrus A.; Palestrina, Pierluigi da; Palestrina, Pier Luigi; Palestrina, P. L. da; Palestrina, P.L. da; Palestrina; Pal\u00e4strina, G.; Palestrino, Joannes P.; Praenestinius, Ioannes P.; Praenestinius, Joannes Petraloysius; Praenestinus, Joann Petraloysius; Praenestinius, Joannes P.; Praenestino, Joanne Petraloysio; Praenestino, Joanne Petro Aloysio; Praenestino, Joannis P.; Praenestino, Petro Aloysio; Praenestinus, Ioannes P.; Praenestinus, Joannes Petraloysius; Praenestinus, Jo. Petraloysius; Praenestinus, Joannes P.; Praenestinus, Joann. P.; Praenestinus, Joannes Petrus Aloysius; Pr\u00e6nestinus, Ioan. Petraloysius; Pr\u00e6nestinus, Ioannes Aloysius; Pr\u00e6nestinus, Johannes Petrus Aloysius; Prenestino, Giovanni Pierluigi da; Prenestino, Giovanni Pietro Aloysio; Prenestinus, Giovanni P.; Prenestinus, Petrus Aloysius; Pierluigi, Giovanni; Pierluigi da Palestrina, Giovanni; Da Palestrina, Giovanni Pierluigi; Da Palestrina, Pierluigi; DaPalestrina, Giovanni Pierluigi; Giannetto; Sante da Palestrina, Pier Luigi, Sacrae symphoniae\nSacrae symphoniae, liber 1, Gabrielli, Giovanni; Gabrieli, Johannes; Gabrieli, Joan., , Bach; Bach, G. S.; Bach, Iogann Sebast\u02b9jan; Bach, Joh. Sebastian; Bach, Giov. Sebast.; Bach, Jean Sebastien; Bach, Jean Sebastian; Bach, J. Seb.; Bach, Sebastiano; Bach, John Sebastian; Bach, Iogann S.; Bach, Iogann Sebast&#x27;jan; Bach, Iogann Sebastian; Bach, Giovanni Sebastian; Bach, Johan Sebastian; Bach, Joannes Sebastianus; Bach, Giov. Seb.; Bach, Giovanni S.; B\u0101\u1e35, J\u014dh\u0101n Seba\u1e63t\u012b&#x27;\u0101n; Bach, I. S.; Bach, J.-S.; Bach, Giovanni Sebastiano; Bach, Jean-Sebastien; Bach, Sebastian; Bach, Jan Sebastian; Bach, J. S.; Bach, Johann-Sebastian; Bach, Jean S.; Bach, Johannes S.; Bach, Johannes Sebastian; Bach, Joh. Seb.; Bach, Joh.-Seb.; Bach, Joh. Sebas.; Bach, Johann Seb.; Bach, Joh. Sebast.; Bach, Johann S.; Bach, Iogann Sebastjan; Bach, Jean S\u00e9bastien; Bach, Jean-S\u00e9bastien; Bach, Johann; Bakh, Iogann Sebastian, , Buxtehude, &#8230;; Buxtehude, D.; Buxtehude, Diderik; Buxtehude, Diderich; Buxtehude, Dieterich, Pr\u00e4ludien, Orgel, BuxWV 139 (D-Dur)\nPr\u00e4ludien, Org, BuxWV 139\nPr\u00e4ludien, Org (D-Dur)\nPr\u00e4ludien und Fugen, Org, BuxWV 139\nPr\u00e4ludien, Org K 139, Buxtehude, &#8230;; Buxtehude, D.; Buxtehude, Diderik; Buxtehude, Diderich; Buxtehude, Dieterich, <\/p>\n\n","protected":false},"excerpt":{"rendered":"<p style='position:absolute'>&nbsp;<\/p>\n","protected":false},"author":16,"featured_media":18169,"template":"","meta":{"_et_pb_use_builder":"","_et_pb_old_content":"","_et_gb_content_width":"","_tribe_events_status":"","_tribe_events_status_reason":"","footnotes":""},"tags":[205,280,289,135,105,125],"tribe_events_cat":[722,723,711,712,716,717,719,729,708,735,724,720],"class_list":["post-41488","tribe_events","type-tribe_events","status-publish","has-post-thumbnail","hentry","tag-dietrich-buxtehude","tag-giovanni-gabrieli","tag-giovanni-pierluigi-da-palestrina","tag-heinrich-schuetz","tag-johann-sebastian-bach","tag-john-bertalot","tribe_events_cat-20-jahrhundert","tribe_events_cat-barock","tribe_events_cat-berlin","tribe_events_cat-chor","tribe_events_cat-gottesdienst","tribe_events_cat-kirche","tribe_events_cat-konzert","tribe_events_cat-liturgie","tribe_events_cat-noonsong","tribe_events_cat-pdf","tribe_events_cat-renaissance","tribe_events_cat-vokal","cat_20-jahrhundert","cat_barock","cat_berlin","cat_chor","cat_gottesdienst","cat_kirche","cat_konzert","cat_liturgie","cat_noonsong","cat_pdf","cat_renaissance","cat_vokal"],"acf":[],"_links":{"self":[{"href":"https:\/\/noonsong.de\/en\/wp-json\/wp\/v2\/tribe_events\/41488","targetHints":{"allow":["GET"]}}],"collection":[{"href":"https:\/\/noonsong.de\/en\/wp-json\/wp\/v2\/tribe_events"}],"about":[{"href":"https:\/\/noonsong.de\/en\/wp-json\/wp\/v2\/types\/tribe_events"}],"author":[{"embeddable":true,"href":"https:\/\/noonsong.de\/en\/wp-json\/wp\/v2\/users\/16"}],"version-history":[{"count":2,"href":"https:\/\/noonsong.de\/en\/wp-json\/wp\/v2\/tribe_events\/41488\/revisions"}],"predecessor-version":[{"id":58888,"href":"https:\/\/noonsong.de\/en\/wp-json\/wp\/v2\/tribe_events\/41488\/revisions\/58888"}],"wp:featuredmedia":[{"embeddable":true,"href":"https:\/\/noonsong.de\/en\/wp-json\/wp\/v2\/media\/18169"}],"wp:attachment":[{"href":"https:\/\/noonsong.de\/en\/wp-json\/wp\/v2\/media?parent=41488"}],"wp:term":[{"taxonomy":"post_tag","embeddable":true,"href":"https:\/\/noonsong.de\/en\/wp-json\/wp\/v2\/tags?post=41488"},{"taxonomy":"tribe_events_cat","embeddable":true,"href":"https:\/\/noonsong.de\/en\/wp-json\/wp\/v2\/tribe_events_cat?post=41488"}],"curies":[{"name":"wp","href":"https:\/\/api.w.org\/{rel}","templated":true}]}}

<div class="wp-block-group is-layout-constrained wp-block-group-is-layout-constrained">

<h2 class="wp-block-heading">Programme</h2>



<p>
<strong>Organ prelude</strong>: Dietrich Buxtehude (1637-1707): Präludium und Fuge in G-Dur (BuxWv 147)<br/><strong>Preces</strong>: John Bertalot (1931-2026): Preces &amp; Responses für vierstimmig gemischten Chor a cappella<br/><strong>Psalm of the day</strong>: Psalm 65: Heinrich Schütz (1585-1672): Gott, man lobt dich in der Still für vierstimmig gemischten Chor a cappella<br/><strong>Psalm of the week</strong>: Psalm 146: Giovanni Pierluigi da Palestrina (1525-1594): Lauda anima mea für fünfstimmig gemischten Chor a cappella<br/><strong>Responsorium</strong>: gregorianisch

<br/><strong>Canticle</strong>: Giovanni Gabrieli (ca. 1554-ca. 1612): Magnificat à 8 für zwei vierstimmig gemischte Chöre a cappella<br/><strong>Hymn</strong>: Johann Sebastian Bach (1685-1750): Von Gott will ich nicht lassen für vierstimmig gemischten Chor a cappella<br/><strong>Organ postlude</strong>: Dietrich Buxtehude (1637-1707): Präludium und Fuge D-Dur (BuxWV 139)<br/><strong>Bible reading</strong>: 5. Buch Mose 26,1-11</p>



<div style="height:30px" aria-hidden="true" class="wp-block-spacer"></div>



<blockquote class="wp-block-quote is-layout-flow wp-block-quote-is-layout-flow" style="font-family:Playfair-Display">
Liturgy: 14. Sonntag nach Trinitatis<br>
Pfarrer: Pater Hans-Georg Löffler<br>
Organist: KMD Jörg Strodthoff<br>
Location: <a href="/kontakt/#anker-kommen-sie-vorbei">Kirche am Hohenzollernplatz</a>
</blockquote>

</div>

<div style="height:20px" aria-hidden="true" class="wp-block-spacer"></div>



<div class="wp-block-group is-layout-constrained wp-block-group-is-layout-constrained">

<h2 class="wp-block-heading">Programme PDF</h2>




<p>Read more about this NoonSong in the programme document.</p>




<div style="height:1em" aria-hidden="true" class="wp-block-spacer"></div>



<figure class="wp-block-image aligncenter is-resized">
<a target="_blank" rel="noopener noreferrer" href="https://noonsong.de/wp-content/uploads/2024/07/2011-09-24-Liturgie.pdf">
<img decoding="async" src="https://noonsong.de/wp-content/uploads/2024/07/2011-09-24-Liturgie-pdf.jpg" alt="" style="max-height:45em; max-width:61.8%" />
<br>
PDF DOWNLOAD
</a>
</figure>



<div style="height:20px" aria-hidden="true" class="wp-block-spacer"></div>

</div>

<div style="height:50px" aria-hidden="true" class="wp-block-spacer"></div>



<p hidden>Buch Deuteronomium 26,1-11, , , , , Schütz, Hinrich; Schütz, Henricus; Schütz, Heinrico; Schütz, H.; Schütze, Henrich; Schütze, Heinrich; Schuetz, Heinrich; Schutz, Heinrich; Schuetz von Pfeilstadt, Henri; Schüzzius, Heinricus; Schüzze, Heinrich; Schüz, Heinrich; Schüz, Henricus; Schützius, Henricus; Schützen, Heinrich; Schützen, Henrich; Schütz, Henrich; Schütz; Sagittarius, Heinricus; Sagittario, Henrico; Sagittarius, Henricus; Sagittarius, Heinricus,; Sagitarius, Henricus; Saettario, Enrico; Šjutc, Genrich, , Palestrina, Giov. Pierluigi da; Palestrina, G. Pierluigi da; Palestrina, G. P. da; Palestrina, G.P. da; Palestrina, Giovanni Pierluigi; Palestrina, Giovanni Pietro; Palestrina, Giovanni Petraloysio; Palestrina, Giovanni L.; Palestrina, Giovanni; Palestrina, G. P.; Palestrina, G.P.; Palestrina, Giovanni da; Palestrina, Giovanno; Palestrina, C. P. da; Palestrina, C.P. da; Palestrina, Jean Pierluigi de; Palestrina, J. P.; Palestrina, J.P.; Palestrina, Joachim; Palestrina, Petrus Aloysius; Palestrina, Petrus A.; Palestrina, Pierluigi da; Palestrina, Pier Luigi; Palestrina, P. L. da; Palestrina, P.L. da; Palestrina; Palästrina, G.; Palestrino, Joannes P.; Praenestinius, Ioannes P.; Praenestinius, Joannes Petraloysius; Praenestinus, Joann Petraloysius; Praenestinius, Joannes P.; Praenestino, Joanne Petraloysio; Praenestino, Joanne Petro Aloysio; Praenestino, Joannis P.; Praenestino, Petro Aloysio; Praenestinus, Ioannes P.; Praenestinus, Joannes Petraloysius; Praenestinus, Jo. Petraloysius; Praenestinus, Joannes P.; Praenestinus, Joann. P.; Praenestinus, Joannes Petrus Aloysius; Prænestinus, Ioan. Petraloysius; Prænestinus, Ioannes Aloysius; Prænestinus, Johannes Petrus Aloysius; Prenestino, Giovanni Pierluigi da; Prenestino, Giovanni Pietro Aloysio; Prenestinus, Giovanni P.; Prenestinus, Petrus Aloysius; Pierluigi, Giovanni; Pierluigi da Palestrina, Giovanni; Da Palestrina, Giovanni Pierluigi; Da Palestrina, Pierluigi; DaPalestrina, Giovanni Pierluigi; Giannetto; Sante da Palestrina, Pier Luigi, Sacrae symphoniae
Sacrae symphoniae, liber 1, Gabrielli, Giovanni; Gabrieli, Johannes; Gabrieli, Joan., , Bach; Bach, G. S.; Bach, Iogann Sebastʹjan; Bach, Joh. Sebastian; Bach, Giov. Sebast.; Bach, Jean Sebastien; Bach, Jean Sebastian; Bach, J. Seb.; Bach, Sebastiano; Bach, John Sebastian; Bach, Iogann S.; Bach, Iogann Sebast&#x27;jan; Bach, Iogann Sebastian; Bach, Giovanni Sebastian; Bach, Johan Sebastian; Bach, Joannes Sebastianus; Bach, Giov. Seb.; Bach, Giovanni S.; Bāḵ, Jōhān Sebaṣtī&#x27;ān; Bach, I. S.; Bach, J.-S.; Bach, Giovanni Sebastiano; Bach, Jean-Sebastien; Bach, Sebastian; Bach, Jan Sebastian; Bach, J. S.; Bach, Johann-Sebastian; Bach, Jean S.; Bach, Johannes S.; Bach, Johannes Sebastian; Bach, Joh. Seb.; Bach, Joh.-Seb.; Bach, Joh. Sebas.; Bach, Johann Seb.; Bach, Joh. Sebast.; Bach, Johann S.; Bach, Iogann Sebastjan; Bach, Jean Sébastien; Bach, Jean-Sébastien; Bach, Johann; Bakh, Iogann Sebastian, , Buxtehude, &#8230;; Buxtehude, D.; Buxtehude, Diderik; Buxtehude, Diderich; Buxtehude, Dieterich, Präludien, Orgel, BuxWV 139 (D-Dur)
Präludien, Org, BuxWV 139
Präludien, Org (D-Dur)
Präludien und Fugen, Org, BuxWV 139
Präludien, Org K 139, Buxtehude, &#8230;; Buxtehude, D.; Buxtehude, Diderik; Buxtehude, Diderich; Buxtehude, Dieterich, </p>
