{"id":41524,"date":"2025-07-07T21:35:40","date_gmt":"2025-07-07T19:35:40","guid":{"rendered":"https:\/\/noonsong.de\/veranstaltung\/noonsong-event-2022-02-26\/"},"modified":"2025-07-07T21:35:40","modified_gmt":"2025-07-07T19:35:40","slug":"noonsong-event-2022-02-26","status":"publish","type":"tribe_events","link":"https:\/\/noonsong.de\/en\/event\/noonsong-event-2022-02-26\/","title":{"rendered":"571. NoonSong am 26.02.2022 um 12:00"},"content":{"rendered":"\n<div class=\"wp-block-group is-layout-constrained wp-block-group-is-layout-constrained\">\n\n<h2 class=\"wp-block-heading\">Programme<\/h2>\n\n\n\n<p>\n<strong>Organ prelude<\/strong>: Johann Sebastian Bach (1685-1750): Wenn wir in h\u00f6chsten N\u00f6ten sein (BWV 641)<br\/><strong>Preces<\/strong>: Gabriel Jackson (*1962): Preces und Responses f\u00fcr vierstimmig gemischten Chor a cappella<br\/><strong>Psalm of the day<\/strong>: Psalm 128: Giovanni Giacomo Gastoldi (ca.1550-1622): Beati omnes qui timent Dominum f\u00fcr f\u00fcnfstimmig gemischten Chor a cappella<br\/><strong>Psalm of the week<\/strong>: Psalm 31: Otto Nicolai (1810-1849): Herr, auf Dich traue ich f\u00fcr achtstimmigen Chor a cappella<br\/><strong>Responsorium<\/strong>: gregorianisch\n\n<br\/><strong>Canticle<\/strong>: Melchior Franck (1579-1639): Also hat Gott die Welt geliebt f\u00fcr vierstimmig gemischten Chor a cappella<br\/><strong>Hymn<\/strong>: Johann Christoph Bach (1642-1703): Liebe, die du mich zum Bilde f\u00fcr vierstimmig gemischten Chor a cappella<br\/><strong>Organ postlude<\/strong>: Christoph Albrecht (1930-2016): Kleine Choralpartita \u00fcber &quot;Wenn wir in h\u00f6chsten N\u00f6ten sein&quot;<br\/><strong>Bible reading<\/strong>: Evangelium nach Markus 8,31-38<\/p>\n\n\n\n<div style=\"height:30px\" aria-hidden=\"true\" class=\"wp-block-spacer\"><\/div>\n\n\n\n<blockquote class=\"wp-block-quote is-layout-flow wp-block-quote-is-layout-flow\" style=\"font-family:Playfair-Display\">\nLiturgy: Estomihi<br>\nPfarrerin: Anna Kim-Chi Nguyen-Huu<br>\nOrganist: Daniel Clark<br>\nLocation: <a href=\"\/kontakt\/#anker-kommen-sie-vorbei\">Kirche am Hohenzollernplatz<\/a>\n<\/blockquote>\n\n<\/div>\n\n<div style=\"height:20px\" aria-hidden=\"true\" class=\"wp-block-spacer\"><\/div>\n\n\n\n<div class=\"wp-block-group is-layout-constrained wp-block-group-is-layout-constrained\">\n<h2 class=\"wp-block-heading\">Listen<\/h2>\n\n\n\n\n<p>Here you can listen to this NoonSong. If you&#8217;d like to listen to more NoonSongs recordings, please register.<\/p>\n\n<div class=\"um-locked-content\">\n\t<div class=\"um-locked-content-msg\">This content has been restricted to logged-in users only. Please <a href=\"https:\/\/noonsong.de\/en\/login-audio-archive\/?redirect_to=https%3A%2F%2Fnoonsong.de%2Fen%2Fwp-json%2Fwp%2Fv2%2Ftribe_events%2F41524\">log in<\/a> to view this content.<\/div>\n<\/div>\n<\/div>\n\n<div style=\"height:20px\" aria-hidden=\"true\" class=\"wp-block-spacer\"><\/div>\n\n\n\n<div class=\"wp-block-group is-layout-constrained wp-block-group-is-layout-constrained\">\n\n<h2 class=\"wp-block-heading\">Watch<\/h2>\n\n\n\n\n<p>Experience the recorded live-stream of this NoonSong.<\/p>\n\n\n\n\n\n<p>You&#8217;ll find many selected video recordings of NoonSongs and other concerts on our <a href=\"https:\/\/youtube.com\/sirventesberlin\" target=\"_blank\" rel=\"noreferrer noopener\">YouTube channel<\/a>.\n<\/p>\n\n\n\n\n<div style=\"height:1em\" aria-hidden=\"true\" class=\"wp-block-spacer\"><\/div>\n<div class=\"um-locked-content\">\n\t<div class=\"um-locked-content-msg\">This content has been restricted to logged-in users only. Please <a href=\"https:\/\/noonsong.de\/en\/login-audio-archive\/?redirect_to=https%3A%2F%2Fnoonsong.de%2Fen%2Fwp-json%2Fwp%2Fv2%2Ftribe_events%2F41524\">log in<\/a> to view this content.<\/div>\n<\/div>\n\n<div style=\"height:20px\" aria-hidden=\"true\" class=\"wp-block-spacer\"><\/div>\n\n<\/div>\n\n<div style=\"height:20px\" aria-hidden=\"true\" class=\"wp-block-spacer\"><\/div>\n\n\n\n<div class=\"wp-block-group is-layout-constrained wp-block-group-is-layout-constrained\">\n\n<h2 class=\"wp-block-heading\">Programme PDF<\/h2>\n\n\n\n\n<p>Read more about this NoonSong in the programme document.<\/p>\n\n\n\n\n<div style=\"height:1em\" aria-hidden=\"true\" class=\"wp-block-spacer\"><\/div>\n\n\n\n<figure class=\"wp-block-image aligncenter is-resized\">\n<a target=\"_blank\" rel=\"noopener noreferrer\" href=\"https:\/\/noonsong.de\/wp-content\/uploads\/2024\/07\/2022-02-26-Liturgie.pdf\">\n<img decoding=\"async\" src=\"https:\/\/noonsong.de\/wp-content\/uploads\/2024\/07\/2022-02-26-Liturgie-pdf.jpg\" alt=\"\" style=\"max-height:45em; max-width:61.8%\" \/>\n<br>\nPDF DOWNLOAD\n<\/a>\n<\/figure>\n\n\n\n<div style=\"height:20px\" aria-hidden=\"true\" class=\"wp-block-spacer\"><\/div>\n\n<\/div>\n\n<div style=\"height:50px\" aria-hidden=\"true\" class=\"wp-block-spacer\"><\/div>\n\n\n\n<p hidden>, , , , , Gastoldi, Giovanni Giacomo (1582-1609); Gastoldi, G. G.; Gastoldi, Gio. Giacomo; Gastoldi, Giovanni G.; Castoldi, Giovanni; Gastoldi, Johann-Jacobus; Gastoldi, Giacomo; Castoldi, Giovanni Giacomo; Gastoldi, Jean-Jacques; Gastoldi, Johann-Jacobi; Gastoldi, Giovanni; Gastoldi da Caravaggio, Giovanni Giacomo, Der 31. Psalm\nPsalm 31\nHerr, auf dich traue ich\nPsalmen 31, Nicolaj, Ottone; Niccolai, Ottone; Nicolai, O.; Nicolaj, O.; Nicolai, Ottone; Nikolai, Otto; Nicolai, Carl Otto Ehrenfried; Nicolai, Karl Otto Ehrenfried, Gemmulae evangeliorum musicae. Also hat Gott die Welt geliebt\nAlso hat Gott die Welt geliebt\nAm zweiten Pfingsttag\nGemmulae evangeliorum musicae. Nr. 38, Francus, Melchior; Frank, Melchior; Franco, Melchior; Francke, Melchior; Franc, Melchior; Franc, M., , Bach, Johann C.; Bach, Ioh. Christoph, Orgelb\u00fcchlein. Wenn wir in h\u00f6chsten N\u00f6ten sein\nWenn wir in h\u00f6chsten N\u00f6ten sein\nChoralbearbeitungen, BWV 641\nWenn wir in h\u00f6chsten N\u00f6then sein, Bach; Bach, G. S.; Bach, Iogann Sebast\u02b9jan; Bach, Joh. Sebastian; Bach, Giov. Sebast.; Bach, Jean Sebastien; Bach, Jean Sebastian; Bach, J. Seb.; Bach, Sebastiano; Bach, John Sebastian; Bach, Iogann S.; Bach, Iogann Sebast&#x27;jan; Bach, Iogann Sebastian; Bach, Giovanni Sebastian; Bach, Johan Sebastian; Bach, Joannes Sebastianus; Bach, Giov. Seb.; Bach, Giovanni S.; B\u0101\u1e35, J\u014dh\u0101n Seba\u1e63t\u012b&#x27;\u0101n; Bach, I. S.; Bach, J.-S.; Bach, Giovanni Sebastiano; Bach, Jean-Sebastien; Bach, Sebastian; Bach, Jan Sebastian; Bach, J. S.; Bach, Johann-Sebastian; Bach, Jean S.; Bach, Johannes S.; Bach, Johannes Sebastian; Bach, Joh. Seb.; Bach, Joh.-Seb.; Bach, Joh. Sebas.; Bach, Johann Seb.; Bach, Joh. Sebast.; Bach, Johann S.; Bach, Iogann Sebastjan; Bach, Jean S\u00e9bastien; Bach, Jean-S\u00e9bastien; Bach, Johann; Bakh, Iogann Sebastian, Wenn wir in h\u00f6chsten N\u00f6ten sein, , <\/p>\n\n","protected":false},"excerpt":{"rendered":"<p>Sehr vielf\u00e4ltig und abwechslungsreich ist das heutige NoonSong-Programm. Im Zentrum steht die gro\u00dfe achtstimmige Vertonung des 31. Psalms von Otto Nicolai. Berlin spielte in dessen Leben eine herausragende Rolle: hier studierte er, sang in der ber\u00fchmt gewordenen Wiederauff\u00fchrung der Matth\u00e4us-Passion von Bach die Rolle des Jesus und kehrte zwei Jahre vor seinem Tod nach Berlin zur\u00fcck, wo er Dirigent des K\u00f6niglichen Domchores und Kapellmeister der K\u00f6niglichen Oper wurde.<\/p>\n","protected":false},"author":16,"featured_media":4762,"template":"","meta":{"_et_pb_use_builder":"","_et_pb_old_content":"","_et_gb_content_width":"","_tribe_events_status":"","_tribe_events_status_reason":"","footnotes":""},"tags":[550,437,121,396,105,176,310],"tribe_events_cat":[722,741,743,723,711,712,716,717,719,729,708,735,724,725,744,720],"class_list":["post-41524","tribe_events","type-tribe_events","status-publish","has-post-thumbnail","hentry","tag-christoph-albrecht","tag-gabriel-jackson","tag-giovanni-giacomo-gastoldi","tag-johann-christoph-bach","tag-johann-sebastian-bach","tag-melchior-franck","tag-otto-nicolai","tribe_events_cat-20-jahrhundert","tribe_events_cat-21-jahrhundert","tribe_events_cat-audio","tribe_events_cat-barock","tribe_events_cat-berlin","tribe_events_cat-chor","tribe_events_cat-gottesdienst","tribe_events_cat-kirche","tribe_events_cat-konzert","tribe_events_cat-liturgie","tribe_events_cat-noonsong","tribe_events_cat-pdf","tribe_events_cat-renaissance","tribe_events_cat-romantik","tribe_events_cat-video","tribe_events_cat-vokal","cat_20-jahrhundert","cat_21-jahrhundert","cat_audio","cat_barock","cat_berlin","cat_chor","cat_gottesdienst","cat_kirche","cat_konzert","cat_liturgie","cat_noonsong","cat_pdf","cat_renaissance","cat_romantik","cat_video","cat_vokal"],"acf":[],"_links":{"self":[{"href":"https:\/\/noonsong.de\/en\/wp-json\/wp\/v2\/tribe_events\/41524","targetHints":{"allow":["GET"]}}],"collection":[{"href":"https:\/\/noonsong.de\/en\/wp-json\/wp\/v2\/tribe_events"}],"about":[{"href":"https:\/\/noonsong.de\/en\/wp-json\/wp\/v2\/types\/tribe_events"}],"author":[{"embeddable":true,"href":"https:\/\/noonsong.de\/en\/wp-json\/wp\/v2\/users\/16"}],"version-history":[{"count":1,"href":"https:\/\/noonsong.de\/en\/wp-json\/wp\/v2\/tribe_events\/41524\/revisions"}],"predecessor-version":[{"id":56942,"href":"https:\/\/noonsong.de\/en\/wp-json\/wp\/v2\/tribe_events\/41524\/revisions\/56942"}],"wp:featuredmedia":[{"embeddable":true,"href":"https:\/\/noonsong.de\/en\/wp-json\/wp\/v2\/media\/4762"}],"wp:attachment":[{"href":"https:\/\/noonsong.de\/en\/wp-json\/wp\/v2\/media?parent=41524"}],"wp:term":[{"taxonomy":"post_tag","embeddable":true,"href":"https:\/\/noonsong.de\/en\/wp-json\/wp\/v2\/tags?post=41524"},{"taxonomy":"tribe_events_cat","embeddable":true,"href":"https:\/\/noonsong.de\/en\/wp-json\/wp\/v2\/tribe_events_cat?post=41524"}],"curies":[{"name":"wp","href":"https:\/\/api.w.org\/{rel}","templated":true}]}}

<div class="wp-block-group is-layout-constrained wp-block-group-is-layout-constrained">

<h2 class="wp-block-heading">Programme</h2>



<p>
<strong>Organ prelude</strong>: Johann Sebastian Bach (1685-1750): Wenn wir in höchsten Nöten sein (BWV 641)<br/><strong>Preces</strong>: Gabriel Jackson (*1962): Preces und Responses für vierstimmig gemischten Chor a cappella<br/><strong>Psalm of the day</strong>: Psalm 128: Giovanni Giacomo Gastoldi (ca.1550-1622): Beati omnes qui timent Dominum für fünfstimmig gemischten Chor a cappella<br/><strong>Psalm of the week</strong>: Psalm 31: Otto Nicolai (1810-1849): Herr, auf Dich traue ich für achtstimmigen Chor a cappella<br/><strong>Responsorium</strong>: gregorianisch

<br/><strong>Canticle</strong>: Melchior Franck (1579-1639): Also hat Gott die Welt geliebt für vierstimmig gemischten Chor a cappella<br/><strong>Hymn</strong>: Johann Christoph Bach (1642-1703): Liebe, die du mich zum Bilde für vierstimmig gemischten Chor a cappella<br/><strong>Organ postlude</strong>: Christoph Albrecht (1930-2016): Kleine Choralpartita über &quot;Wenn wir in höchsten Nöten sein&quot;<br/><strong>Bible reading</strong>: Evangelium nach Markus 8,31-38</p>



<div style="height:30px" aria-hidden="true" class="wp-block-spacer"></div>



<blockquote class="wp-block-quote is-layout-flow wp-block-quote-is-layout-flow" style="font-family:Playfair-Display">
Liturgy: Estomihi<br>
Pfarrerin: Anna Kim-Chi Nguyen-Huu<br>
Organist: Daniel Clark<br>
Location: <a href="/kontakt/#anker-kommen-sie-vorbei">Kirche am Hohenzollernplatz</a>
</blockquote>

</div>

<div style="height:20px" aria-hidden="true" class="wp-block-spacer"></div>



<div class="wp-block-group is-layout-constrained wp-block-group-is-layout-constrained">
<h2 class="wp-block-heading">Listen</h2>




<p>Here you can listen to this NoonSong. If you&#8217;d like to listen to more NoonSongs recordings, please register.</p>

<div class="um-locked-content">
	<div class="um-locked-content-msg">This content has been restricted to logged-in users only. Please <a href="https://noonsong.de/en/login-audio-archive/?redirect_to=https%3A%2F%2Fnoonsong.de%2Fen%2Fwp-json%2Fwp%2Fv2%2Ftribe_events%2F41524">log in</a> to view this content.</div>
</div>
</div>

<div style="height:20px" aria-hidden="true" class="wp-block-spacer"></div>



<div class="wp-block-group is-layout-constrained wp-block-group-is-layout-constrained">

<h2 class="wp-block-heading">Watch</h2>




<p>Experience the recorded live-stream of this NoonSong.</p>





<p>You&#8217;ll find many selected video recordings of NoonSongs and other concerts on our <a href="https://youtube.com/sirventesberlin" target="_blank" rel="noreferrer noopener">YouTube channel</a>.
</p>




<div style="height:1em" aria-hidden="true" class="wp-block-spacer"></div>
<div class="um-locked-content">
	<div class="um-locked-content-msg">This content has been restricted to logged-in users only. Please <a href="https://noonsong.de/en/login-audio-archive/?redirect_to=https%3A%2F%2Fnoonsong.de%2Fen%2Fwp-json%2Fwp%2Fv2%2Ftribe_events%2F41524">log in</a> to view this content.</div>
</div>

<div style="height:20px" aria-hidden="true" class="wp-block-spacer"></div>

</div>

<div style="height:20px" aria-hidden="true" class="wp-block-spacer"></div>



<div class="wp-block-group is-layout-constrained wp-block-group-is-layout-constrained">

<h2 class="wp-block-heading">Programme PDF</h2>




<p>Read more about this NoonSong in the programme document.</p>




<div style="height:1em" aria-hidden="true" class="wp-block-spacer"></div>



<figure class="wp-block-image aligncenter is-resized">
<a target="_blank" rel="noopener noreferrer" href="https://noonsong.de/wp-content/uploads/2024/07/2022-02-26-Liturgie.pdf">
<img decoding="async" src="https://noonsong.de/wp-content/uploads/2024/07/2022-02-26-Liturgie-pdf.jpg" alt="" style="max-height:45em; max-width:61.8%" />
<br>
PDF DOWNLOAD
</a>
</figure>



<div style="height:20px" aria-hidden="true" class="wp-block-spacer"></div>

</div>

<div style="height:50px" aria-hidden="true" class="wp-block-spacer"></div>



<p hidden>, , , , , Gastoldi, Giovanni Giacomo (1582-1609); Gastoldi, G. G.; Gastoldi, Gio. Giacomo; Gastoldi, Giovanni G.; Castoldi, Giovanni; Gastoldi, Johann-Jacobus; Gastoldi, Giacomo; Castoldi, Giovanni Giacomo; Gastoldi, Jean-Jacques; Gastoldi, Johann-Jacobi; Gastoldi, Giovanni; Gastoldi da Caravaggio, Giovanni Giacomo, Der 31. Psalm
Psalm 31
Herr, auf dich traue ich
Psalmen 31, Nicolaj, Ottone; Niccolai, Ottone; Nicolai, O.; Nicolaj, O.; Nicolai, Ottone; Nikolai, Otto; Nicolai, Carl Otto Ehrenfried; Nicolai, Karl Otto Ehrenfried, Gemmulae evangeliorum musicae. Also hat Gott die Welt geliebt
Also hat Gott die Welt geliebt
Am zweiten Pfingsttag
Gemmulae evangeliorum musicae. Nr. 38, Francus, Melchior; Frank, Melchior; Franco, Melchior; Francke, Melchior; Franc, Melchior; Franc, M., , Bach, Johann C.; Bach, Ioh. Christoph, Orgelbüchlein. Wenn wir in höchsten Nöten sein
Wenn wir in höchsten Nöten sein
Choralbearbeitungen, BWV 641
Wenn wir in höchsten Nöthen sein, Bach; Bach, G. S.; Bach, Iogann Sebastʹjan; Bach, Joh. Sebastian; Bach, Giov. Sebast.; Bach, Jean Sebastien; Bach, Jean Sebastian; Bach, J. Seb.; Bach, Sebastiano; Bach, John Sebastian; Bach, Iogann S.; Bach, Iogann Sebast&#x27;jan; Bach, Iogann Sebastian; Bach, Giovanni Sebastian; Bach, Johan Sebastian; Bach, Joannes Sebastianus; Bach, Giov. Seb.; Bach, Giovanni S.; Bāḵ, Jōhān Sebaṣtī&#x27;ān; Bach, I. S.; Bach, J.-S.; Bach, Giovanni Sebastiano; Bach, Jean-Sebastien; Bach, Sebastian; Bach, Jan Sebastian; Bach, J. S.; Bach, Johann-Sebastian; Bach, Jean S.; Bach, Johannes S.; Bach, Johannes Sebastian; Bach, Joh. Seb.; Bach, Joh.-Seb.; Bach, Joh. Sebas.; Bach, Johann Seb.; Bach, Joh. Sebast.; Bach, Johann S.; Bach, Iogann Sebastjan; Bach, Jean Sébastien; Bach, Jean-Sébastien; Bach, Johann; Bakh, Iogann Sebastian, Wenn wir in höchsten Nöten sein, , </p>

<p>Sehr vielfältig und abwechslungsreich ist das heutige NoonSong-Programm. Im Zentrum steht die große achtstimmige Vertonung des 31. Psalms von Otto Nicolai. Berlin spielte in dessen Leben eine herausragende Rolle: hier studierte er, sang in der berühmt gewordenen Wiederaufführung der Matthäus-Passion von Bach die Rolle des Jesus und kehrte zwei Jahre vor seinem Tod nach Berlin zurück, wo er Dirigent des Königlichen Domchores und Kapellmeister der Königlichen Oper wurde.</p>
