{"id":41547,"date":"2025-07-07T21:43:25","date_gmt":"2025-07-07T19:43:25","guid":{"rendered":"https:\/\/noonsong.de\/veranstaltung\/noonsong-event-2013-01-26\/"},"modified":"2025-07-07T21:43:25","modified_gmt":"2025-07-07T19:43:25","slug":"noonsong-event-2013-01-26","status":"publish","type":"tribe_events","link":"https:\/\/noonsong.de\/en\/event\/noonsong-event-2013-01-26\/","title":{"rendered":"186. NoonSong am 26.01.2013 um 12:00"},"content":{"rendered":"\n<div class=\"wp-block-group is-layout-constrained wp-block-group-is-layout-constrained\">\n\n<h2 class=\"wp-block-heading\">Programme<\/h2>\n\n\n\n<p>\n<strong>Organ prelude<\/strong>: Louis Vierne (1870-1937): Pr\u00e9ambule (op.31)<br\/><strong>Preces<\/strong>: Bernard Rose (1916-1996): Preces &amp; Responses f\u00fcr vierstimmig gemischten Chor a cappella<br\/><strong>Psalm of the day<\/strong>: Psalm 128: Cyrill Kistler (1848-1907): Motette nach Ps. 128 ( op. 42,3) f\u00fcr M\u00e4nnerchor a cappella<br\/><strong>Psalm of the week<\/strong>: Psalm 31: Otto Nicolai (1810-1849): Herr, auf Dich traue ich f\u00fcr achtstimmigen Chor a cappella<br\/><strong>Responsorium<\/strong>: gregorianisch\n\n<br\/><strong>Canticle<\/strong>: Albert Becker (1834-1899): Also hat Gott die Welt geliebt f\u00fcr achtstimmigen Chor a cappella<br\/><strong>Hymn<\/strong>: Michael Praetorius (1571-1621): Es ist das Heil uns kommen her f\u00fcr vierstimmig gemischten Chor a cappella<br\/><strong>Organ postlude<\/strong>: Albert Becker (1834-1899): Pr\u00e4ludium (op.21)<br\/><strong>Bible reading<\/strong>: 1. Buch Mose 6,9-22<\/p>\n\n\n\n<div style=\"height:30px\" aria-hidden=\"true\" class=\"wp-block-spacer\"><\/div>\n\n\n\n<blockquote class=\"wp-block-quote is-layout-flow wp-block-quote-is-layout-flow\" style=\"font-family:Playfair-Display\">\nLiturgy: Septuagesimae<br>\nPfarrerin: Anna Kim-Chi Nguyen-Huu<br>\nOrganist: Mirlan Kasymaliev<br>\nLocation: <a href=\"\/kontakt\/#anker-kommen-sie-vorbei\">Kirche am Hohenzollernplatz<\/a>\n<\/blockquote>\n\n<\/div>\n\n<div style=\"height:20px\" aria-hidden=\"true\" class=\"wp-block-spacer\"><\/div>\n\n\n\n<div class=\"wp-block-group is-layout-constrained wp-block-group-is-layout-constrained\">\n<h2 class=\"wp-block-heading\">Listen<\/h2>\n\n\n\n\n<p>Here you can listen to this NoonSong. If you&#8217;d like to listen to more NoonSongs recordings, please register.<\/p>\n\n<div class=\"um-locked-content\">\n\t<div class=\"um-locked-content-msg\">This content has been restricted to logged-in users only. Please <a href=\"https:\/\/noonsong.de\/en\/login-audio-archive\/?redirect_to=https%3A%2F%2Fnoonsong.de%2Fen%2Fwp-json%2Fwp%2Fv2%2Ftribe_events%2F41547\">log in<\/a> to view this content.<\/div>\n<\/div>\n<\/div>\n\n<div style=\"height:50px\" aria-hidden=\"true\" class=\"wp-block-spacer\"><\/div>\n\n\n\n<p hidden>, , , Rose, Bernard George Williams, , , Der 31. Psalm\nPsalm 31\nHerr, auf dich traue ich\nPsalmen 31, Nicolaj, Ottone; Niccolai, Ottone; Nicolai, O.; Nicolaj, O.; Nicolai, Ottone; Nikolai, Otto; Nicolai, Carl Otto Ehrenfried; Nicolai, Karl Otto Ehrenfried, Liturgische Ges\u00e4nge op. 59. Also hat Gott die Welt geliebt, Becker, Ernst Albert; Becker, Albert Ernst Anton, , Praetorius, M.; Praetorius; Praetorij, Micha\u00eblis; Pr\u00e4torius, Michael; Pr\u00e4torius, Mich.; Schulthei\u00df, Michael; Schultheiss, Michael, , Vierne, Louis, 1870-1937; Vierne, &#8230;; Vierne, Louis V.; Vierne, Louis-Victor-Jules; Vierne, Louis Victor Jules; Vierne, Luis; Vierne, L., Pr\u00e4ludien und Fugen, Org op. 21\nPraeludium (op.21), Becker, Ernst Albert; Becker, Albert Ernst Anton, <\/p>\n\n","protected":false},"excerpt":{"rendered":"<p style='position:absolute'>&nbsp;<\/p>\n","protected":false},"author":16,"featured_media":18697,"template":"","meta":{"_et_pb_use_builder":"","_et_pb_old_content":"","_et_gb_content_width":"","_tribe_events_status":"","_tribe_events_status_reason":"","footnotes":""},"tags":[122,124,502,182,145,310],"tribe_events_cat":[722,743,723,711,712,716,717,719,729,708,724,725,720],"class_list":["post-41547","tribe_events","type-tribe_events","status-publish","has-post-thumbnail","hentry","tag-albert-becker","tag-bernard-rose","tag-cyrill-kistler","tag-louis-vierne","tag-michael-praetorius","tag-otto-nicolai","tribe_events_cat-20-jahrhundert","tribe_events_cat-audio","tribe_events_cat-barock","tribe_events_cat-berlin","tribe_events_cat-chor","tribe_events_cat-gottesdienst","tribe_events_cat-kirche","tribe_events_cat-konzert","tribe_events_cat-liturgie","tribe_events_cat-noonsong","tribe_events_cat-renaissance","tribe_events_cat-romantik","tribe_events_cat-vokal","cat_20-jahrhundert","cat_audio","cat_barock","cat_berlin","cat_chor","cat_gottesdienst","cat_kirche","cat_konzert","cat_liturgie","cat_noonsong","cat_renaissance","cat_romantik","cat_vokal"],"acf":[],"_links":{"self":[{"href":"https:\/\/noonsong.de\/en\/wp-json\/wp\/v2\/tribe_events\/41547","targetHints":{"allow":["GET"]}}],"collection":[{"href":"https:\/\/noonsong.de\/en\/wp-json\/wp\/v2\/tribe_events"}],"about":[{"href":"https:\/\/noonsong.de\/en\/wp-json\/wp\/v2\/types\/tribe_events"}],"author":[{"embeddable":true,"href":"https:\/\/noonsong.de\/en\/wp-json\/wp\/v2\/users\/16"}],"version-history":[{"count":1,"href":"https:\/\/noonsong.de\/en\/wp-json\/wp\/v2\/tribe_events\/41547\/revisions"}],"predecessor-version":[{"id":57455,"href":"https:\/\/noonsong.de\/en\/wp-json\/wp\/v2\/tribe_events\/41547\/revisions\/57455"}],"wp:featuredmedia":[{"embeddable":true,"href":"https:\/\/noonsong.de\/en\/wp-json\/wp\/v2\/media\/18697"}],"wp:attachment":[{"href":"https:\/\/noonsong.de\/en\/wp-json\/wp\/v2\/media?parent=41547"}],"wp:term":[{"taxonomy":"post_tag","embeddable":true,"href":"https:\/\/noonsong.de\/en\/wp-json\/wp\/v2\/tags?post=41547"},{"taxonomy":"tribe_events_cat","embeddable":true,"href":"https:\/\/noonsong.de\/en\/wp-json\/wp\/v2\/tribe_events_cat?post=41547"}],"curies":[{"name":"wp","href":"https:\/\/api.w.org\/{rel}","templated":true}]}}

<div class="wp-block-group is-layout-constrained wp-block-group-is-layout-constrained">

<h2 class="wp-block-heading">Programme</h2>



<p>
<strong>Organ prelude</strong>: Louis Vierne (1870-1937): Préambule (op.31)<br/><strong>Preces</strong>: Bernard Rose (1916-1996): Preces &amp; Responses für vierstimmig gemischten Chor a cappella<br/><strong>Psalm of the day</strong>: Psalm 128: Cyrill Kistler (1848-1907): Motette nach Ps. 128 ( op. 42,3) für Männerchor a cappella<br/><strong>Psalm of the week</strong>: Psalm 31: Otto Nicolai (1810-1849): Herr, auf Dich traue ich für achtstimmigen Chor a cappella<br/><strong>Responsorium</strong>: gregorianisch

<br/><strong>Canticle</strong>: Albert Becker (1834-1899): Also hat Gott die Welt geliebt für achtstimmigen Chor a cappella<br/><strong>Hymn</strong>: Michael Praetorius (1571-1621): Es ist das Heil uns kommen her für vierstimmig gemischten Chor a cappella<br/><strong>Organ postlude</strong>: Albert Becker (1834-1899): Präludium (op.21)<br/><strong>Bible reading</strong>: 1. Buch Mose 6,9-22</p>



<div style="height:30px" aria-hidden="true" class="wp-block-spacer"></div>



<blockquote class="wp-block-quote is-layout-flow wp-block-quote-is-layout-flow" style="font-family:Playfair-Display">
Liturgy: Septuagesimae<br>
Pfarrerin: Anna Kim-Chi Nguyen-Huu<br>
Organist: Mirlan Kasymaliev<br>
Location: <a href="/kontakt/#anker-kommen-sie-vorbei">Kirche am Hohenzollernplatz</a>
</blockquote>

</div>

<div style="height:20px" aria-hidden="true" class="wp-block-spacer"></div>



<div class="wp-block-group is-layout-constrained wp-block-group-is-layout-constrained">
<h2 class="wp-block-heading">Listen</h2>




<p>Here you can listen to this NoonSong. If you&#8217;d like to listen to more NoonSongs recordings, please register.</p>

<div class="um-locked-content">
	<div class="um-locked-content-msg">This content has been restricted to logged-in users only. Please <a href="https://noonsong.de/en/login-audio-archive/?redirect_to=https%3A%2F%2Fnoonsong.de%2Fen%2Fwp-json%2Fwp%2Fv2%2Ftribe_events%2F41547">log in</a> to view this content.</div>
</div>
</div>

<div style="height:50px" aria-hidden="true" class="wp-block-spacer"></div>



<p hidden>, , , Rose, Bernard George Williams, , , Der 31. Psalm
Psalm 31
Herr, auf dich traue ich
Psalmen 31, Nicolaj, Ottone; Niccolai, Ottone; Nicolai, O.; Nicolaj, O.; Nicolai, Ottone; Nikolai, Otto; Nicolai, Carl Otto Ehrenfried; Nicolai, Karl Otto Ehrenfried, Liturgische Gesänge op. 59. Also hat Gott die Welt geliebt, Becker, Ernst Albert; Becker, Albert Ernst Anton, , Praetorius, M.; Praetorius; Praetorij, Michaëlis; Prätorius, Michael; Prätorius, Mich.; Schultheiß, Michael; Schultheiss, Michael, , Vierne, Louis, 1870-1937; Vierne, &#8230;; Vierne, Louis V.; Vierne, Louis-Victor-Jules; Vierne, Louis Victor Jules; Vierne, Luis; Vierne, L., Präludien und Fugen, Org op. 21
Praeludium (op.21), Becker, Ernst Albert; Becker, Albert Ernst Anton, </p>
