{"id":41569,"date":"2025-07-07T21:41:09","date_gmt":"2025-07-07T19:41:09","guid":{"rendered":"https:\/\/noonsong.de\/veranstaltung\/noonsong-event-2021-09-25\/"},"modified":"2025-07-07T21:41:09","modified_gmt":"2025-07-07T19:41:09","slug":"noonsong-event-2021-09-25","status":"publish","type":"tribe_events","link":"https:\/\/noonsong.de\/en\/event\/noonsong-event-2021-09-25\/","title":{"rendered":"551. NoonSong am 25.09.2021 um 12:00"},"content":{"rendered":"\n<div class=\"wp-block-group is-layout-constrained wp-block-group-is-layout-constrained\">\n\n<h2 class=\"wp-block-heading\">Programme<\/h2>\n\n\n\n<p>\n<strong>Organ prelude<\/strong>: John Ebenezer West (1863-1929): Lament in d-Moll<br\/><strong>Preces<\/strong>: Antony Baldwin (*1957): Preces &amp; Responses f\u00fcr vierstimmig gemischten Chor a cappella<br\/><strong>Psalm of the day<\/strong>: Psalm 51: Josef Gabriel Rheinberger (1839-1901): Miserere mei (JWV 11) f\u00fcr zwei vierstimmig gemischte Ch\u00f6re und Continuo<br\/><strong>Psalm of the week<\/strong>: Psalm 138: Francisco Valls (1665-1747): Confitebor tibi f\u00fcr sechsstimmig gemischten Chor und Orgel<br\/><strong>Responsorium<\/strong>: gregorianisch\n\n<br\/><strong>Canticle<\/strong>: Francisco Valls (1665-1747): Magnificat a 6 secundi toni f\u00fcr sechsstimmig gemischten Chor und Basso continuo<br\/><strong>Hymn<\/strong>: Johann Stobaeus (1580-1646): Such, wer da will ein ander Ziel f\u00fcr vierstimmig gemischten Chor a cappella<br\/><strong>Organ postlude<\/strong>: Robert Schumann (1810-1856): Studie As-Dur f\u00fcr Pedalfl\u00fcgel (op.56)<br\/><strong>Bible reading<\/strong>: Evangelium nach Matth\u00e4us 15,21-28<\/p>\n\n\n\n<div style=\"height:30px\" aria-hidden=\"true\" class=\"wp-block-spacer\"><\/div>\n\n\n\n<blockquote class=\"wp-block-quote is-layout-flow wp-block-quote-is-layout-flow\" style=\"font-family:Playfair-Display\">\nLiturgy: 17. Sonntag nach Trinitatis<br>\nPfarrerin: Anna Kim-Chi Nguyen-Huu<br>\nOrganist: Mirlan Kasymaliev<br>\nLocation: <a href=\"\/kontakt\/#anker-kommen-sie-vorbei\">Kirche am Hohenzollernplatz<\/a>\n<\/blockquote>\n\n<\/div>\n\n<div style=\"height:20px\" aria-hidden=\"true\" class=\"wp-block-spacer\"><\/div>\n\n\n\n<div class=\"wp-block-group is-layout-constrained wp-block-group-is-layout-constrained\">\n<h2 class=\"wp-block-heading\">Listen<\/h2>\n\n\n\n\n<p>Here you can listen to this NoonSong. If you&#8217;d like to listen to more NoonSongs recordings, please register.<\/p>\n\n<div class=\"um-locked-content\">\n\t<div class=\"um-locked-content-msg\">This content has been restricted to logged-in users only. Please <a href=\"https:\/\/noonsong.de\/en\/login-audio-archive\/?redirect_to=https%3A%2F%2Fnoonsong.de%2Fen%2Fwp-json%2Fwp%2Fv2%2Ftribe_events%2F41569\">log in<\/a> to view this content.<\/div>\n<\/div>\n<\/div>\n\n<div style=\"height:20px\" aria-hidden=\"true\" class=\"wp-block-spacer\"><\/div>\n\n\n\n<div class=\"wp-block-group is-layout-constrained wp-block-group-is-layout-constrained\">\n\n<h2 class=\"wp-block-heading\">Watch<\/h2>\n\n\n\n\n<p>Experience the recorded live-stream of this NoonSong.<\/p>\n\n\n\n\n\n<p>You&#8217;ll find many selected video recordings of NoonSongs and other concerts on our <a href=\"https:\/\/youtube.com\/sirventesberlin\" target=\"_blank\" rel=\"noreferrer noopener\">YouTube channel<\/a>.\n<\/p>\n\n\n\n\n<div style=\"height:1em\" aria-hidden=\"true\" class=\"wp-block-spacer\"><\/div>\n<div class=\"um-locked-content\">\n\t<div class=\"um-locked-content-msg\">This content has been restricted to logged-in users only. Please <a href=\"https:\/\/noonsong.de\/en\/login-audio-archive\/?redirect_to=https%3A%2F%2Fnoonsong.de%2Fen%2Fwp-json%2Fwp%2Fv2%2Ftribe_events%2F41569\">log in<\/a> to view this content.<\/div>\n<\/div>\n\n<div style=\"height:20px\" aria-hidden=\"true\" class=\"wp-block-spacer\"><\/div>\n\n<\/div>\n\n<div style=\"height:20px\" aria-hidden=\"true\" class=\"wp-block-spacer\"><\/div>\n\n\n\n<div class=\"wp-block-group is-layout-constrained wp-block-group-is-layout-constrained\">\n\n<h2 class=\"wp-block-heading\">Programme PDF<\/h2>\n\n\n\n\n<p>Read more about this NoonSong in the programme document.<\/p>\n\n\n\n\n<div style=\"height:1em\" aria-hidden=\"true\" class=\"wp-block-spacer\"><\/div>\n\n\n\n<figure class=\"wp-block-image aligncenter is-resized\">\n<a target=\"_blank\" rel=\"noopener noreferrer\" href=\"https:\/\/noonsong.de\/wp-content\/uploads\/2024\/07\/2021-09-25-Liturgie.pdf\">\n<img decoding=\"async\" src=\"https:\/\/noonsong.de\/wp-content\/uploads\/2024\/07\/2021-09-25-Liturgie-pdf.jpg\" alt=\"\" style=\"max-height:45em; max-width:61.8%\" \/>\n<br>\nPDF DOWNLOAD\n<\/a>\n<\/figure>\n\n\n\n<div style=\"height:20px\" aria-hidden=\"true\" class=\"wp-block-spacer\"><\/div>\n\n<\/div>\n\n<div style=\"height:50px\" aria-hidden=\"true\" class=\"wp-block-spacer\"><\/div>\n\n\n\n<p hidden>, , , Baldwin, Antony; Baldwin, Anthony; Baldwin, Tony, , Rheinberger, Josef, 1839-1901; Rheinberger, &#8230;; Rheinberger, Gabriel; Rheinberger, Josef von; Rheinberger, Giuseppe; Rheinberger, Gabriel J.; Rheinberger, Joseph Gabriel von; Rheinberger, J.; Rheinberger, J. G.; Rheinberger, Josef G.; Rheinberger, Jos.; Rheinberger, Josef Gabriel; Rheinberger, Gabriel Joseph; Rheinberger, Gabriel Josef; Rheinberger, Joseph von; Rheinberger, Joseph Gabriel; Rheinberger, Joseph G.; Rheinberger, Josef, , Valls, Francesc, , Valls, Francesc, , Stobaeus, Johannes; Stob\u00e4us, Johann; Stoboeus, Johann, , West, J. E.; West, John Ebenezer William; West, John E., Studien, Kl op. 56, 4, Schumann, Robert Kurt; Schumann, Rob.; Schumann, R.; Schuman, Robert; Schuhmann; Schumann, Franz; \u0160uman, Robert Aleksandr; \u0160uman, Robert Aleksander; \u0160uman, Robert; Ekert [Pseudonym]; Schumann; \u0160uman, R.; Schumann, Robert Alexander; Schumann, Roberto; Shuman, Robert, <\/p>\n\n","protected":false},"excerpt":{"rendered":"<p>Zwei Werke erklingen erstmals im NoonSong: das gro\u00dfe, doppelch\u00f6rige &#8220;Miserere&#8221; des Romantikers Rheinberger atmet ganz den Geist der Renaissance. Der katalanische Barock- Komponist Francisco Valls ist selbst in seiner Heimat Barcelona noch weitgehend unentdeckt.In diesem NoonSong erklingen zwei seiner Werke, die sich durch effektvolle Mehrch\u00f6rigkeit und k\u00fchne Harmonik auszeichnen.<\/p>\n","protected":false},"author":16,"featured_media":4596,"template":"","meta":{"_et_pb_use_builder":"","_et_pb_old_content":"","_et_gb_content_width":"","_tribe_events_status":"","_tribe_events_status_reason":"","footnotes":""},"tags":[163,525,356,577,133,156],"tribe_events_cat":[722,743,723,711,712,716,717,719,729,708,735,725,744,720],"class_list":["post-41569","tribe_events","type-tribe_events","status-publish","has-post-thumbnail","hentry","tag-antony-baldwin","tag-francisco-valls","tag-johann-stobaeus","tag-john-ebenezer-west","tag-josef-gabriel-rheinberger","tag-robert-schumann","tribe_events_cat-20-jahrhundert","tribe_events_cat-audio","tribe_events_cat-barock","tribe_events_cat-berlin","tribe_events_cat-chor","tribe_events_cat-gottesdienst","tribe_events_cat-kirche","tribe_events_cat-konzert","tribe_events_cat-liturgie","tribe_events_cat-noonsong","tribe_events_cat-pdf","tribe_events_cat-romantik","tribe_events_cat-video","tribe_events_cat-vokal","cat_20-jahrhundert","cat_audio","cat_barock","cat_berlin","cat_chor","cat_gottesdienst","cat_kirche","cat_konzert","cat_liturgie","cat_noonsong","cat_pdf","cat_romantik","cat_video","cat_vokal"],"acf":[],"_links":{"self":[{"href":"https:\/\/noonsong.de\/en\/wp-json\/wp\/v2\/tribe_events\/41569","targetHints":{"allow":["GET"]}}],"collection":[{"href":"https:\/\/noonsong.de\/en\/wp-json\/wp\/v2\/tribe_events"}],"about":[{"href":"https:\/\/noonsong.de\/en\/wp-json\/wp\/v2\/types\/tribe_events"}],"author":[{"embeddable":true,"href":"https:\/\/noonsong.de\/en\/wp-json\/wp\/v2\/users\/16"}],"version-history":[{"count":1,"href":"https:\/\/noonsong.de\/en\/wp-json\/wp\/v2\/tribe_events\/41569\/revisions"}],"predecessor-version":[{"id":57287,"href":"https:\/\/noonsong.de\/en\/wp-json\/wp\/v2\/tribe_events\/41569\/revisions\/57287"}],"wp:featuredmedia":[{"embeddable":true,"href":"https:\/\/noonsong.de\/en\/wp-json\/wp\/v2\/media\/4596"}],"wp:attachment":[{"href":"https:\/\/noonsong.de\/en\/wp-json\/wp\/v2\/media?parent=41569"}],"wp:term":[{"taxonomy":"post_tag","embeddable":true,"href":"https:\/\/noonsong.de\/en\/wp-json\/wp\/v2\/tags?post=41569"},{"taxonomy":"tribe_events_cat","embeddable":true,"href":"https:\/\/noonsong.de\/en\/wp-json\/wp\/v2\/tribe_events_cat?post=41569"}],"curies":[{"name":"wp","href":"https:\/\/api.w.org\/{rel}","templated":true}]}}

<div class="wp-block-group is-layout-constrained wp-block-group-is-layout-constrained">

<h2 class="wp-block-heading">Programme</h2>



<p>
<strong>Organ prelude</strong>: John Ebenezer West (1863-1929): Lament in d-Moll<br/><strong>Preces</strong>: Antony Baldwin (*1957): Preces &amp; Responses für vierstimmig gemischten Chor a cappella<br/><strong>Psalm of the day</strong>: Psalm 51: Josef Gabriel Rheinberger (1839-1901): Miserere mei (JWV 11) für zwei vierstimmig gemischte Chöre und Continuo<br/><strong>Psalm of the week</strong>: Psalm 138: Francisco Valls (1665-1747): Confitebor tibi für sechsstimmig gemischten Chor und Orgel<br/><strong>Responsorium</strong>: gregorianisch

<br/><strong>Canticle</strong>: Francisco Valls (1665-1747): Magnificat a 6 secundi toni für sechsstimmig gemischten Chor und Basso continuo<br/><strong>Hymn</strong>: Johann Stobaeus (1580-1646): Such, wer da will ein ander Ziel für vierstimmig gemischten Chor a cappella<br/><strong>Organ postlude</strong>: Robert Schumann (1810-1856): Studie As-Dur für Pedalflügel (op.56)<br/><strong>Bible reading</strong>: Evangelium nach Matthäus 15,21-28</p>



<div style="height:30px" aria-hidden="true" class="wp-block-spacer"></div>



<blockquote class="wp-block-quote is-layout-flow wp-block-quote-is-layout-flow" style="font-family:Playfair-Display">
Liturgy: 17. Sonntag nach Trinitatis<br>
Pfarrerin: Anna Kim-Chi Nguyen-Huu<br>
Organist: Mirlan Kasymaliev<br>
Location: <a href="/kontakt/#anker-kommen-sie-vorbei">Kirche am Hohenzollernplatz</a>
</blockquote>

</div>

<div style="height:20px" aria-hidden="true" class="wp-block-spacer"></div>



<div class="wp-block-group is-layout-constrained wp-block-group-is-layout-constrained">
<h2 class="wp-block-heading">Listen</h2>




<p>Here you can listen to this NoonSong. If you&#8217;d like to listen to more NoonSongs recordings, please register.</p>

<div class="um-locked-content">
	<div class="um-locked-content-msg">This content has been restricted to logged-in users only. Please <a href="https://noonsong.de/en/login-audio-archive/?redirect_to=https%3A%2F%2Fnoonsong.de%2Fen%2Fwp-json%2Fwp%2Fv2%2Ftribe_events%2F41569">log in</a> to view this content.</div>
</div>
</div>

<div style="height:20px" aria-hidden="true" class="wp-block-spacer"></div>



<div class="wp-block-group is-layout-constrained wp-block-group-is-layout-constrained">

<h2 class="wp-block-heading">Watch</h2>




<p>Experience the recorded live-stream of this NoonSong.</p>





<p>You&#8217;ll find many selected video recordings of NoonSongs and other concerts on our <a href="https://youtube.com/sirventesberlin" target="_blank" rel="noreferrer noopener">YouTube channel</a>.
</p>




<div style="height:1em" aria-hidden="true" class="wp-block-spacer"></div>
<div class="um-locked-content">
	<div class="um-locked-content-msg">This content has been restricted to logged-in users only. Please <a href="https://noonsong.de/en/login-audio-archive/?redirect_to=https%3A%2F%2Fnoonsong.de%2Fen%2Fwp-json%2Fwp%2Fv2%2Ftribe_events%2F41569">log in</a> to view this content.</div>
</div>

<div style="height:20px" aria-hidden="true" class="wp-block-spacer"></div>

</div>

<div style="height:20px" aria-hidden="true" class="wp-block-spacer"></div>



<div class="wp-block-group is-layout-constrained wp-block-group-is-layout-constrained">

<h2 class="wp-block-heading">Programme PDF</h2>




<p>Read more about this NoonSong in the programme document.</p>




<div style="height:1em" aria-hidden="true" class="wp-block-spacer"></div>



<figure class="wp-block-image aligncenter is-resized">
<a target="_blank" rel="noopener noreferrer" href="https://noonsong.de/wp-content/uploads/2024/07/2021-09-25-Liturgie.pdf">
<img decoding="async" src="https://noonsong.de/wp-content/uploads/2024/07/2021-09-25-Liturgie-pdf.jpg" alt="" style="max-height:45em; max-width:61.8%" />
<br>
PDF DOWNLOAD
</a>
</figure>



<div style="height:20px" aria-hidden="true" class="wp-block-spacer"></div>

</div>

<div style="height:50px" aria-hidden="true" class="wp-block-spacer"></div>



<p hidden>, , , Baldwin, Antony; Baldwin, Anthony; Baldwin, Tony, , Rheinberger, Josef, 1839-1901; Rheinberger, &#8230;; Rheinberger, Gabriel; Rheinberger, Josef von; Rheinberger, Giuseppe; Rheinberger, Gabriel J.; Rheinberger, Joseph Gabriel von; Rheinberger, J.; Rheinberger, J. G.; Rheinberger, Josef G.; Rheinberger, Jos.; Rheinberger, Josef Gabriel; Rheinberger, Gabriel Joseph; Rheinberger, Gabriel Josef; Rheinberger, Joseph von; Rheinberger, Joseph Gabriel; Rheinberger, Joseph G.; Rheinberger, Josef, , Valls, Francesc, , Valls, Francesc, , Stobaeus, Johannes; Stobäus, Johann; Stoboeus, Johann, , West, J. E.; West, John Ebenezer William; West, John E., Studien, Kl op. 56, 4, Schumann, Robert Kurt; Schumann, Rob.; Schumann, R.; Schuman, Robert; Schuhmann; Schumann, Franz; Šuman, Robert Aleksandr; Šuman, Robert Aleksander; Šuman, Robert; Ekert [Pseudonym]; Schumann; Šuman, R.; Schumann, Robert Alexander; Schumann, Roberto; Shuman, Robert, </p>

<p>Zwei Werke erklingen erstmals im NoonSong: das große, doppelchörige &#8220;Miserere&#8221; des Romantikers Rheinberger atmet ganz den Geist der Renaissance. Der katalanische Barock- Komponist Francisco Valls ist selbst in seiner Heimat Barcelona noch weitgehend unentdeckt.In diesem NoonSong erklingen zwei seiner Werke, die sich durch effektvolle Mehrchörigkeit und kühne Harmonik auszeichnen.</p>
