{"id":41596,"date":"2025-07-07T21:39:57","date_gmt":"2025-07-07T19:39:57","guid":{"rendered":"https:\/\/noonsong.de\/veranstaltung\/noonsong-event-2014-11-29\/"},"modified":"2025-07-07T21:39:57","modified_gmt":"2025-07-07T19:39:57","slug":"noonsong-event-2014-11-29","status":"publish","type":"tribe_events","link":"https:\/\/noonsong.de\/en\/event\/noonsong-event-2014-11-29\/","title":{"rendered":"267. NoonSong am 29.11.2014 um 12:00"},"content":{"rendered":"\n<div class=\"wp-block-group is-layout-constrained wp-block-group-is-layout-constrained\">\n\n<h2 class=\"wp-block-heading\">Programme<\/h2>\n\n\n\n<p>\n<strong>Organ prelude<\/strong>: Johann Sebastian Bach (1685-1750): Wachet auf, ruft uns die Stimme (BWV 645), aus den Sch\u00fcbler-Chor\u00e4len<br\/><strong>Preces<\/strong>: Anthony Hunt: Preces &amp; Responses f\u00fcr vierstimmig gemischten Chor a cappella<br\/><strong>Psalm of the day<\/strong>: Psalm 79: Ernst Friedrich Richter (1808-1879): Herr, es sind Heiden in dein Erbe gefallen f\u00fcr vierstimmigen Chor und vier Solostimmen<br\/><strong>Psalm of the week<\/strong>: Psalm 25: Alessandro Scarlatti (1660-1725): Ad te Domine levavi f\u00fcr vierstimmigen Chor<br\/><strong>Responsorium<\/strong>: gregorianisch\n\n<br\/><strong>Canticle<\/strong>: Johannes Eccard (1553-1611): \u00dcbers Gebirg Maria ging f\u00fcr f\u00fcnfstimmig gemischten Chor a cappella<br\/><strong>Hymn<\/strong>: J\u00fcrgen Essl (*1961): Die Nacht ist vorgedrungen f\u00fcr vierstimmig gemischten Chor a cappella<br\/><strong>Organ postlude<\/strong>: Johann Sebastian Bach (1685-1750): Nun komm, der Heiden Heiland (BWV 659)<br\/><strong>Bible reading<\/strong>: Buch Sacharja 9,9-12<\/p>\n\n\n\n<div style=\"height:30px\" aria-hidden=\"true\" class=\"wp-block-spacer\"><\/div>\n\n\n\n<blockquote class=\"wp-block-quote is-layout-flow wp-block-quote-is-layout-flow\" style=\"font-family:Playfair-Display\">\nLiturgy: 1. Sonntag im Advent<br>\nPfarrerin: Claudia W\u00fcstenhagen<br>\nOrganist: Mirlan Kasymaliev<br>\nLocation: <a href=\"\/kontakt\/#anker-kommen-sie-vorbei\">Kirche am Hohenzollernplatz<\/a>\n<\/blockquote>\n\n<\/div>\n\n<div style=\"height:20px\" aria-hidden=\"true\" class=\"wp-block-spacer\"><\/div>\n\n\n\n<div class=\"wp-block-group is-layout-constrained wp-block-group-is-layout-constrained\">\n<h2 class=\"wp-block-heading\">Listen<\/h2>\n\n\n\n\n<p>Here you can listen to this NoonSong. If you&#8217;d like to listen to more NoonSongs recordings, please register.<\/p>\n\n<div class=\"um-locked-content\">\n\t<div class=\"um-locked-content-msg\">This content has been restricted to logged-in users only. Please <a href=\"https:\/\/noonsong.de\/en\/login-audio-archive\/?redirect_to=https%3A%2F%2Fnoonsong.de%2Fen%2Fwp-json%2Fwp%2Fv2%2Ftribe_events%2F41596\">log in<\/a> to view this content.<\/div>\n<\/div>\n<\/div>\n\n<div style=\"height:20px\" aria-hidden=\"true\" class=\"wp-block-spacer\"><\/div>\n\n\n\n<div class=\"wp-block-group is-layout-constrained wp-block-group-is-layout-constrained\">\n\n<h2 class=\"wp-block-heading\">Programme PDF<\/h2>\n\n\n\n\n<p>Read more about this NoonSong in the programme document.<\/p>\n\n\n\n\n<div style=\"height:1em\" aria-hidden=\"true\" class=\"wp-block-spacer\"><\/div>\n\n\n\n<figure class=\"wp-block-image aligncenter is-resized\">\n<a target=\"_blank\" rel=\"noopener noreferrer\" href=\"https:\/\/noonsong.de\/wp-content\/uploads\/2024\/07\/2014-11-29-Liturgie.pdf\">\n<img decoding=\"async\" src=\"https:\/\/noonsong.de\/wp-content\/uploads\/2024\/07\/2014-11-29-Liturgie-pdf.jpg\" alt=\"\" style=\"max-height:45em; max-width:61.8%\" \/>\n<br>\nPDF DOWNLOAD\n<\/a>\n<\/figure>\n\n\n\n<div style=\"height:20px\" aria-hidden=\"true\" class=\"wp-block-spacer\"><\/div>\n\n<\/div>\n\n<div style=\"height:50px\" aria-hidden=\"true\" class=\"wp-block-spacer\"><\/div>\n\n\n\n<p hidden>, , , , Herr, es sind Heiden eingedrungen\nMotetten, op. 40. Herr, es sind Heiden in dein Erbe gefallen\nop. 40, Nr. 3, Richter, Ernst Friedrich Eduard; Richter, E. F.; Richter, E. Fr.; Richter, E. Friedr.; Richter, E. Friedrich; Richter, Ernst F.; Richter, Ernst, , Scarlatti, Pietro Alessandro Gaspare; Scarlatti, Allessandro; Scarlatti, Alesandro; Scarlatti, Pietro A.; Scarlatti, A.; Scarlatti, Pietro Alessandro, \u00dcbers Gebirg Maria geht\n\u00dcber&#x27;s Gebirg&#x27; Maria geht, Eccardus, Johannes aus M\u00fchlhausen; Eccard, Johann; Eccard, Johann.; Eccard, J.; Eccard, Johan; Eccardt, Johannes; Eccardus, Johannes; Eckard, Johann, , , Chor\u00e4le von verschiedener Art &#8230;. Wachet auf, ruft uns die Stimme\nChor\u00e4le von verschiedener Art. Wachet auf, ruft uns die Stimme\nWachet auf, ruft uns die Stimme (Choralbearbeitung), BWV 645\nSch\u00fcbler-Chor\u00e4le, BWV 645\nChor\u00e4le von verschiedener Art &#8230; &lt;Wachet auf, ruft uns die Stimme&gt;\nChor\u00e4le von verschiedener Art BWV 645 &#8211; 650. Wachet auf, ruft uns die Stimme\nSleepers wake, loud sounds the warning, Bach; Bach, G. S.; Bach, Iogann Sebast\u02b9jan; Bach, Joh. Sebastian; Bach, Giov. Sebast.; Bach, Jean Sebastien; Bach, Jean Sebastian; Bach, J. Seb.; Bach, Sebastiano; Bach, John Sebastian; Bach, Iogann S.; Bach, Iogann Sebast&#x27;jan; Bach, Iogann Sebastian; Bach, Giovanni Sebastian; Bach, Johan Sebastian; Bach, Joannes Sebastianus; Bach, Giov. Seb.; Bach, Giovanni S.; B\u0101\u1e35, J\u014dh\u0101n Seba\u1e63t\u012b&#x27;\u0101n; Bach, I. S.; Bach, J.-S.; Bach, Giovanni Sebastiano; Bach, Jean-Sebastien; Bach, Sebastian; Bach, Jan Sebastian; Bach, J. S.; Bach, Johann-Sebastian; Bach, Jean S.; Bach, Johannes S.; Bach, Johannes Sebastian; Bach, Joh. Seb.; Bach, Joh.-Seb.; Bach, Joh. Sebas.; Bach, Johann Seb.; Bach, Joh. Sebast.; Bach, Johann S.; Bach, Iogann Sebastjan; Bach, Jean S\u00e9bastien; Bach, Jean-S\u00e9bastien; Bach, Johann; Bakh, Iogann Sebastian, Choralbearbeitungen verschiedener Art. Nun komm, der Heiden Heiland, BWV 659\nChor\u00e4le der Leipziger Originalhandschrift. Nun komm der Heiden Heiland, BWV 659.2\nNun komm der Heiden Heiland, BWV 659.2\nNun komm, der Heiden Heiland, BWV 659.2\nCome now, Savior of the heathen, BWV 659.2\nCome now, thou Saviour, BWV 659.2\nCome, Redeemer of our race, BWV 659.2\nCome, redeemer, BWV 659.2\nNow comes the gentile&#x27;s Saviour, BWV 659.2\nNow is our Savior come, BWV 659.2\nCome saviour of the gentiles, BWV 659.2\nViens maintenant, sauveur des pa\u00efens, BWV 659.2\nChor\u00e4le von verschiedener Art BWV 651 &#8211; 668. Nun komm&#x27;, der Heiden Heiland BWV 659\nChoralbearbeitungen verschiedener Art &lt;Nun komm, der Heiden Heiland BWV 659&gt;\nNun komm&#x27;, der Heiden Heiland (Choralbearbeitung), BWV 659, Bach; Bach, G. S.; Bach, Iogann Sebast\u02b9jan; Bach, Joh. Sebastian; Bach, Giov. Sebast.; Bach, Jean Sebastien; Bach, Jean Sebastian; Bach, J. Seb.; Bach, Sebastiano; Bach, John Sebastian; Bach, Iogann S.; Bach, Iogann Sebast&#x27;jan; Bach, Iogann Sebastian; Bach, Giovanni Sebastian; Bach, Johan Sebastian; Bach, Joannes Sebastianus; Bach, Giov. Seb.; Bach, Giovanni S.; B\u0101\u1e35, J\u014dh\u0101n Seba\u1e63t\u012b&#x27;\u0101n; Bach, I. S.; Bach, J.-S.; Bach, Giovanni Sebastiano; Bach, Jean-Sebastien; Bach, Sebastian; Bach, Jan Sebastian; Bach, J. S.; Bach, Johann-Sebastian; Bach, Jean S.; Bach, Johannes S.; Bach, Johannes Sebastian; Bach, Joh. Seb.; Bach, Joh.-Seb.; Bach, Joh. Sebas.; Bach, Johann Seb.; Bach, Joh. Sebast.; Bach, Johann S.; Bach, Iogann Sebastjan; Bach, Jean S\u00e9bastien; Bach, Jean-S\u00e9bastien; Bach, Johann; Bakh, Iogann Sebastian, <\/p>\n\n","protected":false},"excerpt":{"rendered":"<p style='position:absolute'>&nbsp;<\/p>\n","protected":false},"author":16,"featured_media":4547,"template":"","meta":{"_et_pb_use_builder":"","_et_pb_old_content":"","_et_gb_content_width":"","_tribe_events_status":"","_tribe_events_status_reason":"","footnotes":""},"tags":[298,277,240,105,296,308],"tribe_events_cat":[722,741,743,723,711,712,716,717,719,729,708,735,724,725,720],"class_list":["post-41596","tribe_events","type-tribe_events","status-publish","has-post-thumbnail","hentry","tag-alessandro-scarlatti","tag-anthony-hunt","tag-ernst-friedrich-richter","tag-johann-sebastian-bach","tag-johannes-eccard","tag-juergen-essl","tribe_events_cat-20-jahrhundert","tribe_events_cat-21-jahrhundert","tribe_events_cat-audio","tribe_events_cat-barock","tribe_events_cat-berlin","tribe_events_cat-chor","tribe_events_cat-gottesdienst","tribe_events_cat-kirche","tribe_events_cat-konzert","tribe_events_cat-liturgie","tribe_events_cat-noonsong","tribe_events_cat-pdf","tribe_events_cat-renaissance","tribe_events_cat-romantik","tribe_events_cat-vokal","cat_20-jahrhundert","cat_21-jahrhundert","cat_audio","cat_barock","cat_berlin","cat_chor","cat_gottesdienst","cat_kirche","cat_konzert","cat_liturgie","cat_noonsong","cat_pdf","cat_renaissance","cat_romantik","cat_vokal"],"acf":[],"_links":{"self":[{"href":"https:\/\/noonsong.de\/en\/wp-json\/wp\/v2\/tribe_events\/41596","targetHints":{"allow":["GET"]}}],"collection":[{"href":"https:\/\/noonsong.de\/en\/wp-json\/wp\/v2\/tribe_events"}],"about":[{"href":"https:\/\/noonsong.de\/en\/wp-json\/wp\/v2\/types\/tribe_events"}],"author":[{"embeddable":true,"href":"https:\/\/noonsong.de\/en\/wp-json\/wp\/v2\/users\/16"}],"version-history":[{"count":1,"href":"https:\/\/noonsong.de\/en\/wp-json\/wp\/v2\/tribe_events\/41596\/revisions"}],"predecessor-version":[{"id":57213,"href":"https:\/\/noonsong.de\/en\/wp-json\/wp\/v2\/tribe_events\/41596\/revisions\/57213"}],"wp:featuredmedia":[{"embeddable":true,"href":"https:\/\/noonsong.de\/en\/wp-json\/wp\/v2\/media\/4547"}],"wp:attachment":[{"href":"https:\/\/noonsong.de\/en\/wp-json\/wp\/v2\/media?parent=41596"}],"wp:term":[{"taxonomy":"post_tag","embeddable":true,"href":"https:\/\/noonsong.de\/en\/wp-json\/wp\/v2\/tags?post=41596"},{"taxonomy":"tribe_events_cat","embeddable":true,"href":"https:\/\/noonsong.de\/en\/wp-json\/wp\/v2\/tribe_events_cat?post=41596"}],"curies":[{"name":"wp","href":"https:\/\/api.w.org\/{rel}","templated":true}]}}

<div class="wp-block-group is-layout-constrained wp-block-group-is-layout-constrained">

<h2 class="wp-block-heading">Programme</h2>



<p>
<strong>Organ prelude</strong>: Johann Sebastian Bach (1685-1750): Wachet auf, ruft uns die Stimme (BWV 645), aus den Schübler-Chorälen<br/><strong>Preces</strong>: Anthony Hunt: Preces &amp; Responses für vierstimmig gemischten Chor a cappella<br/><strong>Psalm of the day</strong>: Psalm 79: Ernst Friedrich Richter (1808-1879): Herr, es sind Heiden in dein Erbe gefallen für vierstimmigen Chor und vier Solostimmen<br/><strong>Psalm of the week</strong>: Psalm 25: Alessandro Scarlatti (1660-1725): Ad te Domine levavi für vierstimmigen Chor<br/><strong>Responsorium</strong>: gregorianisch

<br/><strong>Canticle</strong>: Johannes Eccard (1553-1611): Übers Gebirg Maria ging für fünfstimmig gemischten Chor a cappella<br/><strong>Hymn</strong>: Jürgen Essl (*1961): Die Nacht ist vorgedrungen für vierstimmig gemischten Chor a cappella<br/><strong>Organ postlude</strong>: Johann Sebastian Bach (1685-1750): Nun komm, der Heiden Heiland (BWV 659)<br/><strong>Bible reading</strong>: Buch Sacharja 9,9-12</p>



<div style="height:30px" aria-hidden="true" class="wp-block-spacer"></div>



<blockquote class="wp-block-quote is-layout-flow wp-block-quote-is-layout-flow" style="font-family:Playfair-Display">
Liturgy: 1. Sonntag im Advent<br>
Pfarrerin: Claudia Wüstenhagen<br>
Organist: Mirlan Kasymaliev<br>
Location: <a href="/kontakt/#anker-kommen-sie-vorbei">Kirche am Hohenzollernplatz</a>
</blockquote>

</div>

<div style="height:20px" aria-hidden="true" class="wp-block-spacer"></div>



<div class="wp-block-group is-layout-constrained wp-block-group-is-layout-constrained">
<h2 class="wp-block-heading">Listen</h2>




<p>Here you can listen to this NoonSong. If you&#8217;d like to listen to more NoonSongs recordings, please register.</p>

<div class="um-locked-content">
	<div class="um-locked-content-msg">This content has been restricted to logged-in users only. Please <a href="https://noonsong.de/en/login-audio-archive/?redirect_to=https%3A%2F%2Fnoonsong.de%2Fen%2Fwp-json%2Fwp%2Fv2%2Ftribe_events%2F41596">log in</a> to view this content.</div>
</div>
</div>

<div style="height:20px" aria-hidden="true" class="wp-block-spacer"></div>



<div class="wp-block-group is-layout-constrained wp-block-group-is-layout-constrained">

<h2 class="wp-block-heading">Programme PDF</h2>




<p>Read more about this NoonSong in the programme document.</p>




<div style="height:1em" aria-hidden="true" class="wp-block-spacer"></div>



<figure class="wp-block-image aligncenter is-resized">
<a target="_blank" rel="noopener noreferrer" href="https://noonsong.de/wp-content/uploads/2024/07/2014-11-29-Liturgie.pdf">
<img decoding="async" src="https://noonsong.de/wp-content/uploads/2024/07/2014-11-29-Liturgie-pdf.jpg" alt="" style="max-height:45em; max-width:61.8%" />
<br>
PDF DOWNLOAD
</a>
</figure>



<div style="height:20px" aria-hidden="true" class="wp-block-spacer"></div>

</div>

<div style="height:50px" aria-hidden="true" class="wp-block-spacer"></div>



<p hidden>, , , , Herr, es sind Heiden eingedrungen
Motetten, op. 40. Herr, es sind Heiden in dein Erbe gefallen
op. 40, Nr. 3, Richter, Ernst Friedrich Eduard; Richter, E. F.; Richter, E. Fr.; Richter, E. Friedr.; Richter, E. Friedrich; Richter, Ernst F.; Richter, Ernst, , Scarlatti, Pietro Alessandro Gaspare; Scarlatti, Allessandro; Scarlatti, Alesandro; Scarlatti, Pietro A.; Scarlatti, A.; Scarlatti, Pietro Alessandro, Übers Gebirg Maria geht
Über&#x27;s Gebirg&#x27; Maria geht, Eccardus, Johannes aus Mühlhausen; Eccard, Johann; Eccard, Johann.; Eccard, J.; Eccard, Johan; Eccardt, Johannes; Eccardus, Johannes; Eckard, Johann, , , Choräle von verschiedener Art &#8230;. Wachet auf, ruft uns die Stimme
Choräle von verschiedener Art. Wachet auf, ruft uns die Stimme
Wachet auf, ruft uns die Stimme (Choralbearbeitung), BWV 645
Schübler-Choräle, BWV 645
Choräle von verschiedener Art &#8230; &lt;Wachet auf, ruft uns die Stimme&gt;
Choräle von verschiedener Art BWV 645 &#8211; 650. Wachet auf, ruft uns die Stimme
Sleepers wake, loud sounds the warning, Bach; Bach, G. S.; Bach, Iogann Sebastʹjan; Bach, Joh. Sebastian; Bach, Giov. Sebast.; Bach, Jean Sebastien; Bach, Jean Sebastian; Bach, J. Seb.; Bach, Sebastiano; Bach, John Sebastian; Bach, Iogann S.; Bach, Iogann Sebast&#x27;jan; Bach, Iogann Sebastian; Bach, Giovanni Sebastian; Bach, Johan Sebastian; Bach, Joannes Sebastianus; Bach, Giov. Seb.; Bach, Giovanni S.; Bāḵ, Jōhān Sebaṣtī&#x27;ān; Bach, I. S.; Bach, J.-S.; Bach, Giovanni Sebastiano; Bach, Jean-Sebastien; Bach, Sebastian; Bach, Jan Sebastian; Bach, J. S.; Bach, Johann-Sebastian; Bach, Jean S.; Bach, Johannes S.; Bach, Johannes Sebastian; Bach, Joh. Seb.; Bach, Joh.-Seb.; Bach, Joh. Sebas.; Bach, Johann Seb.; Bach, Joh. Sebast.; Bach, Johann S.; Bach, Iogann Sebastjan; Bach, Jean Sébastien; Bach, Jean-Sébastien; Bach, Johann; Bakh, Iogann Sebastian, Choralbearbeitungen verschiedener Art. Nun komm, der Heiden Heiland, BWV 659
Choräle der Leipziger Originalhandschrift. Nun komm der Heiden Heiland, BWV 659.2
Nun komm der Heiden Heiland, BWV 659.2
Nun komm, der Heiden Heiland, BWV 659.2
Come now, Savior of the heathen, BWV 659.2
Come now, thou Saviour, BWV 659.2
Come, Redeemer of our race, BWV 659.2
Come, redeemer, BWV 659.2
Now comes the gentile&#x27;s Saviour, BWV 659.2
Now is our Savior come, BWV 659.2
Come saviour of the gentiles, BWV 659.2
Viens maintenant, sauveur des païens, BWV 659.2
Choräle von verschiedener Art BWV 651 &#8211; 668. Nun komm&#x27;, der Heiden Heiland BWV 659
Choralbearbeitungen verschiedener Art &lt;Nun komm, der Heiden Heiland BWV 659&gt;
Nun komm&#x27;, der Heiden Heiland (Choralbearbeitung), BWV 659, Bach; Bach, G. S.; Bach, Iogann Sebastʹjan; Bach, Joh. Sebastian; Bach, Giov. Sebast.; Bach, Jean Sebastien; Bach, Jean Sebastian; Bach, J. Seb.; Bach, Sebastiano; Bach, John Sebastian; Bach, Iogann S.; Bach, Iogann Sebast&#x27;jan; Bach, Iogann Sebastian; Bach, Giovanni Sebastian; Bach, Johan Sebastian; Bach, Joannes Sebastianus; Bach, Giov. Seb.; Bach, Giovanni S.; Bāḵ, Jōhān Sebaṣtī&#x27;ān; Bach, I. S.; Bach, J.-S.; Bach, Giovanni Sebastiano; Bach, Jean-Sebastien; Bach, Sebastian; Bach, Jan Sebastian; Bach, J. S.; Bach, Johann-Sebastian; Bach, Jean S.; Bach, Johannes S.; Bach, Johannes Sebastian; Bach, Joh. Seb.; Bach, Joh.-Seb.; Bach, Joh. Sebas.; Bach, Johann Seb.; Bach, Joh. Sebast.; Bach, Johann S.; Bach, Iogann Sebastjan; Bach, Jean Sébastien; Bach, Jean-Sébastien; Bach, Johann; Bakh, Iogann Sebastian, </p>
