{"id":41597,"date":"2025-07-07T21:41:26","date_gmt":"2025-07-07T19:41:26","guid":{"rendered":"https:\/\/noonsong.de\/veranstaltung\/noonsong-event-2017-12-09\/"},"modified":"2025-07-07T21:41:26","modified_gmt":"2025-07-07T19:41:26","slug":"noonsong-event-2017-12-09","status":"publish","type":"tribe_events","link":"https:\/\/noonsong.de\/en\/event\/noonsong-event-2017-12-09\/","title":{"rendered":"401. NoonSong am 09.12.2017 um 12:00"},"content":{"rendered":"\n<div class=\"wp-block-group is-layout-constrained wp-block-group-is-layout-constrained\">\n\n<h2 class=\"wp-block-heading\">Programme<\/h2>\n\n\n\n<p>\n<strong>Organ prelude<\/strong>: Samuel Scheidt (1587-1654): Ricercare \u00fcber den Adventshymnus \u201eVeni redemptor gentium\u201c<br\/><strong>Preces<\/strong>: Anthony Hunt: Preces &amp; Responses f\u00fcr vierstimmig gemischten Chor a cappella<br\/><strong>Psalm of the day<\/strong>: Psalm 79: Jacobus Clemens non Papa (ca. 1510-1555): Domine, ne memineris f\u00fcr vierstimmig gemischten Chor a cappella<br\/><strong>Psalm of the week<\/strong>: Psalm 80: Henry Purcell (1659-1695): O Lord, God of Hosts f\u00fcr achtstimmig gemischten Chor a cappella<br\/><strong>Responsorium<\/strong>: gregorianisch\n\n<br\/><strong>Canticle<\/strong>: Arvo P\u00e4rt (*1935): Magnificat f\u00fcr Sopran-Solo und achtstimmig gemischten Chor<br\/><strong>Hymn<\/strong>: Johannes Brahms (1833-1897): O Heiland, rei\u00df die Himmel auf f\u00fcr vierstimmig gemischten Chor a cappella<br\/><strong>Organ postlude<\/strong>: Johann Sebastian Bach (1685-1750): Nun komm, der Heiden Heiland (BWV 661)<br\/><strong>Bible reading<\/strong>: Buch Haggai 2,1-9<\/p>\n\n\n\n<div style=\"height:30px\" aria-hidden=\"true\" class=\"wp-block-spacer\"><\/div>\n\n\n\n<blockquote class=\"wp-block-quote is-layout-flow wp-block-quote-is-layout-flow\" style=\"font-family:Playfair-Display\">\nLiturgy: 2. Sonntag im Advent<br>\nPfarrerin: Anna Kim-Chi Nguyen-Huu<br>\nOrganist: Ludger Mai<br>\nLocation: <a href=\"\/kontakt\/#anker-kommen-sie-vorbei\">Kirche am Hohenzollernplatz<\/a>\n<\/blockquote>\n\n<\/div>\n\n<div style=\"height:20px\" aria-hidden=\"true\" class=\"wp-block-spacer\"><\/div>\n\n\n\n<div class=\"wp-block-group is-layout-constrained wp-block-group-is-layout-constrained\">\n<h2 class=\"wp-block-heading\">Listen<\/h2>\n\n\n\n\n<p>Here you can listen to this NoonSong. If you&#8217;d like to listen to more NoonSongs recordings, please register.<\/p>\n\n<div class=\"um-locked-content\">\n\t<div class=\"um-locked-content-msg\">This content has been restricted to logged-in users only. Please <a href=\"https:\/\/noonsong.de\/en\/login-audio-archive\/?redirect_to=https%3A%2F%2Fnoonsong.de%2Fen%2Fwp-json%2Fwp%2Fv2%2Ftribe_events%2F41597\">log in<\/a> to view this content.<\/div>\n<\/div>\n<\/div>\n\n<div style=\"height:20px\" aria-hidden=\"true\" class=\"wp-block-spacer\"><\/div>\n\n\n\n<div class=\"wp-block-group is-layout-constrained wp-block-group-is-layout-constrained\">\n\n<h2 class=\"wp-block-heading\">Programme PDF<\/h2>\n\n\n\n\n<p>Read more about this NoonSong in the programme document.<\/p>\n\n\n\n\n<div style=\"height:1em\" aria-hidden=\"true\" class=\"wp-block-spacer\"><\/div>\n\n\n\n<figure class=\"wp-block-image aligncenter is-resized\">\n<a target=\"_blank\" rel=\"noopener noreferrer\" href=\"https:\/\/noonsong.de\/wp-content\/uploads\/2024\/07\/2017-12-09-Liturgie.pdf\">\n<img decoding=\"async\" src=\"https:\/\/noonsong.de\/wp-content\/uploads\/2024\/07\/2017-12-09-Liturgie-pdf.jpg\" alt=\"\" style=\"max-height:45em; max-width:61.8%\" \/>\n<br>\nPDF DOWNLOAD\n<\/a>\n<\/figure>\n\n\n\n<div style=\"height:20px\" aria-hidden=\"true\" class=\"wp-block-spacer\"><\/div>\n\n<\/div>\n\n<div style=\"height:50px\" aria-hidden=\"true\" class=\"wp-block-spacer\"><\/div>\n\n\n\n<p hidden>, , , , , Clemens non Papa, J.; Clemens, Jacob; Clement, Jacques; Clement, Jacobus; Clemens, non papa; Cl\u00e9ment, Jacques; Clemens non papa, Jacobus; Clemens non Papa, Jakobus; Clemens, Jacobus; Clement, Jacob; Clemens, non Papa, O Lord God of hosts\nZ 37, Purcell, Henry; Purcell, &#8230;; Purcel, &#8230;; Purcel, Henry; Purcell, H.; Purcell, Henri; Purcel, Henri, Magnificat (1989), P\u00e4rt, &#8230;; Pjart, Arwo Augustowitsch; Pjart, Arvo A.; Pyart, Arvo; Pjart, Arvo; Pjarts, Arvo; P\u00e4rt, A., Motetten, op. 74. O Heiland, rei\u00df die Himmel auf\nO Heiland, rei\u00df die Himmel auf\nO Heiland, rei\u00df&#x27; die Himmel auf\nO Heiland reiss die Himmel auf\nO Savior, tear open the heavens\nOh Saviour, ope the heav&#x27;nly gates\n\u00d4 Sauveur, ouvre le ciel\nMotetten, op. 74 &lt;O Heiland, rei\u00df die Himmel auf&gt;\nMotetten op. 74. O Heiland, reiss&#x27; die Himmel auf\nop. 74, Nr. 2, Brahms; Brahms-Joachim, Johannes; Brahms, J.; Brahms, Joh.; Brams, Iogannes; Brahms, Johs.; Brams, I.; Marks, G.W., , Scheidt, &#8230;; Scheidt, Sam; Scheit, Samuel; Scheidt, S.; Scheidt, Sam., Choralbearbeitungen verschiedener Art. Nun komm, der Heiden Heiland, BWV 661\nChor\u00e4le der Leipziger Originalhandschrift. Nun komm der Heiden Heiland, BWV 661.2\nNun komm der Heiden Heiland, BWV 661.2\nNun komm, der Heiden Heiland, BWV 661.2\nCome saviour of the gentiles, BWV 661.2\nChor\u00e4le von verschiedener Art. Nun komm, der Heiden Heiland BWV 661\nNun komm&#x27; der Heiden Heiland\nNun komm, der Heiden Heiland\nChor\u00e4le von verschiedener Art BWV 651 &#8211; 668. Nun komm&#x27; der Heiden Heiland BWV 661\nNun komm der Heiden Heiland (in organo pleno) BWV 661, Bach; Bach, G. S.; Bach, Iogann Sebast\u02b9jan; Bach, Joh. Sebastian; Bach, Giov. Sebast.; Bach, Jean Sebastien; Bach, Jean Sebastian; Bach, J. Seb.; Bach, Sebastiano; Bach, John Sebastian; Bach, Iogann S.; Bach, Iogann Sebast&#x27;jan; Bach, Iogann Sebastian; Bach, Giovanni Sebastian; Bach, Johan Sebastian; Bach, Joannes Sebastianus; Bach, Giov. Seb.; Bach, Giovanni S.; B\u0101\u1e35, J\u014dh\u0101n Seba\u1e63t\u012b&#x27;\u0101n; Bach, I. S.; Bach, J.-S.; Bach, Giovanni Sebastiano; Bach, Jean-Sebastien; Bach, Sebastian; Bach, Jan Sebastian; Bach, J. S.; Bach, Johann-Sebastian; Bach, Jean S.; Bach, Johannes S.; Bach, Johannes Sebastian; Bach, Joh. Seb.; Bach, Joh.-Seb.; Bach, Joh. Sebas.; Bach, Johann Seb.; Bach, Joh. Sebast.; Bach, Johann S.; Bach, Iogann Sebastjan; Bach, Jean S\u00e9bastien; Bach, Jean-S\u00e9bastien; Bach, Johann; Bakh, Iogann Sebastian, <\/p>\n\n","protected":false},"excerpt":{"rendered":"<p style='position:absolute'>&nbsp;<\/p>\n","protected":false},"author":16,"featured_media":5089,"template":"","meta":{"_et_pb_use_builder":"","_et_pb_old_content":"","_et_gb_content_width":"","_tribe_events_status":"","_tribe_events_status_reason":"","footnotes":""},"tags":[277,88,170,313,105,147,110],"tribe_events_cat":[722,743,726,723,711,712,716,717,719,729,708,735,724,725,720],"class_list":["post-41597","tribe_events","type-tribe_events","status-publish","has-post-thumbnail","hentry","tag-anthony-hunt","tag-arvo-paert","tag-henry-purcell","tag-jacobus-clemens-non-papa","tag-johann-sebastian-bach","tag-johannes-brahms","tag-samuel-scheidt","tribe_events_cat-20-jahrhundert","tribe_events_cat-audio","tribe_events_cat-avantgarde","tribe_events_cat-barock","tribe_events_cat-berlin","tribe_events_cat-chor","tribe_events_cat-gottesdienst","tribe_events_cat-kirche","tribe_events_cat-konzert","tribe_events_cat-liturgie","tribe_events_cat-noonsong","tribe_events_cat-pdf","tribe_events_cat-renaissance","tribe_events_cat-romantik","tribe_events_cat-vokal","cat_20-jahrhundert","cat_audio","cat_avantgarde","cat_barock","cat_berlin","cat_chor","cat_gottesdienst","cat_kirche","cat_konzert","cat_liturgie","cat_noonsong","cat_pdf","cat_renaissance","cat_romantik","cat_vokal"],"acf":[],"_links":{"self":[{"href":"https:\/\/noonsong.de\/en\/wp-json\/wp\/v2\/tribe_events\/41597","targetHints":{"allow":["GET"]}}],"collection":[{"href":"https:\/\/noonsong.de\/en\/wp-json\/wp\/v2\/tribe_events"}],"about":[{"href":"https:\/\/noonsong.de\/en\/wp-json\/wp\/v2\/types\/tribe_events"}],"author":[{"embeddable":true,"href":"https:\/\/noonsong.de\/en\/wp-json\/wp\/v2\/users\/16"}],"version-history":[{"count":1,"href":"https:\/\/noonsong.de\/en\/wp-json\/wp\/v2\/tribe_events\/41597\/revisions"}],"predecessor-version":[{"id":57309,"href":"https:\/\/noonsong.de\/en\/wp-json\/wp\/v2\/tribe_events\/41597\/revisions\/57309"}],"wp:featuredmedia":[{"embeddable":true,"href":"https:\/\/noonsong.de\/en\/wp-json\/wp\/v2\/media\/5089"}],"wp:attachment":[{"href":"https:\/\/noonsong.de\/en\/wp-json\/wp\/v2\/media?parent=41597"}],"wp:term":[{"taxonomy":"post_tag","embeddable":true,"href":"https:\/\/noonsong.de\/en\/wp-json\/wp\/v2\/tags?post=41597"},{"taxonomy":"tribe_events_cat","embeddable":true,"href":"https:\/\/noonsong.de\/en\/wp-json\/wp\/v2\/tribe_events_cat?post=41597"}],"curies":[{"name":"wp","href":"https:\/\/api.w.org\/{rel}","templated":true}]}}

<div class="wp-block-group is-layout-constrained wp-block-group-is-layout-constrained">

<h2 class="wp-block-heading">Programme</h2>



<p>
<strong>Organ prelude</strong>: Samuel Scheidt (1587-1654): Ricercare über den Adventshymnus „Veni redemptor gentium“<br/><strong>Preces</strong>: Anthony Hunt: Preces &amp; Responses für vierstimmig gemischten Chor a cappella<br/><strong>Psalm of the day</strong>: Psalm 79: Jacobus Clemens non Papa (ca. 1510-1555): Domine, ne memineris für vierstimmig gemischten Chor a cappella<br/><strong>Psalm of the week</strong>: Psalm 80: Henry Purcell (1659-1695): O Lord, God of Hosts für achtstimmig gemischten Chor a cappella<br/><strong>Responsorium</strong>: gregorianisch

<br/><strong>Canticle</strong>: Arvo Pärt (*1935): Magnificat für Sopran-Solo und achtstimmig gemischten Chor<br/><strong>Hymn</strong>: Johannes Brahms (1833-1897): O Heiland, reiß die Himmel auf für vierstimmig gemischten Chor a cappella<br/><strong>Organ postlude</strong>: Johann Sebastian Bach (1685-1750): Nun komm, der Heiden Heiland (BWV 661)<br/><strong>Bible reading</strong>: Buch Haggai 2,1-9</p>



<div style="height:30px" aria-hidden="true" class="wp-block-spacer"></div>



<blockquote class="wp-block-quote is-layout-flow wp-block-quote-is-layout-flow" style="font-family:Playfair-Display">
Liturgy: 2. Sonntag im Advent<br>
Pfarrerin: Anna Kim-Chi Nguyen-Huu<br>
Organist: Ludger Mai<br>
Location: <a href="/kontakt/#anker-kommen-sie-vorbei">Kirche am Hohenzollernplatz</a>
</blockquote>

</div>

<div style="height:20px" aria-hidden="true" class="wp-block-spacer"></div>



<div class="wp-block-group is-layout-constrained wp-block-group-is-layout-constrained">
<h2 class="wp-block-heading">Listen</h2>




<p>Here you can listen to this NoonSong. If you&#8217;d like to listen to more NoonSongs recordings, please register.</p>

<div class="um-locked-content">
	<div class="um-locked-content-msg">This content has been restricted to logged-in users only. Please <a href="https://noonsong.de/en/login-audio-archive/?redirect_to=https%3A%2F%2Fnoonsong.de%2Fen%2Fwp-json%2Fwp%2Fv2%2Ftribe_events%2F41597">log in</a> to view this content.</div>
</div>
</div>

<div style="height:20px" aria-hidden="true" class="wp-block-spacer"></div>



<div class="wp-block-group is-layout-constrained wp-block-group-is-layout-constrained">

<h2 class="wp-block-heading">Programme PDF</h2>




<p>Read more about this NoonSong in the programme document.</p>




<div style="height:1em" aria-hidden="true" class="wp-block-spacer"></div>



<figure class="wp-block-image aligncenter is-resized">
<a target="_blank" rel="noopener noreferrer" href="https://noonsong.de/wp-content/uploads/2024/07/2017-12-09-Liturgie.pdf">
<img decoding="async" src="https://noonsong.de/wp-content/uploads/2024/07/2017-12-09-Liturgie-pdf.jpg" alt="" style="max-height:45em; max-width:61.8%" />
<br>
PDF DOWNLOAD
</a>
</figure>



<div style="height:20px" aria-hidden="true" class="wp-block-spacer"></div>

</div>

<div style="height:50px" aria-hidden="true" class="wp-block-spacer"></div>



<p hidden>, , , , , Clemens non Papa, J.; Clemens, Jacob; Clement, Jacques; Clement, Jacobus; Clemens, non papa; Clément, Jacques; Clemens non papa, Jacobus; Clemens non Papa, Jakobus; Clemens, Jacobus; Clement, Jacob; Clemens, non Papa, O Lord God of hosts
Z 37, Purcell, Henry; Purcell, &#8230;; Purcel, &#8230;; Purcel, Henry; Purcell, H.; Purcell, Henri; Purcel, Henri, Magnificat (1989), Pärt, &#8230;; Pjart, Arwo Augustowitsch; Pjart, Arvo A.; Pyart, Arvo; Pjart, Arvo; Pjarts, Arvo; Pärt, A., Motetten, op. 74. O Heiland, reiß die Himmel auf
O Heiland, reiß die Himmel auf
O Heiland, reiß&#x27; die Himmel auf
O Heiland reiss die Himmel auf
O Savior, tear open the heavens
Oh Saviour, ope the heav&#x27;nly gates
Ô Sauveur, ouvre le ciel
Motetten, op. 74 &lt;O Heiland, reiß die Himmel auf&gt;
Motetten op. 74. O Heiland, reiss&#x27; die Himmel auf
op. 74, Nr. 2, Brahms; Brahms-Joachim, Johannes; Brahms, J.; Brahms, Joh.; Brams, Iogannes; Brahms, Johs.; Brams, I.; Marks, G.W., , Scheidt, &#8230;; Scheidt, Sam; Scheit, Samuel; Scheidt, S.; Scheidt, Sam., Choralbearbeitungen verschiedener Art. Nun komm, der Heiden Heiland, BWV 661
Choräle der Leipziger Originalhandschrift. Nun komm der Heiden Heiland, BWV 661.2
Nun komm der Heiden Heiland, BWV 661.2
Nun komm, der Heiden Heiland, BWV 661.2
Come saviour of the gentiles, BWV 661.2
Choräle von verschiedener Art. Nun komm, der Heiden Heiland BWV 661
Nun komm&#x27; der Heiden Heiland
Nun komm, der Heiden Heiland
Choräle von verschiedener Art BWV 651 &#8211; 668. Nun komm&#x27; der Heiden Heiland BWV 661
Nun komm der Heiden Heiland (in organo pleno) BWV 661, Bach; Bach, G. S.; Bach, Iogann Sebastʹjan; Bach, Joh. Sebastian; Bach, Giov. Sebast.; Bach, Jean Sebastien; Bach, Jean Sebastian; Bach, J. Seb.; Bach, Sebastiano; Bach, John Sebastian; Bach, Iogann S.; Bach, Iogann Sebast&#x27;jan; Bach, Iogann Sebastian; Bach, Giovanni Sebastian; Bach, Johan Sebastian; Bach, Joannes Sebastianus; Bach, Giov. Seb.; Bach, Giovanni S.; Bāḵ, Jōhān Sebaṣtī&#x27;ān; Bach, I. S.; Bach, J.-S.; Bach, Giovanni Sebastiano; Bach, Jean-Sebastien; Bach, Sebastian; Bach, Jan Sebastian; Bach, J. S.; Bach, Johann-Sebastian; Bach, Jean S.; Bach, Johannes S.; Bach, Johannes Sebastian; Bach, Joh. Seb.; Bach, Joh.-Seb.; Bach, Joh. Sebas.; Bach, Johann Seb.; Bach, Joh. Sebast.; Bach, Johann S.; Bach, Iogann Sebastjan; Bach, Jean Sébastien; Bach, Jean-Sébastien; Bach, Johann; Bakh, Iogann Sebastian, </p>
