{"id":41608,"date":"2025-07-07T21:36:52","date_gmt":"2025-07-07T19:36:52","guid":{"rendered":"https:\/\/noonsong.de\/veranstaltung\/noonsong-event-2022-03-05\/"},"modified":"2025-07-07T21:36:52","modified_gmt":"2025-07-07T19:36:52","slug":"noonsong-event-2022-03-05","status":"publish","type":"tribe_events","link":"https:\/\/noonsong.de\/en\/event\/noonsong-event-2022-03-05\/","title":{"rendered":"572. NoonSong am 05.03.2022 um 12:00"},"content":{"rendered":"\n<div class=\"wp-block-group is-layout-constrained wp-block-group-is-layout-constrained\">\n\n<h2 class=\"wp-block-heading\">Programme<\/h2>\n\n\n\n<p>\n<strong>Organ prelude<\/strong>: Johann Sebastian Bach (1685-1750): Contrapunctus 1, aus: Die Kunst der Fuge (BWV 1080)<br\/><strong>Preces<\/strong>: Thomas Morley (1557-1602): Preces &amp; Responses f\u00fcr f\u00fcnfstimmig gemischten Chor a cappella<br\/><strong>Psalm of the day<\/strong>: Psalm 15: von Bruck Arnold (ca. 1480-1554): Herr, wer wird wohnen in Deiner H\u00fctte f\u00fcr vierstimmig gemischten Chor a cappella<br\/><strong>Psalm of the week<\/strong>: Psalm 91: Felix Mendelssohn Bartholdy (1809-1847): Denn er hat seinen Engeln befohlen \u00fcber Dir f\u00fcr achtstimmig gemischten Chor a cappella<br\/><strong>Responsorium<\/strong>: gregorianisch\n\n<br\/><strong>Canticle<\/strong>: Felice Anerio (ca. 1560-1614): Christus factus est f\u00fcr vierstimmig gemischten Chor a cappella<br\/><strong>Hymn<\/strong>: Melchior Vulpius (1570-1615): Ach, bleib mit deiner Gnade f\u00fcr vierstimmig gemischten Chor a cappella<br\/><strong>Organ postlude<\/strong>: Josef Gabriel Rheinberger (1839-1901): Cantil\u00e8ne, aus: Sonate f\u00fcr Orgel Nr. 11 (op. 148)<br\/><strong>Bible reading<\/strong>: Evangelium nach Matth\u00e4us 4,1-11<\/p>\n\n\n\n<div style=\"height:30px\" aria-hidden=\"true\" class=\"wp-block-spacer\"><\/div>\n\n\n\n<blockquote class=\"wp-block-quote is-layout-flow wp-block-quote-is-layout-flow\" style=\"font-family:Playfair-Display\">\nLiturgy: Invokavit<br>\nPfarrer: Dr. Sebastian W. Stork<br>\nOrganist: Vladimir Magalashvili<br>\nLocation: <a href=\"\/kontakt\/#anker-kommen-sie-vorbei\">Kirche am Hohenzollernplatz<\/a>\n<\/blockquote>\n\n<\/div>\n\n<div style=\"height:20px\" aria-hidden=\"true\" class=\"wp-block-spacer\"><\/div>\n\n\n\n<div class=\"wp-block-group is-layout-constrained wp-block-group-is-layout-constrained\">\n<h2 class=\"wp-block-heading\">Listen<\/h2>\n\n\n\n\n<p>Here you can listen to this NoonSong. If you&#8217;d like to listen to more NoonSongs recordings, please register.<\/p>\n\n<div class=\"um-locked-content\">\n\t<div class=\"um-locked-content-msg\">This content has been restricted to logged-in users only. Please <a href=\"https:\/\/noonsong.de\/en\/login-audio-archive\/?redirect_to=https%3A%2F%2Fnoonsong.de%2Fen%2Fwp-json%2Fwp%2Fv2%2Ftribe_events%2F41608\">log in<\/a> to view this content.<\/div>\n<\/div>\n<\/div>\n\n<div style=\"height:20px\" aria-hidden=\"true\" class=\"wp-block-spacer\"><\/div>\n\n\n\n<div class=\"wp-block-group is-layout-constrained wp-block-group-is-layout-constrained\">\n\n<h2 class=\"wp-block-heading\">Watch<\/h2>\n\n\n\n\n<p>Experience the recorded live-stream of this NoonSong.<\/p>\n\n\n\n\n\n<p>You&#8217;ll find many selected video recordings of NoonSongs and other concerts on our <a href=\"https:\/\/youtube.com\/sirventesberlin\" target=\"_blank\" rel=\"noreferrer noopener\">YouTube channel<\/a>.\n<\/p>\n\n\n\n\n<div style=\"height:1em\" aria-hidden=\"true\" class=\"wp-block-spacer\"><\/div>\n<div class=\"um-locked-content\">\n\t<div class=\"um-locked-content-msg\">This content has been restricted to logged-in users only. Please <a href=\"https:\/\/noonsong.de\/en\/login-audio-archive\/?redirect_to=https%3A%2F%2Fnoonsong.de%2Fen%2Fwp-json%2Fwp%2Fv2%2Ftribe_events%2F41608\">log in<\/a> to view this content.<\/div>\n<\/div>\n\n<div style=\"height:20px\" aria-hidden=\"true\" class=\"wp-block-spacer\"><\/div>\n\n<\/div>\n\n<div style=\"height:20px\" aria-hidden=\"true\" class=\"wp-block-spacer\"><\/div>\n\n\n\n<div class=\"wp-block-group is-layout-constrained wp-block-group-is-layout-constrained\">\n\n<h2 class=\"wp-block-heading\">Programme PDF<\/h2>\n\n\n\n\n<p>Read more about this NoonSong in the programme document.<\/p>\n\n\n\n\n<div style=\"height:1em\" aria-hidden=\"true\" class=\"wp-block-spacer\"><\/div>\n\n\n\n<figure class=\"wp-block-image aligncenter is-resized\">\n<a target=\"_blank\" rel=\"noopener noreferrer\" href=\"https:\/\/noonsong.de\/wp-content\/uploads\/2023\/05\/user_upload2022-03-05-Liturgie.pdf\">\n<img decoding=\"async\" src=\"https:\/\/noonsong.de\/wp-content\/uploads\/2023\/05\/user_upload2022-03-05-Liturgie-pdf.jpg\" alt=\"\" style=\"max-height:45em; max-width:61.8%\" \/>\n<br>\nPDF DOWNLOAD\n<\/a>\n<\/figure>\n\n\n\n<div style=\"height:20px\" aria-hidden=\"true\" class=\"wp-block-spacer\"><\/div>\n\n<\/div>\n\n<div style=\"height:50px\" aria-hidden=\"true\" class=\"wp-block-spacer\"><\/div>\n\n\n\n<p hidden>, , , Morlei, Tomaso; Morlei, Thomas, , Arnold, von Bruck; Bruck, Arnold von; Brugk, Arnold von; Prugg, Arnold von; Prugkh, Arnold de; Prigkh, Arnold von; Bruckh, Arnold de; Prug, Arnold de; Pruck, Arnold von; Arnoldus, Brugensis; Pruck, Arnold de; Bruck, Arnold de, Denn er hat seinen Engeln befohlen \u00fcber dir\nPsalm 91\nFor he shall give his angels charge over thee, Mendelssohn-Bartholdy, Felix; Mendelssohn-Bartholdi, Felix; Mendelssohn Bartholdi; Mendelssohn-Bartholdy, Felix; Mendelssohn B., Felix; Mendelssohn Bartholdy, Jakob Ludwig Felix; Mendelssohn-Bartholdy, Jakob Ludwig Felix; Mendelssohn-Bartholdy, Jacob Ludwig Felix; Mendelssohn Bartholdy, Felix Jakob; Mendelssohn, Jakob Ludwig Felix; Mendelssohn Bartholdy, F.; Mendelssohn Bartholdy; Mendelssohn-Bartholdy; Mendelssohn; F.; Mendelson-Bartoldi, Feliks; Mendel\u02b9son-Bartol\u02b9di, Feliks; Mendelsson-Bartholdy, Felix; Mendelsohn-Bartholdy, Felix; Bartholdy, Felix Mendelssohn; Mendelssohn, Felix; Mendelssohn, F.; Mendelssohn-Bartholdy, F.; Mendelssohn Batholdy, Felix; Mendel&#x27;son, Feliks; Mendel&#x27;son, F., Christus factus est, Anerio, J. F.; Anerius, Felix; Anerius, Felicius; Arnerius, Felix, , Volpius, Melchior; Fuchs, Melchior; Vulpius, Melchiorus, Die Kunst der Fuge. Contrapunctus, 1\nContrapunctus, 1 \nContrapunctus, Nr. 1 \nCounterpoint, no. 1 Die Kunst der Fuge &lt;Contrapunctus 1&gt; \nDie Kunst der Fuge, BWV 1080 1\nBWV 1080&#x2f;1, Bach; Bach, G. S.; Bach, Iogann Sebast\u02b9jan; Bach, Joh. Sebastian; Bach, Giov. Sebast.; Bach, Jean Sebastien; Bach, Jean Sebastian; Bach, J. Seb.; Bach, Sebastiano; Bach, John Sebastian; Bach, Iogann S.; Bach, Iogann Sebast&#x27;jan; Bach, Iogann Sebastian; Bach, Giovanni Sebastian; Bach, Johan Sebastian; Bach, Joannes Sebastianus; Bach, Giov. Seb.; Bach, Giovanni S.; B\u0101\u1e35, J\u014dh\u0101n Seba\u1e63t\u012b&#x27;\u0101n; Bach, I. S.; Bach, J.-S.; Bach, Giovanni Sebastiano; Bach, Jean-Sebastien; Bach, Sebastian; Bach, Jan Sebastian; Bach, J. S.; Bach, Johann-Sebastian; Bach, Jean S.; Bach, Johannes S.; Bach, Johannes Sebastian; Bach, Joh. Seb.; Bach, Joh.-Seb.; Bach, Joh. Sebas.; Bach, Johann Seb.; Bach, Joh. Sebast.; Bach, Johann S.; Bach, Iogann Sebastjan; Bach, Jean S\u00e9bastien; Bach, Jean-S\u00e9bastien; Bach, Johann; Bakh, Iogann Sebastian, Sonaten, Org, op. 148. 2. Satz\n\t\nSonaten, Org op. 148. 2. Satz\nSonaten, Org, op. 148 &lt;2. Satz&gt;, Rheinberger, Josef, 1839-1901; Rheinberger, &#8230;; Rheinberger, Gabriel; Rheinberger, Josef von; Rheinberger, Giuseppe; Rheinberger, Gabriel J.; Rheinberger, Joseph Gabriel von; Rheinberger, J.; Rheinberger, J. G.; Rheinberger, Josef G.; Rheinberger, Jos.; Rheinberger, Josef Gabriel; Rheinberger, Gabriel Joseph; Rheinberger, Gabriel Josef; Rheinberger, Joseph von; Rheinberger, Joseph Gabriel; Rheinberger, Joseph G.; Rheinberger, Josef, <\/p>\n\n","protected":false},"excerpt":{"rendered":"<p>Der Weimarer Kantor und Komponist Melchior Vulpius ist fast ausschlie\u00dflich f\u00fcr seine Kirchenlied-Melodien bekannt, die noch heute in evangelischen wie katholischen Gesangb\u00fcchern zu finden sind. Seine hochkomplexen, oft vielstimmigen Motetten werden kaum mehr gesungen, weil sie so gro\u00dfe Herausforderungen an die S\u00e4nger stellen. Erstmals erklingt von ihm im NoonSong die sechsstimmige Psalmvertonung &#8220;Domine quis habitabit&#8221;<\/p>\n","protected":false},"author":16,"featured_media":4649,"template":"","meta":{"_et_pb_use_builder":"","_et_pb_old_content":"","_et_gb_content_width":"","_tribe_events_status":"","_tribe_events_status_reason":"","footnotes":""},"tags":[231,115,105,133,146,157,425],"tribe_events_cat":[743,723,711,712,716,717,719,729,708,735,724,725,744,720],"class_list":["post-41608","tribe_events","type-tribe_events","status-publish","has-post-thumbnail","hentry","tag-felice-anerio","tag-felix-mendelssohn-bartholdy","tag-johann-sebastian-bach","tag-josef-gabriel-rheinberger","tag-melchior-vulpius","tag-thomas-morley","tag-von-bruck-arnold","tribe_events_cat-audio","tribe_events_cat-barock","tribe_events_cat-berlin","tribe_events_cat-chor","tribe_events_cat-gottesdienst","tribe_events_cat-kirche","tribe_events_cat-konzert","tribe_events_cat-liturgie","tribe_events_cat-noonsong","tribe_events_cat-pdf","tribe_events_cat-renaissance","tribe_events_cat-romantik","tribe_events_cat-video","tribe_events_cat-vokal","cat_audio","cat_barock","cat_berlin","cat_chor","cat_gottesdienst","cat_kirche","cat_konzert","cat_liturgie","cat_noonsong","cat_pdf","cat_renaissance","cat_romantik","cat_video","cat_vokal"],"acf":[],"_links":{"self":[{"href":"https:\/\/noonsong.de\/en\/wp-json\/wp\/v2\/tribe_events\/41608","targetHints":{"allow":["GET"]}}],"collection":[{"href":"https:\/\/noonsong.de\/en\/wp-json\/wp\/v2\/tribe_events"}],"about":[{"href":"https:\/\/noonsong.de\/en\/wp-json\/wp\/v2\/types\/tribe_events"}],"author":[{"embeddable":true,"href":"https:\/\/noonsong.de\/en\/wp-json\/wp\/v2\/users\/16"}],"version-history":[{"count":1,"href":"https:\/\/noonsong.de\/en\/wp-json\/wp\/v2\/tribe_events\/41608\/revisions"}],"predecessor-version":[{"id":57025,"href":"https:\/\/noonsong.de\/en\/wp-json\/wp\/v2\/tribe_events\/41608\/revisions\/57025"}],"wp:featuredmedia":[{"embeddable":true,"href":"https:\/\/noonsong.de\/en\/wp-json\/wp\/v2\/media\/4649"}],"wp:attachment":[{"href":"https:\/\/noonsong.de\/en\/wp-json\/wp\/v2\/media?parent=41608"}],"wp:term":[{"taxonomy":"post_tag","embeddable":true,"href":"https:\/\/noonsong.de\/en\/wp-json\/wp\/v2\/tags?post=41608"},{"taxonomy":"tribe_events_cat","embeddable":true,"href":"https:\/\/noonsong.de\/en\/wp-json\/wp\/v2\/tribe_events_cat?post=41608"}],"curies":[{"name":"wp","href":"https:\/\/api.w.org\/{rel}","templated":true}]}}

<div class="wp-block-group is-layout-constrained wp-block-group-is-layout-constrained">

<h2 class="wp-block-heading">Programme</h2>



<p>
<strong>Organ prelude</strong>: Johann Sebastian Bach (1685-1750): Contrapunctus 1, aus: Die Kunst der Fuge (BWV 1080)<br/><strong>Preces</strong>: Thomas Morley (1557-1602): Preces &amp; Responses für fünfstimmig gemischten Chor a cappella<br/><strong>Psalm of the day</strong>: Psalm 15: von Bruck Arnold (ca. 1480-1554): Herr, wer wird wohnen in Deiner Hütte für vierstimmig gemischten Chor a cappella<br/><strong>Psalm of the week</strong>: Psalm 91: Felix Mendelssohn Bartholdy (1809-1847): Denn er hat seinen Engeln befohlen über Dir für achtstimmig gemischten Chor a cappella<br/><strong>Responsorium</strong>: gregorianisch

<br/><strong>Canticle</strong>: Felice Anerio (ca. 1560-1614): Christus factus est für vierstimmig gemischten Chor a cappella<br/><strong>Hymn</strong>: Melchior Vulpius (1570-1615): Ach, bleib mit deiner Gnade für vierstimmig gemischten Chor a cappella<br/><strong>Organ postlude</strong>: Josef Gabriel Rheinberger (1839-1901): Cantilène, aus: Sonate für Orgel Nr. 11 (op. 148)<br/><strong>Bible reading</strong>: Evangelium nach Matthäus 4,1-11</p>



<div style="height:30px" aria-hidden="true" class="wp-block-spacer"></div>



<blockquote class="wp-block-quote is-layout-flow wp-block-quote-is-layout-flow" style="font-family:Playfair-Display">
Liturgy: Invokavit<br>
Pfarrer: Dr. Sebastian W. Stork<br>
Organist: Vladimir Magalashvili<br>
Location: <a href="/kontakt/#anker-kommen-sie-vorbei">Kirche am Hohenzollernplatz</a>
</blockquote>

</div>

<div style="height:20px" aria-hidden="true" class="wp-block-spacer"></div>



<div class="wp-block-group is-layout-constrained wp-block-group-is-layout-constrained">
<h2 class="wp-block-heading">Listen</h2>




<p>Here you can listen to this NoonSong. If you&#8217;d like to listen to more NoonSongs recordings, please register.</p>

<div class="um-locked-content">
	<div class="um-locked-content-msg">This content has been restricted to logged-in users only. Please <a href="https://noonsong.de/en/login-audio-archive/?redirect_to=https%3A%2F%2Fnoonsong.de%2Fen%2Fwp-json%2Fwp%2Fv2%2Ftribe_events%2F41608">log in</a> to view this content.</div>
</div>
</div>

<div style="height:20px" aria-hidden="true" class="wp-block-spacer"></div>



<div class="wp-block-group is-layout-constrained wp-block-group-is-layout-constrained">

<h2 class="wp-block-heading">Watch</h2>




<p>Experience the recorded live-stream of this NoonSong.</p>





<p>You&#8217;ll find many selected video recordings of NoonSongs and other concerts on our <a href="https://youtube.com/sirventesberlin" target="_blank" rel="noreferrer noopener">YouTube channel</a>.
</p>




<div style="height:1em" aria-hidden="true" class="wp-block-spacer"></div>
<div class="um-locked-content">
	<div class="um-locked-content-msg">This content has been restricted to logged-in users only. Please <a href="https://noonsong.de/en/login-audio-archive/?redirect_to=https%3A%2F%2Fnoonsong.de%2Fen%2Fwp-json%2Fwp%2Fv2%2Ftribe_events%2F41608">log in</a> to view this content.</div>
</div>

<div style="height:20px" aria-hidden="true" class="wp-block-spacer"></div>

</div>

<div style="height:20px" aria-hidden="true" class="wp-block-spacer"></div>



<div class="wp-block-group is-layout-constrained wp-block-group-is-layout-constrained">

<h2 class="wp-block-heading">Programme PDF</h2>




<p>Read more about this NoonSong in the programme document.</p>




<div style="height:1em" aria-hidden="true" class="wp-block-spacer"></div>



<figure class="wp-block-image aligncenter is-resized">
<a target="_blank" rel="noopener noreferrer" href="https://noonsong.de/wp-content/uploads/2023/05/user_upload2022-03-05-Liturgie.pdf">
<img decoding="async" src="https://noonsong.de/wp-content/uploads/2023/05/user_upload2022-03-05-Liturgie-pdf.jpg" alt="" style="max-height:45em; max-width:61.8%" />
<br>
PDF DOWNLOAD
</a>
</figure>



<div style="height:20px" aria-hidden="true" class="wp-block-spacer"></div>

</div>

<div style="height:50px" aria-hidden="true" class="wp-block-spacer"></div>



<p hidden>, , , Morlei, Tomaso; Morlei, Thomas, , Arnold, von Bruck; Bruck, Arnold von; Brugk, Arnold von; Prugg, Arnold von; Prugkh, Arnold de; Prigkh, Arnold von; Bruckh, Arnold de; Prug, Arnold de; Pruck, Arnold von; Arnoldus, Brugensis; Pruck, Arnold de; Bruck, Arnold de, Denn er hat seinen Engeln befohlen über dir
Psalm 91
For he shall give his angels charge over thee, Mendelssohn-Bartholdy, Felix; Mendelssohn-Bartholdi, Felix; Mendelssohn Bartholdi; Mendelssohn-Bartholdy, Felix; Mendelssohn B., Felix; Mendelssohn Bartholdy, Jakob Ludwig Felix; Mendelssohn-Bartholdy, Jakob Ludwig Felix; Mendelssohn-Bartholdy, Jacob Ludwig Felix; Mendelssohn Bartholdy, Felix Jakob; Mendelssohn, Jakob Ludwig Felix; Mendelssohn Bartholdy, F.; Mendelssohn Bartholdy; Mendelssohn-Bartholdy; Mendelssohn; F.; Mendelson-Bartoldi, Feliks; Mendelʹson-Bartolʹdi, Feliks; Mendelsson-Bartholdy, Felix; Mendelsohn-Bartholdy, Felix; Bartholdy, Felix Mendelssohn; Mendelssohn, Felix; Mendelssohn, F.; Mendelssohn-Bartholdy, F.; Mendelssohn Batholdy, Felix; Mendel&#x27;son, Feliks; Mendel&#x27;son, F., Christus factus est, Anerio, J. F.; Anerius, Felix; Anerius, Felicius; Arnerius, Felix, , Volpius, Melchior; Fuchs, Melchior; Vulpius, Melchiorus, Die Kunst der Fuge. Contrapunctus, 1
Contrapunctus, 1 
Contrapunctus, Nr. 1 
Counterpoint, no. 1 Die Kunst der Fuge &lt;Contrapunctus 1&gt; 
Die Kunst der Fuge, BWV 1080 1
BWV 1080&#x2f;1, Bach; Bach, G. S.; Bach, Iogann Sebastʹjan; Bach, Joh. Sebastian; Bach, Giov. Sebast.; Bach, Jean Sebastien; Bach, Jean Sebastian; Bach, J. Seb.; Bach, Sebastiano; Bach, John Sebastian; Bach, Iogann S.; Bach, Iogann Sebast&#x27;jan; Bach, Iogann Sebastian; Bach, Giovanni Sebastian; Bach, Johan Sebastian; Bach, Joannes Sebastianus; Bach, Giov. Seb.; Bach, Giovanni S.; Bāḵ, Jōhān Sebaṣtī&#x27;ān; Bach, I. S.; Bach, J.-S.; Bach, Giovanni Sebastiano; Bach, Jean-Sebastien; Bach, Sebastian; Bach, Jan Sebastian; Bach, J. S.; Bach, Johann-Sebastian; Bach, Jean S.; Bach, Johannes S.; Bach, Johannes Sebastian; Bach, Joh. Seb.; Bach, Joh.-Seb.; Bach, Joh. Sebas.; Bach, Johann Seb.; Bach, Joh. Sebast.; Bach, Johann S.; Bach, Iogann Sebastjan; Bach, Jean Sébastien; Bach, Jean-Sébastien; Bach, Johann; Bakh, Iogann Sebastian, Sonaten, Org, op. 148. 2. Satz
	
Sonaten, Org op. 148. 2. Satz
Sonaten, Org, op. 148 &lt;2. Satz&gt;, Rheinberger, Josef, 1839-1901; Rheinberger, &#8230;; Rheinberger, Gabriel; Rheinberger, Josef von; Rheinberger, Giuseppe; Rheinberger, Gabriel J.; Rheinberger, Joseph Gabriel von; Rheinberger, J.; Rheinberger, J. G.; Rheinberger, Josef G.; Rheinberger, Jos.; Rheinberger, Josef Gabriel; Rheinberger, Gabriel Joseph; Rheinberger, Gabriel Josef; Rheinberger, Joseph von; Rheinberger, Joseph Gabriel; Rheinberger, Joseph G.; Rheinberger, Josef, </p>

<p>Der Weimarer Kantor und Komponist Melchior Vulpius ist fast ausschließlich für seine Kirchenlied-Melodien bekannt, die noch heute in evangelischen wie katholischen Gesangbüchern zu finden sind. Seine hochkomplexen, oft vielstimmigen Motetten werden kaum mehr gesungen, weil sie so große Herausforderungen an die Sänger stellen. Erstmals erklingt von ihm im NoonSong die sechsstimmige Psalmvertonung &#8220;Domine quis habitabit&#8221;</p>
