{"id":41610,"date":"2025-07-07T21:42:10","date_gmt":"2025-07-07T19:42:10","guid":{"rendered":"https:\/\/noonsong.de\/veranstaltung\/noonsong-event-2023-02-25\/"},"modified":"2025-07-07T21:42:10","modified_gmt":"2025-07-07T19:42:10","slug":"noonsong-event-2023-02-25","status":"publish","type":"tribe_events","link":"https:\/\/noonsong.de\/en\/event\/noonsong-event-2023-02-25\/","title":{"rendered":"615. NoonSong am 25.02.2023 um 12:00"},"content":{"rendered":"\n<div class=\"wp-block-group is-layout-constrained wp-block-group-is-layout-constrained\">\n\n<h2 class=\"wp-block-heading\">Programme<\/h2>\n\n\n\n<p>\n<strong>Organ prelude<\/strong>: Dietrich Buxtehude (1637-1707): Ein feste Burg ist unser Gott (BuxWV 184)<br\/><strong>Preces<\/strong>: Thomas Tallis (ca. 1505-1585): Preces &amp; Responses f\u00fcr f\u00fcnfstimmig gemischten Chor a cappella<br\/><strong>Psalm of the day<\/strong>: Psalm 38: Louis Bourgeois (ca. 1510-ca. 1560): Las, en ta fureuer f\u00fcr vierstimmig gemischten Chor a cappella<br\/><strong>Psalm of the week<\/strong>: Psalm 91: Michael Haydn (1737-1806): Angelis suis f\u00fcr vierstimmig gemischten Chor a cappella<br\/><strong>Responsorium<\/strong>: gregorianisch\n\n<br\/><strong>Canticle<\/strong>: Melchior Franck (1579-1639): Also hat Gott die Welt geliebt f\u00fcr vierstimmig gemischten Chor a cappella<br\/><strong>Hymn<\/strong>: Melchior Vulpius (1570-1615): Ach, bleib mit deiner Gnade f\u00fcr vierstimmig gemischten Chor a cappella<br\/><strong>Organ postlude<\/strong>: Alexandre Guilmant (1837-1911): Paraphrase (op. 90)<br\/><strong>Bible reading<\/strong>: Evangelium nach Matth\u00e4us 4,1-11<\/p>\n\n\n\n<div style=\"height:30px\" aria-hidden=\"true\" class=\"wp-block-spacer\"><\/div>\n\n\n\n<blockquote class=\"wp-block-quote is-layout-flow wp-block-quote-is-layout-flow\" style=\"font-family:Playfair-Display\">\nLiturgy: Invokavit<br>\nPfarrerin: Claudia W\u00fcstenhagen<br>\nOrganist: Mirlan Kasymaliev<br>\nLocation: <a href=\"\/kontakt\/#anker-kommen-sie-vorbei\">Kirche am Hohenzollernplatz<\/a>\n<\/blockquote>\n\n<\/div>\n\n<div style=\"height:20px\" aria-hidden=\"true\" class=\"wp-block-spacer\"><\/div>\n\n\n\n<div class=\"wp-block-group is-layout-constrained wp-block-group-is-layout-constrained\">\n<h2 class=\"wp-block-heading\">Listen<\/h2>\n\n\n\n\n<p>Here you can listen to this NoonSong. If you&#8217;d like to listen to more NoonSongs recordings, please register.<\/p>\n\n<div class=\"um-locked-content\">\n\t<div class=\"um-locked-content-msg\">This content has been restricted to logged-in users only. Please <a href=\"https:\/\/noonsong.de\/en\/login-audio-archive\/?redirect_to=https%3A%2F%2Fnoonsong.de%2Fen%2Fwp-json%2Fwp%2Fv2%2Ftribe_events%2F41610\">log in<\/a> to view this content.<\/div>\n<\/div>\n<\/div>\n\n<div style=\"height:20px\" aria-hidden=\"true\" class=\"wp-block-spacer\"><\/div>\n\n\n\n<div class=\"wp-block-group is-layout-constrained wp-block-group-is-layout-constrained\">\n\n<h2 class=\"wp-block-heading\">Watch<\/h2>\n\n\n\n\n<p>Experience the recorded live-stream of this NoonSong.<\/p>\n\n\n\n\n\n<p>You&#8217;ll find many selected video recordings of NoonSongs and other concerts on our <a href=\"https:\/\/youtube.com\/sirventesberlin\" target=\"_blank\" rel=\"noreferrer noopener\">YouTube channel<\/a>.\n<\/p>\n\n\n\n\n<div style=\"height:1em\" aria-hidden=\"true\" class=\"wp-block-spacer\"><\/div>\n<div class=\"um-locked-content\">\n\t<div class=\"um-locked-content-msg\">This content has been restricted to logged-in users only. Please <a href=\"https:\/\/noonsong.de\/en\/login-audio-archive\/?redirect_to=https%3A%2F%2Fnoonsong.de%2Fen%2Fwp-json%2Fwp%2Fv2%2Ftribe_events%2F41610\">log in<\/a> to view this content.<\/div>\n<\/div>\n\n<div style=\"height:20px\" aria-hidden=\"true\" class=\"wp-block-spacer\"><\/div>\n\n<\/div>\n\n<div style=\"height:20px\" aria-hidden=\"true\" class=\"wp-block-spacer\"><\/div>\n\n\n\n<div class=\"wp-block-group is-layout-constrained wp-block-group-is-layout-constrained\">\n\n<h2 class=\"wp-block-heading\">Programme PDF<\/h2>\n\n\n\n\n<p>Read more about this NoonSong in the programme document.<\/p>\n\n\n\n\n<div style=\"height:1em\" aria-hidden=\"true\" class=\"wp-block-spacer\"><\/div>\n\n\n\n<figure class=\"wp-block-image aligncenter is-resized\">\n<a target=\"_blank\" rel=\"noopener noreferrer\" href=\"https:\/\/noonsong.de\/wp-content\/uploads\/2023\/05\/user_upload2023-02-25-Liturgie.pdf\">\n<img decoding=\"async\" src=\"https:\/\/noonsong.de\/wp-content\/uploads\/2023\/05\/user_upload2023-02-25-Liturgie-pdf.jpg\" alt=\"\" style=\"max-height:45em; max-width:61.8%\" \/>\n<br>\nPDF DOWNLOAD\n<\/a>\n<\/figure>\n\n\n\n<div style=\"height:20px\" aria-hidden=\"true\" class=\"wp-block-spacer\"><\/div>\n\n<\/div>\n\n<div style=\"height:50px\" aria-hidden=\"true\" class=\"wp-block-spacer\"><\/div>\n\n\n\n<p hidden>, , , Tallys, T.; Tallys, Thomas; Talys, Thomas; Talles, Thomas , , Bourgeois, Loys; Bourgeoys, Loys, Der Herr hat seinen Engeln befohlen, Haydn, Johann Michael; Hayden, Johann Michael; Hayden, Ioannes Michael; Hayden, Johannes Michael; Hayden, M.; Haydn, Michele; Haydn, Johann Michael; Haydn, Giovanni Michael; Haydn, G. M.; Haydn, Michel; Haydn, G. Michael; Haydn, M.; Haydn, Giovanni Michael, Gemmulae evangeliorum musicae. Also hat Gott die Welt geliebt\nAlso hat Gott die Welt geliebt\nAm zweiten Pfingsttag\nGemmulae evangeliorum musicae. Nr. 38, Francus, Melchior; Frank, Melchior; Franco, Melchior; Francke, Melchior; Franc, Melchior; Franc, M., , Volpius, Melchior; Fuchs, Melchior; Vulpius, Melchiorus, Choralbearbeitungen, BuxWV 184 (C-Dur), Buxtehude, &#8230;; Buxtehude, D.; Buxtehude, Diderik; Buxtehude, Diderich; Buxtehude, Dieterich, St\u00fccke, Org op. 90. Paraphrase sur un choeur de Judas Macchab\u00e9e de H\u00e4ndel, Guilmant, F. Alexandre; Guilmant, &#8230;; Guilmant, F\u00e9lix A.; Guilmant, Alexander; Guilmant, F\u00e9lix Alexandre; Guilmant, F\u00e9lix-Alexandre; Guilmant, F. A., <\/p>\n\n","protected":false},"excerpt":{"rendered":"<p>Anglikanische, calvinistische, katholische und protestantische Kirchenmusik treffen in diesem NoonSong aufeinander und zeigt bei aller Unterschiedlichkeit  die innere Verbundenheit der verschiedenen christlichen Denominationen. <\/p>\n","protected":false},"author":16,"featured_media":18869,"template":"","meta":{"_et_pb_use_builder":"","_et_pb_old_content":"","_et_gb_content_width":"","_tribe_events_status":"","_tribe_events_status_reason":"","footnotes":""},"tags":[159,205,411,176,146,271,193],"tribe_events_cat":[743,723,711,712,716,717,727,719,729,708,735,724,725,744,720],"class_list":["post-41610","tribe_events","type-tribe_events","status-publish","has-post-thumbnail","hentry","tag-alexandre-guilmant","tag-dietrich-buxtehude","tag-louis-bourgeois","tag-melchior-franck","tag-melchior-vulpius","tag-michael-haydn","tag-thomas-tallis","tribe_events_cat-audio","tribe_events_cat-barock","tribe_events_cat-berlin","tribe_events_cat-chor","tribe_events_cat-gottesdienst","tribe_events_cat-kirche","tribe_events_cat-klassik","tribe_events_cat-konzert","tribe_events_cat-liturgie","tribe_events_cat-noonsong","tribe_events_cat-pdf","tribe_events_cat-renaissance","tribe_events_cat-romantik","tribe_events_cat-video","tribe_events_cat-vokal","cat_audio","cat_barock","cat_berlin","cat_chor","cat_gottesdienst","cat_kirche","cat_klassik","cat_konzert","cat_liturgie","cat_noonsong","cat_pdf","cat_renaissance","cat_romantik","cat_video","cat_vokal"],"acf":[],"_links":{"self":[{"href":"https:\/\/noonsong.de\/en\/wp-json\/wp\/v2\/tribe_events\/41610","targetHints":{"allow":["GET"]}}],"collection":[{"href":"https:\/\/noonsong.de\/en\/wp-json\/wp\/v2\/tribe_events"}],"about":[{"href":"https:\/\/noonsong.de\/en\/wp-json\/wp\/v2\/types\/tribe_events"}],"author":[{"embeddable":true,"href":"https:\/\/noonsong.de\/en\/wp-json\/wp\/v2\/users\/16"}],"version-history":[{"count":1,"href":"https:\/\/noonsong.de\/en\/wp-json\/wp\/v2\/tribe_events\/41610\/revisions"}],"predecessor-version":[{"id":57357,"href":"https:\/\/noonsong.de\/en\/wp-json\/wp\/v2\/tribe_events\/41610\/revisions\/57357"}],"wp:featuredmedia":[{"embeddable":true,"href":"https:\/\/noonsong.de\/en\/wp-json\/wp\/v2\/media\/18869"}],"wp:attachment":[{"href":"https:\/\/noonsong.de\/en\/wp-json\/wp\/v2\/media?parent=41610"}],"wp:term":[{"taxonomy":"post_tag","embeddable":true,"href":"https:\/\/noonsong.de\/en\/wp-json\/wp\/v2\/tags?post=41610"},{"taxonomy":"tribe_events_cat","embeddable":true,"href":"https:\/\/noonsong.de\/en\/wp-json\/wp\/v2\/tribe_events_cat?post=41610"}],"curies":[{"name":"wp","href":"https:\/\/api.w.org\/{rel}","templated":true}]}}

<div class="wp-block-group is-layout-constrained wp-block-group-is-layout-constrained">

<h2 class="wp-block-heading">Programme</h2>



<p>
<strong>Organ prelude</strong>: Dietrich Buxtehude (1637-1707): Ein feste Burg ist unser Gott (BuxWV 184)<br/><strong>Preces</strong>: Thomas Tallis (ca. 1505-1585): Preces &amp; Responses für fünfstimmig gemischten Chor a cappella<br/><strong>Psalm of the day</strong>: Psalm 38: Louis Bourgeois (ca. 1510-ca. 1560): Las, en ta fureuer für vierstimmig gemischten Chor a cappella<br/><strong>Psalm of the week</strong>: Psalm 91: Michael Haydn (1737-1806): Angelis suis für vierstimmig gemischten Chor a cappella<br/><strong>Responsorium</strong>: gregorianisch

<br/><strong>Canticle</strong>: Melchior Franck (1579-1639): Also hat Gott die Welt geliebt für vierstimmig gemischten Chor a cappella<br/><strong>Hymn</strong>: Melchior Vulpius (1570-1615): Ach, bleib mit deiner Gnade für vierstimmig gemischten Chor a cappella<br/><strong>Organ postlude</strong>: Alexandre Guilmant (1837-1911): Paraphrase (op. 90)<br/><strong>Bible reading</strong>: Evangelium nach Matthäus 4,1-11</p>



<div style="height:30px" aria-hidden="true" class="wp-block-spacer"></div>



<blockquote class="wp-block-quote is-layout-flow wp-block-quote-is-layout-flow" style="font-family:Playfair-Display">
Liturgy: Invokavit<br>
Pfarrerin: Claudia Wüstenhagen<br>
Organist: Mirlan Kasymaliev<br>
Location: <a href="/kontakt/#anker-kommen-sie-vorbei">Kirche am Hohenzollernplatz</a>
</blockquote>

</div>

<div style="height:20px" aria-hidden="true" class="wp-block-spacer"></div>



<div class="wp-block-group is-layout-constrained wp-block-group-is-layout-constrained">
<h2 class="wp-block-heading">Listen</h2>




<p>Here you can listen to this NoonSong. If you&#8217;d like to listen to more NoonSongs recordings, please register.</p>

<div class="um-locked-content">
	<div class="um-locked-content-msg">This content has been restricted to logged-in users only. Please <a href="https://noonsong.de/en/login-audio-archive/?redirect_to=https%3A%2F%2Fnoonsong.de%2Fen%2Fwp-json%2Fwp%2Fv2%2Ftribe_events%2F41610">log in</a> to view this content.</div>
</div>
</div>

<div style="height:20px" aria-hidden="true" class="wp-block-spacer"></div>



<div class="wp-block-group is-layout-constrained wp-block-group-is-layout-constrained">

<h2 class="wp-block-heading">Watch</h2>




<p>Experience the recorded live-stream of this NoonSong.</p>





<p>You&#8217;ll find many selected video recordings of NoonSongs and other concerts on our <a href="https://youtube.com/sirventesberlin" target="_blank" rel="noreferrer noopener">YouTube channel</a>.
</p>




<div style="height:1em" aria-hidden="true" class="wp-block-spacer"></div>
<div class="um-locked-content">
	<div class="um-locked-content-msg">This content has been restricted to logged-in users only. Please <a href="https://noonsong.de/en/login-audio-archive/?redirect_to=https%3A%2F%2Fnoonsong.de%2Fen%2Fwp-json%2Fwp%2Fv2%2Ftribe_events%2F41610">log in</a> to view this content.</div>
</div>

<div style="height:20px" aria-hidden="true" class="wp-block-spacer"></div>

</div>

<div style="height:20px" aria-hidden="true" class="wp-block-spacer"></div>



<div class="wp-block-group is-layout-constrained wp-block-group-is-layout-constrained">

<h2 class="wp-block-heading">Programme PDF</h2>




<p>Read more about this NoonSong in the programme document.</p>




<div style="height:1em" aria-hidden="true" class="wp-block-spacer"></div>



<figure class="wp-block-image aligncenter is-resized">
<a target="_blank" rel="noopener noreferrer" href="https://noonsong.de/wp-content/uploads/2023/05/user_upload2023-02-25-Liturgie.pdf">
<img decoding="async" src="https://noonsong.de/wp-content/uploads/2023/05/user_upload2023-02-25-Liturgie-pdf.jpg" alt="" style="max-height:45em; max-width:61.8%" />
<br>
PDF DOWNLOAD
</a>
</figure>



<div style="height:20px" aria-hidden="true" class="wp-block-spacer"></div>

</div>

<div style="height:50px" aria-hidden="true" class="wp-block-spacer"></div>



<p hidden>, , , Tallys, T.; Tallys, Thomas; Talys, Thomas; Talles, Thomas , , Bourgeois, Loys; Bourgeoys, Loys, Der Herr hat seinen Engeln befohlen, Haydn, Johann Michael; Hayden, Johann Michael; Hayden, Ioannes Michael; Hayden, Johannes Michael; Hayden, M.; Haydn, Michele; Haydn, Johann Michael; Haydn, Giovanni Michael; Haydn, G. M.; Haydn, Michel; Haydn, G. Michael; Haydn, M.; Haydn, Giovanni Michael, Gemmulae evangeliorum musicae. Also hat Gott die Welt geliebt
Also hat Gott die Welt geliebt
Am zweiten Pfingsttag
Gemmulae evangeliorum musicae. Nr. 38, Francus, Melchior; Frank, Melchior; Franco, Melchior; Francke, Melchior; Franc, Melchior; Franc, M., , Volpius, Melchior; Fuchs, Melchior; Vulpius, Melchiorus, Choralbearbeitungen, BuxWV 184 (C-Dur), Buxtehude, &#8230;; Buxtehude, D.; Buxtehude, Diderik; Buxtehude, Diderich; Buxtehude, Dieterich, Stücke, Org op. 90. Paraphrase sur un choeur de Judas Macchabée de Händel, Guilmant, F. Alexandre; Guilmant, &#8230;; Guilmant, Félix A.; Guilmant, Alexander; Guilmant, Félix Alexandre; Guilmant, Félix-Alexandre; Guilmant, F. A., </p>
