{"id":41628,"date":"2025-07-07T21:37:13","date_gmt":"2025-07-07T19:37:13","guid":{"rendered":"https:\/\/noonsong.de\/veranstaltung\/noonsong-event-2022-11-19\/"},"modified":"2025-07-07T21:37:13","modified_gmt":"2025-07-07T19:37:13","slug":"noonsong-event-2022-11-19","status":"publish","type":"tribe_events","link":"https:\/\/noonsong.de\/en\/event\/noonsong-event-2022-11-19\/","title":{"rendered":"603. NoonSong am 19.11.2022 um 12:00"},"content":{"rendered":"\n<div class=\"wp-block-group is-layout-constrained wp-block-group-is-layout-constrained\">\n\n<h2 class=\"wp-block-heading\">Programme<\/h2>\n\n\n\n<p>\n<strong>Organ prelude<\/strong>: Jack Day (*1979): Improvisation<br\/><strong>Preces<\/strong>: Bernard Rose (1916-1996): Preces &amp; Responses f\u00fcr vierstimmig gemischten Chor a cappella<br\/><strong>Psalm of the day<\/strong>: Psalm 77: Giovanni Croce (1557-1609): Voce mea f\u00fcr vierstimmig gemischten Chor a cappella<br\/><strong>Psalm of the week<\/strong>: Psalm 126: Johann Hermann Schein (1586-1630): Die mit Tr\u00e4nen s\u00e4en f\u00fcr f\u00fcnfstimmig gemischten Chor a cappella<br\/><strong>Responsorium<\/strong>: gregorianisch\n\n<br\/><strong>Canticle<\/strong>: Melchior Franck (1579-1639): Ist Gott f\u00fcr uns f\u00fcr vierstimmig gemischten Chor a cappella<br\/><strong>Hymn<\/strong>: Johann Sebastian Bach (1685-1750): Wachet auf, ruft uns die Stimme (BWV 140,7) f\u00fcr vierstimmig gemischten Chor a cappella<br\/><strong>Organ postlude<\/strong>: Jack Day (*1979): Improvisation<br\/><strong>Bible reading<\/strong>: Evangelium nach Matth\u00e4us 25,1-13<\/p>\n\n\n\n<div style=\"height:30px\" aria-hidden=\"true\" class=\"wp-block-spacer\"><\/div>\n\n\n\n<blockquote class=\"wp-block-quote is-layout-flow wp-block-quote-is-layout-flow\" style=\"font-family:Playfair-Display\">\nLiturgy: Letzter Sonntag im Kirchenjahr<br>\nPfarrer: Dr. Sebastian W. Stork<br>\nOrganist: Jack Day<br>\nLocation: <a href=\"\/kontakt\/#anker-kommen-sie-vorbei\">Kirche am Hohenzollernplatz<\/a>\n<\/blockquote>\n\n<\/div>\n\n<div style=\"height:20px\" aria-hidden=\"true\" class=\"wp-block-spacer\"><\/div>\n\n\n\n<div class=\"wp-block-group is-layout-constrained wp-block-group-is-layout-constrained\">\n<h2 class=\"wp-block-heading\">Listen<\/h2>\n\n\n\n\n<p>Here you can listen to this NoonSong. If you&#8217;d like to listen to more NoonSongs recordings, please register.<\/p>\n\n<div class=\"um-locked-content\">\n\t<div class=\"um-locked-content-msg\">This content has been restricted to logged-in users only. Please <a href=\"https:\/\/noonsong.de\/en\/login-audio-archive\/?redirect_to=https%3A%2F%2Fnoonsong.de%2Fen%2Fwp-json%2Fwp%2Fv2%2Ftribe_events%2F41628\">log in<\/a> to view this content.<\/div>\n<\/div>\n<\/div>\n\n<div style=\"height:20px\" aria-hidden=\"true\" class=\"wp-block-spacer\"><\/div>\n\n\n\n<div class=\"wp-block-group is-layout-constrained wp-block-group-is-layout-constrained\">\n\n<h2 class=\"wp-block-heading\">Watch<\/h2>\n\n\n\n\n<p>Experience the recorded live-stream of this NoonSong.<\/p>\n\n\n\n\n\n<p>You&#8217;ll find many selected video recordings of NoonSongs and other concerts on our <a href=\"https:\/\/youtube.com\/sirventesberlin\" target=\"_blank\" rel=\"noreferrer noopener\">YouTube channel<\/a>.\n<\/p>\n\n\n\n\n<div style=\"height:1em\" aria-hidden=\"true\" class=\"wp-block-spacer\"><\/div>\n<div class=\"um-locked-content\">\n\t<div class=\"um-locked-content-msg\">This content has been restricted to logged-in users only. Please <a href=\"https:\/\/noonsong.de\/en\/login-audio-archive\/?redirect_to=https%3A%2F%2Fnoonsong.de%2Fen%2Fwp-json%2Fwp%2Fv2%2Ftribe_events%2F41628\">log in<\/a> to view this content.<\/div>\n<\/div>\n\n<div style=\"height:20px\" aria-hidden=\"true\" class=\"wp-block-spacer\"><\/div>\n\n<\/div>\n\n<div style=\"height:20px\" aria-hidden=\"true\" class=\"wp-block-spacer\"><\/div>\n\n\n\n<div class=\"wp-block-group is-layout-constrained wp-block-group-is-layout-constrained\">\n\n<h2 class=\"wp-block-heading\">Programme PDF<\/h2>\n\n\n\n\n<p>Read more about this NoonSong in the programme document.<\/p>\n\n\n\n\n<div style=\"height:1em\" aria-hidden=\"true\" class=\"wp-block-spacer\"><\/div>\n\n\n\n<figure class=\"wp-block-image aligncenter is-resized\">\n<a target=\"_blank\" rel=\"noopener noreferrer\" href=\"https:\/\/noonsong.de\/wp-content\/uploads\/2023\/05\/user_upload2022-11-19-Liturgie-web.pdf\">\n<img decoding=\"async\" src=\"https:\/\/noonsong.de\/wp-content\/uploads\/2023\/05\/user_upload2022-11-19-Liturgie-web-pdf.jpg\" alt=\"\" style=\"max-height:45em; max-width:61.8%\" \/>\n<br>\nPDF DOWNLOAD\n<\/a>\n<\/figure>\n\n\n\n<div style=\"height:20px\" aria-hidden=\"true\" class=\"wp-block-spacer\"><\/div>\n\n<\/div>\n\n<div style=\"height:50px\" aria-hidden=\"true\" class=\"wp-block-spacer\"><\/div>\n\n\n\n<p hidden>, , , Rose, Bernard George Williams, , Chioggiotto, Il; Chiozzotto, Il; Cruce, Giovanni; Croce, Ioannes; Cruce Clodiensis, Joanne de; Cruce Clodiensis, Joanne a; Clodiensis, Joanne de Cruce; Clodiensis, Joanne a Cruce; Cruce, Joannes; Ioannis a Cruce Clodiensis; Ioanne a Cruce Clodiensis; Chiozzotto; Croce, Giovanni Battista, Fontana d&#x27;Israel. Die mit Tr\u00e4nen s\u00e4en\nDie mit Tr\u00e4nen s\u00e4en, Schein, Joh. Herm.; Schein, Johan-Herman; Schein, J. H.; Schein, Johann H.; Schein, Johann-Hermann; Scheinius, Johann Hermannus; Schein, Johan Herman; Schein, Hermann; Schein, Iohan-Hermanus; Schein, Johan-Hermanus; Schein, Johannes Hermann; Schein, Johann Herman; Schein, J.H.; Schein, Joan-Herman, Der sch\u00f6ne trostreiche Spruch\nIst Gott f\u00fcr uns, wer mag wider uns sein\nDer sch\u00f6ne trostreiche Spruch &#x2f; R\u00f6m. 8 [\u2026] bey [\u2026] Christlichen Begr\u00e4bnis zu singen\nIst Gott f\u00fcr uns, wer mag wider uns seyn, Francus, Melchior; Frank, Melchior; Franco, Melchior; Francke, Melchior; Franc, Melchior; Franc, M., Wachet auf, ruft uns die Stimme. Gloria sei dir gesungen\nKantaten, BWV 140. Gloria sei dir gesungen\nWachet auf, ruft uns die Stimme. Satz 7, Choral\nWachet auf, ruft uns die Stimme. Vers 3\nKantaten, BWV 140. Gloria sei dir gesungen\nGloria sei dir gesungen\nWachet auf, ruft uns die Stimme\nBWV 140&#x2f;7, Bach; Bach, G. S.; Bach, Iogann Sebast\u02b9jan; Bach, Joh. Sebastian; Bach, Giov. Sebast.; Bach, Jean Sebastien; Bach, Jean Sebastian; Bach, J. Seb.; Bach, Sebastiano; Bach, John Sebastian; Bach, Iogann S.; Bach, Iogann Sebast&#x27;jan; Bach, Iogann Sebastian; Bach, Giovanni Sebastian; Bach, Johan Sebastian; Bach, Joannes Sebastianus; Bach, Giov. Seb.; Bach, Giovanni S.; B\u0101\u1e35, J\u014dh\u0101n Seba\u1e63t\u012b&#x27;\u0101n; Bach, I. S.; Bach, J.-S.; Bach, Giovanni Sebastiano; Bach, Jean-Sebastien; Bach, Sebastian; Bach, Jan Sebastian; Bach, J. S.; Bach, Johann-Sebastian; Bach, Jean S.; Bach, Johannes S.; Bach, Johannes Sebastian; Bach, Joh. Seb.; Bach, Joh.-Seb.; Bach, Joh. Sebas.; Bach, Johann Seb.; Bach, Joh. Sebast.; Bach, Johann S.; Bach, Iogann Sebastjan; Bach, Jean S\u00e9bastien; Bach, Jean-S\u00e9bastien; Bach, Johann; Bakh, Iogann Sebastian, , , , , <\/p>\n\n","protected":false},"excerpt":{"rendered":"<p>Protestantische und katholische Dramatik stehen in diesem NoonSong nebeneinander: Johann Hermann Scheins geistliche Madrigale des &#8220;Israelbr\u00fcnnleins&#8221; geh\u00f6ren zu den H\u00f6hepunkten emotional packend vertonter Kirchenmusik, das ganze Spektrum rhetorischer Ausdrucksm\u00f6glichkeiten aussch\u00f6pfend. Der Katholik Croce bedient sich eine Generation fr\u00fcher \u00e4hnlicher musikalischer Mittel, jedoch in einem entr\u00fcckten, mehrstimmigen musikalischen Geflecht.<\/p>\n","protected":false},"author":16,"featured_media":18630,"template":"","meta":{"_et_pb_use_builder":"","_et_pb_old_content":"","_et_gb_content_width":"","_tribe_events_status":"","_tribe_events_status_reason":"","footnotes":""},"tags":[124,261,495,132,105,176],"tribe_events_cat":[722,741,743,723,711,712,716,717,719,729,708,735,724,744,720],"class_list":["post-41628","tribe_events","type-tribe_events","status-publish","has-post-thumbnail","hentry","tag-bernard-rose","tag-giovanni-croce","tag-jack-day","tag-johann-hermann-schein","tag-johann-sebastian-bach","tag-melchior-franck","tribe_events_cat-20-jahrhundert","tribe_events_cat-21-jahrhundert","tribe_events_cat-audio","tribe_events_cat-barock","tribe_events_cat-berlin","tribe_events_cat-chor","tribe_events_cat-gottesdienst","tribe_events_cat-kirche","tribe_events_cat-konzert","tribe_events_cat-liturgie","tribe_events_cat-noonsong","tribe_events_cat-pdf","tribe_events_cat-renaissance","tribe_events_cat-video","tribe_events_cat-vokal","cat_20-jahrhundert","cat_21-jahrhundert","cat_audio","cat_barock","cat_berlin","cat_chor","cat_gottesdienst","cat_kirche","cat_konzert","cat_liturgie","cat_noonsong","cat_pdf","cat_renaissance","cat_video","cat_vokal"],"acf":[],"_links":{"self":[{"href":"https:\/\/noonsong.de\/en\/wp-json\/wp\/v2\/tribe_events\/41628","targetHints":{"allow":["GET"]}}],"collection":[{"href":"https:\/\/noonsong.de\/en\/wp-json\/wp\/v2\/tribe_events"}],"about":[{"href":"https:\/\/noonsong.de\/en\/wp-json\/wp\/v2\/types\/tribe_events"}],"author":[{"embeddable":true,"href":"https:\/\/noonsong.de\/en\/wp-json\/wp\/v2\/users\/16"}],"version-history":[{"count":1,"href":"https:\/\/noonsong.de\/en\/wp-json\/wp\/v2\/tribe_events\/41628\/revisions"}],"predecessor-version":[{"id":57046,"href":"https:\/\/noonsong.de\/en\/wp-json\/wp\/v2\/tribe_events\/41628\/revisions\/57046"}],"wp:featuredmedia":[{"embeddable":true,"href":"https:\/\/noonsong.de\/en\/wp-json\/wp\/v2\/media\/18630"}],"wp:attachment":[{"href":"https:\/\/noonsong.de\/en\/wp-json\/wp\/v2\/media?parent=41628"}],"wp:term":[{"taxonomy":"post_tag","embeddable":true,"href":"https:\/\/noonsong.de\/en\/wp-json\/wp\/v2\/tags?post=41628"},{"taxonomy":"tribe_events_cat","embeddable":true,"href":"https:\/\/noonsong.de\/en\/wp-json\/wp\/v2\/tribe_events_cat?post=41628"}],"curies":[{"name":"wp","href":"https:\/\/api.w.org\/{rel}","templated":true}]}}

<div class="wp-block-group is-layout-constrained wp-block-group-is-layout-constrained">

<h2 class="wp-block-heading">Programme</h2>



<p>
<strong>Organ prelude</strong>: Jack Day (*1979): Improvisation<br/><strong>Preces</strong>: Bernard Rose (1916-1996): Preces &amp; Responses für vierstimmig gemischten Chor a cappella<br/><strong>Psalm of the day</strong>: Psalm 77: Giovanni Croce (1557-1609): Voce mea für vierstimmig gemischten Chor a cappella<br/><strong>Psalm of the week</strong>: Psalm 126: Johann Hermann Schein (1586-1630): Die mit Tränen säen für fünfstimmig gemischten Chor a cappella<br/><strong>Responsorium</strong>: gregorianisch

<br/><strong>Canticle</strong>: Melchior Franck (1579-1639): Ist Gott für uns für vierstimmig gemischten Chor a cappella<br/><strong>Hymn</strong>: Johann Sebastian Bach (1685-1750): Wachet auf, ruft uns die Stimme (BWV 140,7) für vierstimmig gemischten Chor a cappella<br/><strong>Organ postlude</strong>: Jack Day (*1979): Improvisation<br/><strong>Bible reading</strong>: Evangelium nach Matthäus 25,1-13</p>



<div style="height:30px" aria-hidden="true" class="wp-block-spacer"></div>



<blockquote class="wp-block-quote is-layout-flow wp-block-quote-is-layout-flow" style="font-family:Playfair-Display">
Liturgy: Letzter Sonntag im Kirchenjahr<br>
Pfarrer: Dr. Sebastian W. Stork<br>
Organist: Jack Day<br>
Location: <a href="/kontakt/#anker-kommen-sie-vorbei">Kirche am Hohenzollernplatz</a>
</blockquote>

</div>

<div style="height:20px" aria-hidden="true" class="wp-block-spacer"></div>



<div class="wp-block-group is-layout-constrained wp-block-group-is-layout-constrained">
<h2 class="wp-block-heading">Listen</h2>




<p>Here you can listen to this NoonSong. If you&#8217;d like to listen to more NoonSongs recordings, please register.</p>

<div class="um-locked-content">
	<div class="um-locked-content-msg">This content has been restricted to logged-in users only. Please <a href="https://noonsong.de/en/login-audio-archive/?redirect_to=https%3A%2F%2Fnoonsong.de%2Fen%2Fwp-json%2Fwp%2Fv2%2Ftribe_events%2F41628">log in</a> to view this content.</div>
</div>
</div>

<div style="height:20px" aria-hidden="true" class="wp-block-spacer"></div>



<div class="wp-block-group is-layout-constrained wp-block-group-is-layout-constrained">

<h2 class="wp-block-heading">Watch</h2>




<p>Experience the recorded live-stream of this NoonSong.</p>





<p>You&#8217;ll find many selected video recordings of NoonSongs and other concerts on our <a href="https://youtube.com/sirventesberlin" target="_blank" rel="noreferrer noopener">YouTube channel</a>.
</p>




<div style="height:1em" aria-hidden="true" class="wp-block-spacer"></div>
<div class="um-locked-content">
	<div class="um-locked-content-msg">This content has been restricted to logged-in users only. Please <a href="https://noonsong.de/en/login-audio-archive/?redirect_to=https%3A%2F%2Fnoonsong.de%2Fen%2Fwp-json%2Fwp%2Fv2%2Ftribe_events%2F41628">log in</a> to view this content.</div>
</div>

<div style="height:20px" aria-hidden="true" class="wp-block-spacer"></div>

</div>

<div style="height:20px" aria-hidden="true" class="wp-block-spacer"></div>



<div class="wp-block-group is-layout-constrained wp-block-group-is-layout-constrained">

<h2 class="wp-block-heading">Programme PDF</h2>




<p>Read more about this NoonSong in the programme document.</p>




<div style="height:1em" aria-hidden="true" class="wp-block-spacer"></div>



<figure class="wp-block-image aligncenter is-resized">
<a target="_blank" rel="noopener noreferrer" href="https://noonsong.de/wp-content/uploads/2023/05/user_upload2022-11-19-Liturgie-web.pdf">
<img decoding="async" src="https://noonsong.de/wp-content/uploads/2023/05/user_upload2022-11-19-Liturgie-web-pdf.jpg" alt="" style="max-height:45em; max-width:61.8%" />
<br>
PDF DOWNLOAD
</a>
</figure>



<div style="height:20px" aria-hidden="true" class="wp-block-spacer"></div>

</div>

<div style="height:50px" aria-hidden="true" class="wp-block-spacer"></div>



<p hidden>, , , Rose, Bernard George Williams, , Chioggiotto, Il; Chiozzotto, Il; Cruce, Giovanni; Croce, Ioannes; Cruce Clodiensis, Joanne de; Cruce Clodiensis, Joanne a; Clodiensis, Joanne de Cruce; Clodiensis, Joanne a Cruce; Cruce, Joannes; Ioannis a Cruce Clodiensis; Ioanne a Cruce Clodiensis; Chiozzotto; Croce, Giovanni Battista, Fontana d&#x27;Israel. Die mit Tränen säen
Die mit Tränen säen, Schein, Joh. Herm.; Schein, Johan-Herman; Schein, J. H.; Schein, Johann H.; Schein, Johann-Hermann; Scheinius, Johann Hermannus; Schein, Johan Herman; Schein, Hermann; Schein, Iohan-Hermanus; Schein, Johan-Hermanus; Schein, Johannes Hermann; Schein, Johann Herman; Schein, J.H.; Schein, Joan-Herman, Der schöne trostreiche Spruch
Ist Gott für uns, wer mag wider uns sein
Der schöne trostreiche Spruch &#x2f; Röm. 8 […] bey […] Christlichen Begräbnis zu singen
Ist Gott für uns, wer mag wider uns seyn, Francus, Melchior; Frank, Melchior; Franco, Melchior; Francke, Melchior; Franc, Melchior; Franc, M., Wachet auf, ruft uns die Stimme. Gloria sei dir gesungen
Kantaten, BWV 140. Gloria sei dir gesungen
Wachet auf, ruft uns die Stimme. Satz 7, Choral
Wachet auf, ruft uns die Stimme. Vers 3
Kantaten, BWV 140. Gloria sei dir gesungen
Gloria sei dir gesungen
Wachet auf, ruft uns die Stimme
BWV 140&#x2f;7, Bach; Bach, G. S.; Bach, Iogann Sebastʹjan; Bach, Joh. Sebastian; Bach, Giov. Sebast.; Bach, Jean Sebastien; Bach, Jean Sebastian; Bach, J. Seb.; Bach, Sebastiano; Bach, John Sebastian; Bach, Iogann S.; Bach, Iogann Sebast&#x27;jan; Bach, Iogann Sebastian; Bach, Giovanni Sebastian; Bach, Johan Sebastian; Bach, Joannes Sebastianus; Bach, Giov. Seb.; Bach, Giovanni S.; Bāḵ, Jōhān Sebaṣtī&#x27;ān; Bach, I. S.; Bach, J.-S.; Bach, Giovanni Sebastiano; Bach, Jean-Sebastien; Bach, Sebastian; Bach, Jan Sebastian; Bach, J. S.; Bach, Johann-Sebastian; Bach, Jean S.; Bach, Johannes S.; Bach, Johannes Sebastian; Bach, Joh. Seb.; Bach, Joh.-Seb.; Bach, Joh. Sebas.; Bach, Johann Seb.; Bach, Joh. Sebast.; Bach, Johann S.; Bach, Iogann Sebastjan; Bach, Jean Sébastien; Bach, Jean-Sébastien; Bach, Johann; Bakh, Iogann Sebastian, , , , , </p>

<p>Protestantische und katholische Dramatik stehen in diesem NoonSong nebeneinander: Johann Hermann Scheins geistliche Madrigale des &#8220;Israelbrünnleins&#8221; gehören zu den Höhepunkten emotional packend vertonter Kirchenmusik, das ganze Spektrum rhetorischer Ausdrucksmöglichkeiten ausschöpfend. Der Katholik Croce bedient sich eine Generation früher ähnlicher musikalischer Mittel, jedoch in einem entrückten, mehrstimmigen musikalischen Geflecht.</p>
