{"id":41642,"date":"2025-07-07T21:39:33","date_gmt":"2025-07-07T19:39:33","guid":{"rendered":"https:\/\/noonsong.de\/veranstaltung\/noonsong-event-2020-09-26\/"},"modified":"2025-07-07T21:39:33","modified_gmt":"2025-07-07T19:39:33","slug":"noonsong-event-2020-09-26","status":"publish","type":"tribe_events","link":"https:\/\/noonsong.de\/en\/event\/noonsong-event-2020-09-26\/","title":{"rendered":"514. NoonSong am 26.09.2020 um 12:00"},"content":{"rendered":"\n<div class=\"wp-block-group is-layout-constrained wp-block-group-is-layout-constrained\">\n\n<h2 class=\"wp-block-heading\">Programme<\/h2>\n\n\n\n<p>\n<strong>Organ prelude<\/strong>: Johann Gottfried Walther (1684-1748): Concerto del Sigr. Meck, h-Moll, 1. Satz Allegro<br\/><strong>Preces<\/strong>: Richard Lloyd (*1933): Preces &amp; Responses f\u00fcr vierstimmig gemischten Chor a cappella<br\/><strong>Psalm of the day<\/strong>: Psalm 137: Colin Mawby (1936-2019): A song of exile f\u00fcr vierstimmig gemischten Chor a cappella<br\/><strong>Psalm of the week<\/strong>: Psalm 68: Edward Elgar (1857-1937): Double chant f\u00fcr vierstimmig gemischten Chor a cappella<br\/><strong>Responsorium<\/strong>: gregorianisch\n\n<br\/><strong>Canticle<\/strong>: Charles Gounod (1818-1893): Magnificat (CG 162) f\u00fcr Sopran-Solo, vierstimmig gemischten Chor und Orgel<br\/><strong>Hymn<\/strong>: Johann Cr\u00fcger (1598-1662): Jesus lebt, mit ihm auch ich f\u00fcr vierstimmig gemischten Chor a cappella<br\/><strong>Organ postlude<\/strong>: Johann Gottfried Walther (1684-1748): Concerto del Sigr. Meck, h-Moll, 3. Satz Allegro<br\/><strong>Bible reading<\/strong>: Evangelium nach Johannes 11,1-3.17-27.38-45<\/p>\n\n\n\n<div style=\"height:30px\" aria-hidden=\"true\" class=\"wp-block-spacer\"><\/div>\n\n\n\n<blockquote class=\"wp-block-quote is-layout-flow wp-block-quote-is-layout-flow\" style=\"font-family:Playfair-Display\">\nLiturgy: 16. Sonntag nach Trinitatis<br>\nPfarrer: Martin Germer<br>\nOrganist: Mirlan Kasymaliev<br>\nLocation: <a href=\"\/kontakt\/#anker-kommen-sie-vorbei\">Kirche am Hohenzollernplatz<\/a>\n<\/blockquote>\n\n<\/div>\n\n<div style=\"height:20px\" aria-hidden=\"true\" class=\"wp-block-spacer\"><\/div>\n\n\n\n<div class=\"wp-block-group is-layout-constrained wp-block-group-is-layout-constrained\">\n<h2 class=\"wp-block-heading\">Listen<\/h2>\n\n\n\n\n<p>Here you can listen to this NoonSong. If you&#8217;d like to listen to more NoonSongs recordings, please register.<\/p>\n\n<div class=\"um-locked-content\">\n\t<div class=\"um-locked-content-msg\">This content has been restricted to logged-in users only. Please <a href=\"https:\/\/noonsong.de\/en\/login-audio-archive\/?redirect_to=https%3A%2F%2Fnoonsong.de%2Fen%2Fwp-json%2Fwp%2Fv2%2Ftribe_events%2F41642\">log in<\/a> to view this content.<\/div>\n<\/div>\n<\/div>\n\n<div style=\"height:50px\" aria-hidden=\"true\" class=\"wp-block-spacer\"><\/div>\n\n\n\n<p hidden>, , , Lloyd, Richard Hey; Lloyd, Richard H., , , , Elgar, Sir Edward; Francke, Gustav; Elgar, E.; Elgar, &#8230;; Elgar, Edward W.; Elgar, Edward William; Elgar, Edgar William, , Gounod, Charles Fran\u00e7ois; Gounod, Charles-Fran\u00e7ois; Gounod, Ch.; Gounod, Carlo; Gounod, C.; Gounod, Felix-Charles; Gounod, Felix Charles; Gounod, Karol; Gounod, K\u00e1roly; Gounod; Guno, K.; Guno, \u0160.; Bach-Gounod, , Cr\u00fcger, Johann; Cr\u00fcger, Johannes; Cr\u00fcger, J.; Cr\u00fcgerus, Johannes; Kr\u00fcger, Johann; Kr\u00fcger, Johannes, Concerto del Signor Meck h-Moll\nI. Satz \u201cAllegro\u201d aus dem Orgelkonzert nach Sigr.Meck, Waltherus, Johannes Godofredus; Walther, Johannes Godofredus; Walthero, Giovanni Godofredo; Walter, Johann Gottfried; Walther, Johann Gottfr.; Walther, J. G.; Walther, Joannes Godefridus; Walther, Ioannes Godefridus; Walther, Johannes Godefridus; Walther, J. Gottfried; Walther, J. Gottfr., Concerto del Signor Meck h-Moll\nIII. Satz \u201cAllegro\u201d aus dem Orgelkonzert nach Sigr.Meck\nOrgelkonzert h-moll nach Meck, 3.Satz Allegro, Waltherus, Johannes Godofredus; Walther, Johannes Godofredus; Walthero, Giovanni Godofredo; Walter, Johann Gottfried; Walther, Johann Gottfr.; Walther, J. G.; Walther, Joannes Godefridus; Walther, Ioannes Godefridus; Walther, Johannes Godefridus; Walther, J. Gottfried; Walther, J. Gottfr., <\/p>\n\n","protected":false},"excerpt":{"rendered":"<p style='position:absolute'>&nbsp;<\/p>\n","protected":false},"author":16,"featured_media":4996,"template":"","meta":{"_et_pb_use_builder":"","_et_pb_old_content":"","_et_gb_content_width":"","_tribe_events_status":"","_tribe_events_status_reason":"","footnotes":""},"tags":[482,521,204,140,128,149],"tribe_events_cat":[722,743,723,711,712,716,717,719,729,708,725,720],"class_list":["post-41642","tribe_events","type-tribe_events","status-publish","has-post-thumbnail","hentry","tag-charles-gounod","tag-colin-mawby","tag-edward-elgar","tag-johann-crueger","tag-johann-gottfried-walther","tag-richard-lloyd","tribe_events_cat-20-jahrhundert","tribe_events_cat-audio","tribe_events_cat-barock","tribe_events_cat-berlin","tribe_events_cat-chor","tribe_events_cat-gottesdienst","tribe_events_cat-kirche","tribe_events_cat-konzert","tribe_events_cat-liturgie","tribe_events_cat-noonsong","tribe_events_cat-romantik","tribe_events_cat-vokal","cat_20-jahrhundert","cat_audio","cat_barock","cat_berlin","cat_chor","cat_gottesdienst","cat_kirche","cat_konzert","cat_liturgie","cat_noonsong","cat_romantik","cat_vokal"],"acf":[],"_links":{"self":[{"href":"https:\/\/noonsong.de\/en\/wp-json\/wp\/v2\/tribe_events\/41642","targetHints":{"allow":["GET"]}}],"collection":[{"href":"https:\/\/noonsong.de\/en\/wp-json\/wp\/v2\/tribe_events"}],"about":[{"href":"https:\/\/noonsong.de\/en\/wp-json\/wp\/v2\/types\/tribe_events"}],"author":[{"embeddable":true,"href":"https:\/\/noonsong.de\/en\/wp-json\/wp\/v2\/users\/16"}],"version-history":[{"count":1,"href":"https:\/\/noonsong.de\/en\/wp-json\/wp\/v2\/tribe_events\/41642\/revisions"}],"predecessor-version":[{"id":57188,"href":"https:\/\/noonsong.de\/en\/wp-json\/wp\/v2\/tribe_events\/41642\/revisions\/57188"}],"wp:featuredmedia":[{"embeddable":true,"href":"https:\/\/noonsong.de\/en\/wp-json\/wp\/v2\/media\/4996"}],"wp:attachment":[{"href":"https:\/\/noonsong.de\/en\/wp-json\/wp\/v2\/media?parent=41642"}],"wp:term":[{"taxonomy":"post_tag","embeddable":true,"href":"https:\/\/noonsong.de\/en\/wp-json\/wp\/v2\/tags?post=41642"},{"taxonomy":"tribe_events_cat","embeddable":true,"href":"https:\/\/noonsong.de\/en\/wp-json\/wp\/v2\/tribe_events_cat?post=41642"}],"curies":[{"name":"wp","href":"https:\/\/api.w.org\/{rel}","templated":true}]}}

<div class="wp-block-group is-layout-constrained wp-block-group-is-layout-constrained">

<h2 class="wp-block-heading">Programme</h2>



<p>
<strong>Organ prelude</strong>: Johann Gottfried Walther (1684-1748): Concerto del Sigr. Meck, h-Moll, 1. Satz Allegro<br/><strong>Preces</strong>: Richard Lloyd (*1933): Preces &amp; Responses für vierstimmig gemischten Chor a cappella<br/><strong>Psalm of the day</strong>: Psalm 137: Colin Mawby (1936-2019): A song of exile für vierstimmig gemischten Chor a cappella<br/><strong>Psalm of the week</strong>: Psalm 68: Edward Elgar (1857-1937): Double chant für vierstimmig gemischten Chor a cappella<br/><strong>Responsorium</strong>: gregorianisch

<br/><strong>Canticle</strong>: Charles Gounod (1818-1893): Magnificat (CG 162) für Sopran-Solo, vierstimmig gemischten Chor und Orgel<br/><strong>Hymn</strong>: Johann Crüger (1598-1662): Jesus lebt, mit ihm auch ich für vierstimmig gemischten Chor a cappella<br/><strong>Organ postlude</strong>: Johann Gottfried Walther (1684-1748): Concerto del Sigr. Meck, h-Moll, 3. Satz Allegro<br/><strong>Bible reading</strong>: Evangelium nach Johannes 11,1-3.17-27.38-45</p>



<div style="height:30px" aria-hidden="true" class="wp-block-spacer"></div>



<blockquote class="wp-block-quote is-layout-flow wp-block-quote-is-layout-flow" style="font-family:Playfair-Display">
Liturgy: 16. Sonntag nach Trinitatis<br>
Pfarrer: Martin Germer<br>
Organist: Mirlan Kasymaliev<br>
Location: <a href="/kontakt/#anker-kommen-sie-vorbei">Kirche am Hohenzollernplatz</a>
</blockquote>

</div>

<div style="height:20px" aria-hidden="true" class="wp-block-spacer"></div>



<div class="wp-block-group is-layout-constrained wp-block-group-is-layout-constrained">
<h2 class="wp-block-heading">Listen</h2>




<p>Here you can listen to this NoonSong. If you&#8217;d like to listen to more NoonSongs recordings, please register.</p>

<div class="um-locked-content">
	<div class="um-locked-content-msg">This content has been restricted to logged-in users only. Please <a href="https://noonsong.de/en/login-audio-archive/?redirect_to=https%3A%2F%2Fnoonsong.de%2Fen%2Fwp-json%2Fwp%2Fv2%2Ftribe_events%2F41642">log in</a> to view this content.</div>
</div>
</div>

<div style="height:50px" aria-hidden="true" class="wp-block-spacer"></div>



<p hidden>, , , Lloyd, Richard Hey; Lloyd, Richard H., , , , Elgar, Sir Edward; Francke, Gustav; Elgar, E.; Elgar, &#8230;; Elgar, Edward W.; Elgar, Edward William; Elgar, Edgar William, , Gounod, Charles François; Gounod, Charles-François; Gounod, Ch.; Gounod, Carlo; Gounod, C.; Gounod, Felix-Charles; Gounod, Felix Charles; Gounod, Karol; Gounod, Károly; Gounod; Guno, K.; Guno, Š.; Bach-Gounod, , Crüger, Johann; Crüger, Johannes; Crüger, J.; Crügerus, Johannes; Krüger, Johann; Krüger, Johannes, Concerto del Signor Meck h-Moll
I. Satz “Allegro” aus dem Orgelkonzert nach Sigr.Meck, Waltherus, Johannes Godofredus; Walther, Johannes Godofredus; Walthero, Giovanni Godofredo; Walter, Johann Gottfried; Walther, Johann Gottfr.; Walther, J. G.; Walther, Joannes Godefridus; Walther, Ioannes Godefridus; Walther, Johannes Godefridus; Walther, J. Gottfried; Walther, J. Gottfr., Concerto del Signor Meck h-Moll
III. Satz “Allegro” aus dem Orgelkonzert nach Sigr.Meck
Orgelkonzert h-moll nach Meck, 3.Satz Allegro, Waltherus, Johannes Godofredus; Walther, Johannes Godofredus; Walthero, Giovanni Godofredo; Walter, Johann Gottfried; Walther, Johann Gottfr.; Walther, J. G.; Walther, Joannes Godefridus; Walther, Ioannes Godefridus; Walther, Johannes Godefridus; Walther, J. Gottfried; Walther, J. Gottfr., </p>
