{"id":41667,"date":"2025-07-07T21:40:21","date_gmt":"2025-07-07T19:40:21","guid":{"rendered":"https:\/\/noonsong.de\/veranstaltung\/noonsong-event-2019-01-05\/"},"modified":"2025-07-07T21:40:21","modified_gmt":"2025-07-07T19:40:21","slug":"noonsong-event-2019-01-05","status":"publish","type":"tribe_events","link":"https:\/\/noonsong.de\/en\/event\/noonsong-event-2019-01-05\/","title":{"rendered":"450. NoonSong am 05.01.2019 um 12:00"},"content":{"rendered":"\n<div class=\"wp-block-group is-layout-constrained wp-block-group-is-layout-constrained\">\n\n<h2 class=\"wp-block-heading\">Programme<\/h2>\n\n\n\n<p>\n<strong>Organ prelude<\/strong>: Dietrich Buxtehude (1637-1707): Pr\u00e4ludium und Fuge D-Dur (BuxWV 139)<br\/><strong>Preces<\/strong>: William Smith (1603-1645): Preces &amp; Responses f\u00fcr vierstimmig gemischten Chor a cappella<br\/><strong>Psalm of the day<\/strong>: Psalm 100: Claudio Merulo (1533-1604): Jubilate Deo f\u00fcr sechststimmig gemischten Chor a cappella<br\/><strong>Psalm of the week<\/strong>: Psalm 72b: Ascanio Trombetti (1544-1590): Sit nomen eius f\u00fcr achtstimmigen Doppelchor a cappella<br\/><strong>Responsorium<\/strong>: gregorianisch\n\n<br\/><strong>Canticle<\/strong>: Andreas Hammerschmidt (1612-1675): Das Wort ward Fleisch f\u00fcr sechsstimmig gemischten Chor a cappella<br\/><strong>Hymn<\/strong>: Johann Sebastian Bach (1685-1750): Wie sch\u00f6n leuchtet der Morgenstern f\u00fcr vierstimmig gemischten Chor a cappella<br\/><strong>Organ postlude<\/strong>: Louis Vierne (1870-1937): Carillon de Westminster<br\/><strong>Bible reading<\/strong>: Evangelium nach Markus 2,1-12<\/p>\n\n\n\n<div style=\"height:30px\" aria-hidden=\"true\" class=\"wp-block-spacer\"><\/div>\n\n\n\n<blockquote class=\"wp-block-quote is-layout-flow wp-block-quote-is-layout-flow\" style=\"font-family:Playfair-Display\">\nLiturgy: Epiphanias<br>\nPfarrer: Alexander Brodt-Zabka<br>\nOrganist: Rudolf Seidel<br>\nLocation: <a href=\"\/kontakt\/#anker-kommen-sie-vorbei\">Kirche am Hohenzollernplatz<\/a>\n<\/blockquote>\n\n<\/div>\n\n<div style=\"height:20px\" aria-hidden=\"true\" class=\"wp-block-spacer\"><\/div>\n\n\n\n<div class=\"wp-block-group is-layout-constrained wp-block-group-is-layout-constrained\">\n<h2 class=\"wp-block-heading\">Listen<\/h2>\n\n\n\n\n<p>Here you can listen to this NoonSong. If you&#8217;d like to listen to more NoonSongs recordings, please register.<\/p>\n\n<div class=\"um-locked-content\">\n\t<div class=\"um-locked-content-msg\">This content has been restricted to logged-in users only. Please <a href=\"https:\/\/noonsong.de\/en\/login-audio-archive\/?redirect_to=https%3A%2F%2Fnoonsong.de%2Fen%2Fwp-json%2Fwp%2Fv2%2Ftribe_events%2F41667\">log in<\/a> to view this content.<\/div>\n<\/div>\n<\/div>\n\n<div style=\"height:20px\" aria-hidden=\"true\" class=\"wp-block-spacer\"><\/div>\n\n\n\n<div class=\"wp-block-group is-layout-constrained wp-block-group-is-layout-constrained\">\n\n<h2 class=\"wp-block-heading\">Programme PDF<\/h2>\n\n\n\n\n<p>Read more about this NoonSong in the programme document.<\/p>\n\n\n\n\n<div style=\"height:1em\" aria-hidden=\"true\" class=\"wp-block-spacer\"><\/div>\n\n\n\n<figure class=\"wp-block-image aligncenter is-resized\">\n<a target=\"_blank\" rel=\"noopener noreferrer\" href=\"https:\/\/noonsong.de\/wp-content\/uploads\/2024\/07\/2019-01-05-Liturgie.pdf\">\n<img decoding=\"async\" src=\"https:\/\/noonsong.de\/wp-content\/uploads\/2024\/07\/2019-01-05-Liturgie-pdf.jpg\" alt=\"\" style=\"max-height:45em; max-width:61.8%\" \/>\n<br>\nPDF DOWNLOAD\n<\/a>\n<\/figure>\n\n\n\n<div style=\"height:20px\" aria-hidden=\"true\" class=\"wp-block-spacer\"><\/div>\n\n<\/div>\n\n<div style=\"height:50px\" aria-hidden=\"true\" class=\"wp-block-spacer\"><\/div>\n\n\n\n<p hidden>, , , , , Merulo, Claud.; Coreggio, Claudio; Claudio, da Correggio; Merlotti, Claudio; Meruli, Claudio; Correggio, Claudio da, , Ascanio, Bolognese; Bolognese, Ascanio; Cavallari, Ascanio; Cavalaro, Ascanio, Fest- und Zeit-Andachten. Das Wort ward Fleisch\nFest- und Zeit-Andachten (Das Wort ward Fleisch)\nDas Wort ward Fleisch\nFest- und Zeit-Andachten. Das Wort ward Fleisch, Hammerschmied, Andres; Hammerschmiedt, Andreas; Hammerschmidt, A.; Hammerschmied, Andreas; Hammerschmid, Andreas; Hammerschmied, Andrea; Hammerschmiedt, Andrea; Hammerschmieden, Andrea; Hammerschmidii, Andree, Chor\u00e4le, BWV 253-438. Wie sch\u00f6n leuchtet der Morgenstern\nChor\u00e4le, BWV 436\nChor\u00e4le aus der Sammlung &quot;Joh. Seb. Bachs vierstimmige Choralges\u00e4nge&quot; &#8230;. Wie sch\u00f6n leuchtet der Morgenstern\nWie sch\u00f6n leuchtet der Morgenstern\nChor\u00e4le BWV 253 &#8211; 438. Wie sch\u00f6n leuchtet der Morgenstern\nBWV 436, Bach; Bach, G. S.; Bach, Iogann Sebast\u02b9jan; Bach, Joh. Sebastian; Bach, Giov. Sebast.; Bach, Jean Sebastien; Bach, Jean Sebastian; Bach, J. Seb.; Bach, Sebastiano; Bach, John Sebastian; Bach, Iogann S.; Bach, Iogann Sebast&#x27;jan; Bach, Iogann Sebastian; Bach, Giovanni Sebastian; Bach, Johan Sebastian; Bach, Joannes Sebastianus; Bach, Giov. Seb.; Bach, Giovanni S.; B\u0101\u1e35, J\u014dh\u0101n Seba\u1e63t\u012b&#x27;\u0101n; Bach, I. S.; Bach, J.-S.; Bach, Giovanni Sebastiano; Bach, Jean-Sebastien; Bach, Sebastian; Bach, Jan Sebastian; Bach, J. S.; Bach, Johann-Sebastian; Bach, Jean S.; Bach, Johannes S.; Bach, Johannes Sebastian; Bach, Joh. Seb.; Bach, Joh.-Seb.; Bach, Joh. Sebas.; Bach, Johann Seb.; Bach, Joh. Sebast.; Bach, Johann S.; Bach, Iogann Sebastjan; Bach, Jean S\u00e9bastien; Bach, Jean-S\u00e9bastien; Bach, Johann; Bakh, Iogann Sebastian, Pr\u00e4ludien, Orgel, BuxWV 139 (D-Dur)\nPr\u00e4ludien, Org, BuxWV 139\nPr\u00e4ludien, Org (D-Dur)\nPr\u00e4ludien und Fugen, Org, BuxWV 139\nPr\u00e4ludien, Org K 139, Buxtehude, &#8230;; Buxtehude, D.; Buxtehude, Diderik; Buxtehude, Diderich; Buxtehude, Dieterich, Fantasiest\u00fccke, Org, op. 54. Carillon de Westminster\nFantasiest\u00fccke, Org, op. 54 &lt;Carillon de Westminster&gt;\nCarillon de Westminster\nPi\u00e8ces de fantaisie op. 54. Carillon de Westminster, Vierne, Louis, 1870-1937; Vierne, &#8230;; Vierne, Louis V.; Vierne, Louis-Victor-Jules; Vierne, Louis Victor Jules; Vierne, Luis; Vierne, L., <\/p>\n\n","protected":false},"excerpt":{"rendered":"<p style='position:absolute'>&nbsp;<\/p>\n","protected":false},"author":16,"featured_media":18561,"template":"","meta":{"_et_pb_use_builder":"","_et_pb_old_content":"","_et_gb_content_width":"","_tribe_events_status":"","_tribe_events_status_reason":"","footnotes":""},"tags":[89,264,370,205,105,182,114],"tribe_events_cat":[722,743,723,711,712,716,717,719,729,708,735,724,725,720],"class_list":["post-41667","tribe_events","type-tribe_events","status-publish","has-post-thumbnail","hentry","tag-andreas-hammerschmidt","tag-ascanio-trombetti","tag-claudio-merulo","tag-dietrich-buxtehude","tag-johann-sebastian-bach","tag-louis-vierne","tag-william-smith","tribe_events_cat-20-jahrhundert","tribe_events_cat-audio","tribe_events_cat-barock","tribe_events_cat-berlin","tribe_events_cat-chor","tribe_events_cat-gottesdienst","tribe_events_cat-kirche","tribe_events_cat-konzert","tribe_events_cat-liturgie","tribe_events_cat-noonsong","tribe_events_cat-pdf","tribe_events_cat-renaissance","tribe_events_cat-romantik","tribe_events_cat-vokal","cat_20-jahrhundert","cat_audio","cat_barock","cat_berlin","cat_chor","cat_gottesdienst","cat_kirche","cat_konzert","cat_liturgie","cat_noonsong","cat_pdf","cat_renaissance","cat_romantik","cat_vokal"],"acf":[],"_links":{"self":[{"href":"https:\/\/noonsong.de\/en\/wp-json\/wp\/v2\/tribe_events\/41667","targetHints":{"allow":["GET"]}}],"collection":[{"href":"https:\/\/noonsong.de\/en\/wp-json\/wp\/v2\/tribe_events"}],"about":[{"href":"https:\/\/noonsong.de\/en\/wp-json\/wp\/v2\/types\/tribe_events"}],"author":[{"embeddable":true,"href":"https:\/\/noonsong.de\/en\/wp-json\/wp\/v2\/users\/16"}],"version-history":[{"count":1,"href":"https:\/\/noonsong.de\/en\/wp-json\/wp\/v2\/tribe_events\/41667\/revisions"}],"predecessor-version":[{"id":57239,"href":"https:\/\/noonsong.de\/en\/wp-json\/wp\/v2\/tribe_events\/41667\/revisions\/57239"}],"wp:featuredmedia":[{"embeddable":true,"href":"https:\/\/noonsong.de\/en\/wp-json\/wp\/v2\/media\/18561"}],"wp:attachment":[{"href":"https:\/\/noonsong.de\/en\/wp-json\/wp\/v2\/media?parent=41667"}],"wp:term":[{"taxonomy":"post_tag","embeddable":true,"href":"https:\/\/noonsong.de\/en\/wp-json\/wp\/v2\/tags?post=41667"},{"taxonomy":"tribe_events_cat","embeddable":true,"href":"https:\/\/noonsong.de\/en\/wp-json\/wp\/v2\/tribe_events_cat?post=41667"}],"curies":[{"name":"wp","href":"https:\/\/api.w.org\/{rel}","templated":true}]}}

<div class="wp-block-group is-layout-constrained wp-block-group-is-layout-constrained">

<h2 class="wp-block-heading">Programme</h2>



<p>
<strong>Organ prelude</strong>: Dietrich Buxtehude (1637-1707): Präludium und Fuge D-Dur (BuxWV 139)<br/><strong>Preces</strong>: William Smith (1603-1645): Preces &amp; Responses für vierstimmig gemischten Chor a cappella<br/><strong>Psalm of the day</strong>: Psalm 100: Claudio Merulo (1533-1604): Jubilate Deo für sechststimmig gemischten Chor a cappella<br/><strong>Psalm of the week</strong>: Psalm 72b: Ascanio Trombetti (1544-1590): Sit nomen eius für achtstimmigen Doppelchor a cappella<br/><strong>Responsorium</strong>: gregorianisch

<br/><strong>Canticle</strong>: Andreas Hammerschmidt (1612-1675): Das Wort ward Fleisch für sechsstimmig gemischten Chor a cappella<br/><strong>Hymn</strong>: Johann Sebastian Bach (1685-1750): Wie schön leuchtet der Morgenstern für vierstimmig gemischten Chor a cappella<br/><strong>Organ postlude</strong>: Louis Vierne (1870-1937): Carillon de Westminster<br/><strong>Bible reading</strong>: Evangelium nach Markus 2,1-12</p>



<div style="height:30px" aria-hidden="true" class="wp-block-spacer"></div>



<blockquote class="wp-block-quote is-layout-flow wp-block-quote-is-layout-flow" style="font-family:Playfair-Display">
Liturgy: Epiphanias<br>
Pfarrer: Alexander Brodt-Zabka<br>
Organist: Rudolf Seidel<br>
Location: <a href="/kontakt/#anker-kommen-sie-vorbei">Kirche am Hohenzollernplatz</a>
</blockquote>

</div>

<div style="height:20px" aria-hidden="true" class="wp-block-spacer"></div>



<div class="wp-block-group is-layout-constrained wp-block-group-is-layout-constrained">
<h2 class="wp-block-heading">Listen</h2>




<p>Here you can listen to this NoonSong. If you&#8217;d like to listen to more NoonSongs recordings, please register.</p>

<div class="um-locked-content">
	<div class="um-locked-content-msg">This content has been restricted to logged-in users only. Please <a href="https://noonsong.de/en/login-audio-archive/?redirect_to=https%3A%2F%2Fnoonsong.de%2Fen%2Fwp-json%2Fwp%2Fv2%2Ftribe_events%2F41667">log in</a> to view this content.</div>
</div>
</div>

<div style="height:20px" aria-hidden="true" class="wp-block-spacer"></div>



<div class="wp-block-group is-layout-constrained wp-block-group-is-layout-constrained">

<h2 class="wp-block-heading">Programme PDF</h2>




<p>Read more about this NoonSong in the programme document.</p>




<div style="height:1em" aria-hidden="true" class="wp-block-spacer"></div>



<figure class="wp-block-image aligncenter is-resized">
<a target="_blank" rel="noopener noreferrer" href="https://noonsong.de/wp-content/uploads/2024/07/2019-01-05-Liturgie.pdf">
<img decoding="async" src="https://noonsong.de/wp-content/uploads/2024/07/2019-01-05-Liturgie-pdf.jpg" alt="" style="max-height:45em; max-width:61.8%" />
<br>
PDF DOWNLOAD
</a>
</figure>



<div style="height:20px" aria-hidden="true" class="wp-block-spacer"></div>

</div>

<div style="height:50px" aria-hidden="true" class="wp-block-spacer"></div>



<p hidden>, , , , , Merulo, Claud.; Coreggio, Claudio; Claudio, da Correggio; Merlotti, Claudio; Meruli, Claudio; Correggio, Claudio da, , Ascanio, Bolognese; Bolognese, Ascanio; Cavallari, Ascanio; Cavalaro, Ascanio, Fest- und Zeit-Andachten. Das Wort ward Fleisch
Fest- und Zeit-Andachten (Das Wort ward Fleisch)
Das Wort ward Fleisch
Fest- und Zeit-Andachten. Das Wort ward Fleisch, Hammerschmied, Andres; Hammerschmiedt, Andreas; Hammerschmidt, A.; Hammerschmied, Andreas; Hammerschmid, Andreas; Hammerschmied, Andrea; Hammerschmiedt, Andrea; Hammerschmieden, Andrea; Hammerschmidii, Andree, Choräle, BWV 253-438. Wie schön leuchtet der Morgenstern
Choräle, BWV 436
Choräle aus der Sammlung &quot;Joh. Seb. Bachs vierstimmige Choralgesänge&quot; &#8230;. Wie schön leuchtet der Morgenstern
Wie schön leuchtet der Morgenstern
Choräle BWV 253 &#8211; 438. Wie schön leuchtet der Morgenstern
BWV 436, Bach; Bach, G. S.; Bach, Iogann Sebastʹjan; Bach, Joh. Sebastian; Bach, Giov. Sebast.; Bach, Jean Sebastien; Bach, Jean Sebastian; Bach, J. Seb.; Bach, Sebastiano; Bach, John Sebastian; Bach, Iogann S.; Bach, Iogann Sebast&#x27;jan; Bach, Iogann Sebastian; Bach, Giovanni Sebastian; Bach, Johan Sebastian; Bach, Joannes Sebastianus; Bach, Giov. Seb.; Bach, Giovanni S.; Bāḵ, Jōhān Sebaṣtī&#x27;ān; Bach, I. S.; Bach, J.-S.; Bach, Giovanni Sebastiano; Bach, Jean-Sebastien; Bach, Sebastian; Bach, Jan Sebastian; Bach, J. S.; Bach, Johann-Sebastian; Bach, Jean S.; Bach, Johannes S.; Bach, Johannes Sebastian; Bach, Joh. Seb.; Bach, Joh.-Seb.; Bach, Joh. Sebas.; Bach, Johann Seb.; Bach, Joh. Sebast.; Bach, Johann S.; Bach, Iogann Sebastjan; Bach, Jean Sébastien; Bach, Jean-Sébastien; Bach, Johann; Bakh, Iogann Sebastian, Präludien, Orgel, BuxWV 139 (D-Dur)
Präludien, Org, BuxWV 139
Präludien, Org (D-Dur)
Präludien und Fugen, Org, BuxWV 139
Präludien, Org K 139, Buxtehude, &#8230;; Buxtehude, D.; Buxtehude, Diderik; Buxtehude, Diderich; Buxtehude, Dieterich, Fantasiestücke, Org, op. 54. Carillon de Westminster
Fantasiestücke, Org, op. 54 &lt;Carillon de Westminster&gt;
Carillon de Westminster
Pièces de fantaisie op. 54. Carillon de Westminster, Vierne, Louis, 1870-1937; Vierne, &#8230;; Vierne, Louis V.; Vierne, Louis-Victor-Jules; Vierne, Louis Victor Jules; Vierne, Luis; Vierne, L., </p>
