{"id":41674,"date":"2025-07-07T21:38:17","date_gmt":"2025-07-07T19:38:17","guid":{"rendered":"https:\/\/noonsong.de\/veranstaltung\/noonsong-event-2022-12-03\/"},"modified":"2025-07-07T21:38:17","modified_gmt":"2025-07-07T19:38:17","slug":"noonsong-event-2022-12-03","status":"publish","type":"tribe_events","link":"https:\/\/noonsong.de\/en\/event\/noonsong-event-2022-12-03\/","title":{"rendered":"605. NoonSong am 03.12.2022 um 12:00"},"content":{"rendered":"\n<div class=\"wp-block-group is-layout-constrained wp-block-group-is-layout-constrained\">\n\n<h2 class=\"wp-block-heading\">Programme<\/h2>\n\n\n\n<p>\n<strong>Organ prelude<\/strong>: Samuel Coleridge-Taylor (1875-1912): Melody<br\/><strong>Preces<\/strong>: John Tavener (1944-2013): Preces &amp; Responses f\u00fcr achtstimmig gemischten Chor a cappella<br\/><strong>Psalm of the day<\/strong>: Psalm 79: Ernst Friedrich Richter (1808-1879): Herr, es sind Heiden in dein Erbe gefallen f\u00fcr vierstimmigen Chor und vier Solostimmen<br\/><strong>Psalm of the week<\/strong>: Psalm 80,2: Constanzo Porta (1529-1601): Qui regis Israel f\u00fcr vierstimmig gemischten Chor a cappella<br\/><strong>Responsorium<\/strong>: gregorianisch\n\n<br\/><strong>Canticle<\/strong>: Heinrich von Herzogenberg (1843-1900): Meine Seele erhebt den Herren op. 81,1 f\u00fcr achtstimmig gemischten Chor a cappella<br\/><strong>Hymn<\/strong>: Frank Schwemmer (*1961): O Heiland rei\u00df die Himmel auf f\u00fcr vierstimmig gemischten Chor a cappella<br\/><strong>Organ postlude<\/strong>: Alec Rowley (1892-1958): Siciliana &#x27;The Holly and the Ivy&#x27;<br\/><strong>Bible reading<\/strong>: Evangelium nach Lukas 21,25-33<\/p>\n\n\n\n<div style=\"height:30px\" aria-hidden=\"true\" class=\"wp-block-spacer\"><\/div>\n\n\n\n<blockquote class=\"wp-block-quote is-layout-flow wp-block-quote-is-layout-flow\" style=\"font-family:Playfair-Display\">\nLiturgy: 2. Sonntag im Advent<br>\nPfarrerin: Anna Kim-Chi Nguyen-Huu<br>\nOrganist: Vladimir Magalashvili<br>\nLocation: <a href=\"\/kontakt\/#anker-kommen-sie-vorbei\">Kirche am Hohenzollernplatz<\/a>\n<\/blockquote>\n\n<\/div>\n\n<div style=\"height:20px\" aria-hidden=\"true\" class=\"wp-block-spacer\"><\/div>\n\n\n\n<div class=\"wp-block-group is-layout-constrained wp-block-group-is-layout-constrained\">\n<h2 class=\"wp-block-heading\">Listen<\/h2>\n\n\n\n\n<p>Here you can listen to this NoonSong. If you&#8217;d like to listen to more NoonSongs recordings, please register.<\/p>\n\n<div class=\"um-locked-content\">\n\t<div class=\"um-locked-content-msg\">This content has been restricted to logged-in users only. Please <a href=\"https:\/\/noonsong.de\/en\/login-audio-archive\/?redirect_to=https%3A%2F%2Fnoonsong.de%2Fen%2Fwp-json%2Fwp%2Fv2%2Ftribe_events%2F41674\">log in<\/a> to view this content.<\/div>\n<\/div>\n<\/div>\n\n<div style=\"height:20px\" aria-hidden=\"true\" class=\"wp-block-spacer\"><\/div>\n\n\n\n<div class=\"wp-block-group is-layout-constrained wp-block-group-is-layout-constrained\">\n\n<h2 class=\"wp-block-heading\">Watch<\/h2>\n\n\n\n\n<p>Experience the recorded live-stream of this NoonSong.<\/p>\n\n\n\n\n\n<p>You&#8217;ll find many selected video recordings of NoonSongs and other concerts on our <a href=\"https:\/\/youtube.com\/sirventesberlin\" target=\"_blank\" rel=\"noreferrer noopener\">YouTube channel<\/a>.\n<\/p>\n\n\n\n\n<div style=\"height:1em\" aria-hidden=\"true\" class=\"wp-block-spacer\"><\/div>\n<div class=\"um-locked-content\">\n\t<div class=\"um-locked-content-msg\">This content has been restricted to logged-in users only. Please <a href=\"https:\/\/noonsong.de\/en\/login-audio-archive\/?redirect_to=https%3A%2F%2Fnoonsong.de%2Fen%2Fwp-json%2Fwp%2Fv2%2Ftribe_events%2F41674\">log in<\/a> to view this content.<\/div>\n<\/div>\n\n<div style=\"height:20px\" aria-hidden=\"true\" class=\"wp-block-spacer\"><\/div>\n\n<\/div>\n\n<div style=\"height:20px\" aria-hidden=\"true\" class=\"wp-block-spacer\"><\/div>\n\n\n\n<div class=\"wp-block-group is-layout-constrained wp-block-group-is-layout-constrained\">\n\n<h2 class=\"wp-block-heading\">Programme PDF<\/h2>\n\n\n\n\n<p>Read more about this NoonSong in the programme document.<\/p>\n\n\n\n\n<div style=\"height:1em\" aria-hidden=\"true\" class=\"wp-block-spacer\"><\/div>\n\n\n\n<figure class=\"wp-block-image aligncenter is-resized\">\n<a target=\"_blank\" rel=\"noopener noreferrer\" href=\"https:\/\/noonsong.de\/wp-content\/uploads\/2023\/05\/user_upload2022-12-03-Liturgie.pdf\">\n<img decoding=\"async\" src=\"https:\/\/noonsong.de\/wp-content\/uploads\/2023\/05\/user_upload2022-12-03-Liturgie-pdf.jpg\" alt=\"\" style=\"max-height:45em; max-width:61.8%\" \/>\n<br>\nPDF DOWNLOAD\n<\/a>\n<\/figure>\n\n\n\n<div style=\"height:20px\" aria-hidden=\"true\" class=\"wp-block-spacer\"><\/div>\n\n<\/div>\n\n<div style=\"height:50px\" aria-hidden=\"true\" class=\"wp-block-spacer\"><\/div>\n\n\n\n<p hidden>, , , Tavener, Sir John; Tavener, John Kenneth, Herr, es sind Heiden eingedrungen\nMotetten, op. 40. Herr, es sind Heiden in dein Erbe gefallen\nop. 40, Nr. 3, Richter, Ernst Friedrich Eduard; Richter, E. F.; Richter, E. Fr.; Richter, E. Friedr.; Richter, E. Friedrich; Richter, Ernst F.; Richter, Ernst, , Porta, Constantius; Porta, Constanzo, Liturgische Ges\u00e4nge, op. 81. Zur Adventszeit\nLiturgische Ges\u00e4nge f\u00fcr Chor a capella f\u00fcr die akademischen Gottesdienste zu Strassburg i&#x2f;E. Leipzig\nZur Adventszeit, Herzogenberg, Heinrich von; Herzogenberg, Leopold Heinrich Picot de Peccaduc; Picot de Peccaduc, Henry; Von Herzogenberg, Heinrich; Peccaduc, Picot de; Herzogenberg, Leopold H.; Herzogenberg, Heinrich von, Freiherr von, , , , Taylor, Samuel C.; Coleridge Taylor, Samuel; Taylor, Samuel Coleridge-; Coleridge-Taylor, S., , Wade, Stuart, <\/p>\n\n","protected":false},"excerpt":{"rendered":"<p>Auch im NoonSong zum zweiten Advent erklingt romantische Chormusik, u.a. das inzwischen beliebte und ber\u00fchrend sch\u00f6ne achtstimmige deutsche Magnificat von Herzogenberg, der auch in Berlin wirkte.<\/p>\n","protected":false},"author":16,"featured_media":5050,"template":"","meta":{"_et_pb_use_builder":"","_et_pb_old_content":"","_et_gb_content_width":"","_tribe_events_status":"","_tribe_events_status_reason":"","footnotes":""},"tags":[546,562,240,256,131,180,579],"tribe_events_cat":[722,741,743,711,712,716,717,719,729,708,735,724,725,744,720],"class_list":["post-41674","tribe_events","type-tribe_events","status-publish","has-post-thumbnail","hentry","tag-alec-rowley","tag-constanzo-porta","tag-ernst-friedrich-richter","tag-frank-schwemmer","tag-heinrich-von-herzogenberg","tag-john-tavener","tag-samuel-coleridge-taylor","tribe_events_cat-20-jahrhundert","tribe_events_cat-21-jahrhundert","tribe_events_cat-audio","tribe_events_cat-berlin","tribe_events_cat-chor","tribe_events_cat-gottesdienst","tribe_events_cat-kirche","tribe_events_cat-konzert","tribe_events_cat-liturgie","tribe_events_cat-noonsong","tribe_events_cat-pdf","tribe_events_cat-renaissance","tribe_events_cat-romantik","tribe_events_cat-video","tribe_events_cat-vokal","cat_20-jahrhundert","cat_21-jahrhundert","cat_audio","cat_berlin","cat_chor","cat_gottesdienst","cat_kirche","cat_konzert","cat_liturgie","cat_noonsong","cat_pdf","cat_renaissance","cat_romantik","cat_video","cat_vokal"],"acf":[],"_links":{"self":[{"href":"https:\/\/noonsong.de\/en\/wp-json\/wp\/v2\/tribe_events\/41674","targetHints":{"allow":["GET"]}}],"collection":[{"href":"https:\/\/noonsong.de\/en\/wp-json\/wp\/v2\/tribe_events"}],"about":[{"href":"https:\/\/noonsong.de\/en\/wp-json\/wp\/v2\/types\/tribe_events"}],"author":[{"embeddable":true,"href":"https:\/\/noonsong.de\/en\/wp-json\/wp\/v2\/users\/16"}],"version-history":[{"count":1,"href":"https:\/\/noonsong.de\/en\/wp-json\/wp\/v2\/tribe_events\/41674\/revisions"}],"predecessor-version":[{"id":57114,"href":"https:\/\/noonsong.de\/en\/wp-json\/wp\/v2\/tribe_events\/41674\/revisions\/57114"}],"wp:featuredmedia":[{"embeddable":true,"href":"https:\/\/noonsong.de\/en\/wp-json\/wp\/v2\/media\/5050"}],"wp:attachment":[{"href":"https:\/\/noonsong.de\/en\/wp-json\/wp\/v2\/media?parent=41674"}],"wp:term":[{"taxonomy":"post_tag","embeddable":true,"href":"https:\/\/noonsong.de\/en\/wp-json\/wp\/v2\/tags?post=41674"},{"taxonomy":"tribe_events_cat","embeddable":true,"href":"https:\/\/noonsong.de\/en\/wp-json\/wp\/v2\/tribe_events_cat?post=41674"}],"curies":[{"name":"wp","href":"https:\/\/api.w.org\/{rel}","templated":true}]}}

<div class="wp-block-group is-layout-constrained wp-block-group-is-layout-constrained">

<h2 class="wp-block-heading">Programme</h2>



<p>
<strong>Organ prelude</strong>: Samuel Coleridge-Taylor (1875-1912): Melody<br/><strong>Preces</strong>: John Tavener (1944-2013): Preces &amp; Responses für achtstimmig gemischten Chor a cappella<br/><strong>Psalm of the day</strong>: Psalm 79: Ernst Friedrich Richter (1808-1879): Herr, es sind Heiden in dein Erbe gefallen für vierstimmigen Chor und vier Solostimmen<br/><strong>Psalm of the week</strong>: Psalm 80,2: Constanzo Porta (1529-1601): Qui regis Israel für vierstimmig gemischten Chor a cappella<br/><strong>Responsorium</strong>: gregorianisch

<br/><strong>Canticle</strong>: Heinrich von Herzogenberg (1843-1900): Meine Seele erhebt den Herren op. 81,1 für achtstimmig gemischten Chor a cappella<br/><strong>Hymn</strong>: Frank Schwemmer (*1961): O Heiland reiß die Himmel auf für vierstimmig gemischten Chor a cappella<br/><strong>Organ postlude</strong>: Alec Rowley (1892-1958): Siciliana &#x27;The Holly and the Ivy&#x27;<br/><strong>Bible reading</strong>: Evangelium nach Lukas 21,25-33</p>



<div style="height:30px" aria-hidden="true" class="wp-block-spacer"></div>



<blockquote class="wp-block-quote is-layout-flow wp-block-quote-is-layout-flow" style="font-family:Playfair-Display">
Liturgy: 2. Sonntag im Advent<br>
Pfarrerin: Anna Kim-Chi Nguyen-Huu<br>
Organist: Vladimir Magalashvili<br>
Location: <a href="/kontakt/#anker-kommen-sie-vorbei">Kirche am Hohenzollernplatz</a>
</blockquote>

</div>

<div style="height:20px" aria-hidden="true" class="wp-block-spacer"></div>



<div class="wp-block-group is-layout-constrained wp-block-group-is-layout-constrained">
<h2 class="wp-block-heading">Listen</h2>




<p>Here you can listen to this NoonSong. If you&#8217;d like to listen to more NoonSongs recordings, please register.</p>

<div class="um-locked-content">
	<div class="um-locked-content-msg">This content has been restricted to logged-in users only. Please <a href="https://noonsong.de/en/login-audio-archive/?redirect_to=https%3A%2F%2Fnoonsong.de%2Fen%2Fwp-json%2Fwp%2Fv2%2Ftribe_events%2F41674">log in</a> to view this content.</div>
</div>
</div>

<div style="height:20px" aria-hidden="true" class="wp-block-spacer"></div>



<div class="wp-block-group is-layout-constrained wp-block-group-is-layout-constrained">

<h2 class="wp-block-heading">Watch</h2>




<p>Experience the recorded live-stream of this NoonSong.</p>





<p>You&#8217;ll find many selected video recordings of NoonSongs and other concerts on our <a href="https://youtube.com/sirventesberlin" target="_blank" rel="noreferrer noopener">YouTube channel</a>.
</p>




<div style="height:1em" aria-hidden="true" class="wp-block-spacer"></div>
<div class="um-locked-content">
	<div class="um-locked-content-msg">This content has been restricted to logged-in users only. Please <a href="https://noonsong.de/en/login-audio-archive/?redirect_to=https%3A%2F%2Fnoonsong.de%2Fen%2Fwp-json%2Fwp%2Fv2%2Ftribe_events%2F41674">log in</a> to view this content.</div>
</div>

<div style="height:20px" aria-hidden="true" class="wp-block-spacer"></div>

</div>

<div style="height:20px" aria-hidden="true" class="wp-block-spacer"></div>



<div class="wp-block-group is-layout-constrained wp-block-group-is-layout-constrained">

<h2 class="wp-block-heading">Programme PDF</h2>




<p>Read more about this NoonSong in the programme document.</p>




<div style="height:1em" aria-hidden="true" class="wp-block-spacer"></div>



<figure class="wp-block-image aligncenter is-resized">
<a target="_blank" rel="noopener noreferrer" href="https://noonsong.de/wp-content/uploads/2023/05/user_upload2022-12-03-Liturgie.pdf">
<img decoding="async" src="https://noonsong.de/wp-content/uploads/2023/05/user_upload2022-12-03-Liturgie-pdf.jpg" alt="" style="max-height:45em; max-width:61.8%" />
<br>
PDF DOWNLOAD
</a>
</figure>



<div style="height:20px" aria-hidden="true" class="wp-block-spacer"></div>

</div>

<div style="height:50px" aria-hidden="true" class="wp-block-spacer"></div>



<p hidden>, , , Tavener, Sir John; Tavener, John Kenneth, Herr, es sind Heiden eingedrungen
Motetten, op. 40. Herr, es sind Heiden in dein Erbe gefallen
op. 40, Nr. 3, Richter, Ernst Friedrich Eduard; Richter, E. F.; Richter, E. Fr.; Richter, E. Friedr.; Richter, E. Friedrich; Richter, Ernst F.; Richter, Ernst, , Porta, Constantius; Porta, Constanzo, Liturgische Gesänge, op. 81. Zur Adventszeit
Liturgische Gesänge für Chor a capella für die akademischen Gottesdienste zu Strassburg i&#x2f;E. Leipzig
Zur Adventszeit, Herzogenberg, Heinrich von; Herzogenberg, Leopold Heinrich Picot de Peccaduc; Picot de Peccaduc, Henry; Von Herzogenberg, Heinrich; Peccaduc, Picot de; Herzogenberg, Leopold H.; Herzogenberg, Heinrich von, Freiherr von, , , , Taylor, Samuel C.; Coleridge Taylor, Samuel; Taylor, Samuel Coleridge-; Coleridge-Taylor, S., , Wade, Stuart, </p>

<p>Auch im NoonSong zum zweiten Advent erklingt romantische Chormusik, u.a. das inzwischen beliebte und berührend schöne achtstimmige deutsche Magnificat von Herzogenberg, der auch in Berlin wirkte.</p>
