{"id":41676,"date":"2025-07-07T21:36:56","date_gmt":"2025-07-07T19:36:56","guid":{"rendered":"https:\/\/noonsong.de\/veranstaltung\/noonsong-event-2012-02-11\/"},"modified":"2025-07-07T21:36:56","modified_gmt":"2025-07-07T19:36:56","slug":"noonsong-event-2012-02-11","status":"publish","type":"tribe_events","link":"https:\/\/noonsong.de\/en\/event\/noonsong-event-2012-02-11\/","title":{"rendered":"143. NoonSong am 11.02.2012 um 12:00"},"content":{"rendered":"\n<div class=\"wp-block-group is-layout-constrained wp-block-group-is-layout-constrained\">\n\n<h2 class=\"wp-block-heading\">Programme<\/h2>\n\n\n\n<p>\n<strong>Organ prelude<\/strong>: Vincent L\u00fcbeck (1654-1740): Pr\u00e4ludium und Fuge F-Dur<br\/><strong>Preces<\/strong>: William Byrd (ca. 1540-1623): Preces &amp; Responses f\u00fcr f\u00fcnfstimmig gemischten Chor a cappella<br\/><strong>Psalm of the day<\/strong>: Psalm 128: Hans Leo Ha\u00dfler (1564-1612): Beati omnes f\u00fcr vierstimmig gemischten Chor a cappella<br\/><strong>Psalm of the week<\/strong>: Psalm 78: Jan Pieterszoon Sweelinck (1562-1621): Sois ententif mon peuple, \u00e0 ma doctrine f\u00fcr f\u00fcnfstimmig gemischten Chor a cappella<br\/><strong>Responsorium<\/strong>: gregorianisch\n\n<br\/><strong>Canticle<\/strong>: Hieronymus Praetorius (1560-1629): Also hat Gott die Welt geliebt f\u00fcr sechsstimmig gemischten Chor a cappella<br\/><strong>Hymn<\/strong>: Michael Praetorius (1571-1621): Herr, f\u00fcr Dein Wort sei hoch gepreist f\u00fcr vierstimmig gemischten Chor a cappella<br\/><strong>Organ postlude<\/strong>: Dietrich Buxtehude (1637-1707): Toccata und Fuge F-Dur (BuxWV 157)<br\/><strong>Bible reading<\/strong>: Evangelium nach Johannes 7,14-18<\/p>\n\n\n\n<div style=\"height:30px\" aria-hidden=\"true\" class=\"wp-block-spacer\"><\/div>\n\n\n\n<blockquote class=\"wp-block-quote is-layout-flow wp-block-quote-is-layout-flow\" style=\"font-family:Playfair-Display\">\nLiturgy: Sexagesimae<br>\nPfarrerin: Barbara Deml<br>\nOrganist: Rudolf Seidel<br>\nLocation: <a href=\"\/kontakt\/#anker-kommen-sie-vorbei\">Kirche am Hohenzollernplatz<\/a>\n<\/blockquote>\n\n<\/div>\n\n<div style=\"height:20px\" aria-hidden=\"true\" class=\"wp-block-spacer\"><\/div>\n\n\n\n<div class=\"wp-block-group is-layout-constrained wp-block-group-is-layout-constrained\">\n<h2 class=\"wp-block-heading\">Listen<\/h2>\n\n\n\n\n<p>Here you can listen to this NoonSong. If you&#8217;d like to listen to more NoonSongs recordings, please register.<\/p>\n\n<div class=\"um-locked-content\">\n\t<div class=\"um-locked-content-msg\">This content has been restricted to logged-in users only. Please <a href=\"https:\/\/noonsong.de\/en\/login-audio-archive\/?redirect_to=https%3A%2F%2Fnoonsong.de%2Fen%2Fwp-json%2Fwp%2Fv2%2Ftribe_events%2F41676\">log in<\/a> to view this content.<\/div>\n<\/div>\n<\/div>\n\n<div style=\"height:20px\" aria-hidden=\"true\" class=\"wp-block-spacer\"><\/div>\n\n\n\n<div class=\"wp-block-group is-layout-constrained wp-block-group-is-layout-constrained\">\n\n<h2 class=\"wp-block-heading\">Programme PDF<\/h2>\n\n\n\n\n<p>Read more about this NoonSong in the programme document.<\/p>\n\n\n\n\n<div style=\"height:1em\" aria-hidden=\"true\" class=\"wp-block-spacer\"><\/div>\n\n\n\n<figure class=\"wp-block-image aligncenter is-resized\">\n<a target=\"_blank\" rel=\"noopener noreferrer\" href=\"https:\/\/noonsong.de\/wp-content\/uploads\/2024\/07\/2012-02-11-Liturgie.pdf\">\n<img decoding=\"async\" src=\"https:\/\/noonsong.de\/wp-content\/uploads\/2024\/07\/2012-02-11-Liturgie-pdf.jpg\" alt=\"\" style=\"max-height:45em; max-width:61.8%\" \/>\n<br>\nPDF DOWNLOAD\n<\/a>\n<\/figure>\n\n\n\n<div style=\"height:20px\" aria-hidden=\"true\" class=\"wp-block-spacer\"><\/div>\n\n<\/div>\n\n<div style=\"height:50px\" aria-hidden=\"true\" class=\"wp-block-spacer\"><\/div>\n\n\n\n<p hidden>, , , Byrd, &#8230;; Byrd, W.; Byrd, Guil.; Byrd of Virginia, William; Berd, V.; Byred, William; Bird, William; Byrde, William, Cantiones sacrae de festis praecipuis totius anni. Beati omnes qui timent Dominum. Fassung 1597\nCantiones sacrae\nBeati omnes qui timent Dominum\nWohl dem, der den Herrn f\u00fcrchtet\nWohl dem, der den Herrn f\u00fcrchtet und auf seinen Wegen geht!\nCantiones sacrae de festis praecipuis totius anni (Beati omnes qui timent Dominum. Fassung 1597), Hassler, Hans Leo; Hassler, J. L.; Hasler, Jean Leo; Hasler, Hans Leo von; Hasler, Giovan Leo; Hasler, Ioannes Leo; Hasler, L.; Hasler, Hanns Leo; Hassler, Hans L.; Hasler, Hans L.; Hasler, Joanne Leone; Hasler, &#8230;; Hassler, Johann Leo; Hasler, Johann Leo; Hasler, Hans Leo; Hasler, Johannes Leo; Hasler, J. L.; Haslerus, Hans Leo; Hassler, H. L.; Hassler, L\u00e9o; Hassler, Hans Leo; Haslero, Joanne Leone, , Sweeling, Jan P.; Sweelinck, Jan P.; Sweelink, Jan P.; Sweelinck, &#8230;; Sweeling, Johan Peterssen; Swelingh, Jean Pierre; Sweelinck, Jan Peter; Sweling, Johan P.; Sweling, Johann P.; Sweling, Johan Peterssen; Sweling, Johann Peterssen; Swelingh, D. J.; Sweelinck, J. P.; Sweelinck, Jan Pieterszon; Sweelinck, Jan Pieterszn; Sweelinck, Jan Pieters; Sweelinck, Jan Pieter; Sweeling, Jan Pieterszoon; Zwelinck, Jan Pieterszoon; Sweelingh, Jan Pieterszoon; Sweling, Jan Pieterszoon; Swelingh, Jan Pieterszoon; Swelinck, Jan Pietersz.; Swelinck, Jan Pieterszoon; Sweelinck, Johann Peter, , Schultz, Hieronymus; Praetorius, Hieronymus, der \u00c4ltere; Schultze, Hieronymus; Praetorius, Hieronimus, , Praetorius, M.; Praetorius; Praetorij, Micha\u00eblis; Pr\u00e4torius, Michael; Pr\u00e4torius, Mich.; Schulthei\u00df, Michael; Schultheiss, Michael, Pr\u00e4ludien und Fugen, Org F-Dur, L\u00fcbeck, Vincent; L\u00fcbeck, Vincent, Vater; L\u00fcbeck, Vincentius; L\u00fcbeck, Vincent, der \u00c4ltere; Liubek, V.; L\u00fcbeck, V, Tokkaten, Orgel, BuxWV 157 (F-Dur)\nTokkaten, Org K 157, Buxtehude, &#8230;; Buxtehude, D.; Buxtehude, Diderik; Buxtehude, Diderich; Buxtehude, Dieterich, <\/p>\n\n","protected":false},"excerpt":{"rendered":"<p style='position:absolute'>&nbsp;<\/p>\n","protected":false},"author":16,"featured_media":5105,"template":"","meta":{"_et_pb_use_builder":"","_et_pb_old_content":"","_et_gb_content_width":"","_tribe_events_status":"","_tribe_events_status_reason":"","footnotes":""},"tags":[205,169,382,195,145,392,113],"tribe_events_cat":[743,723,711,712,716,717,719,729,708,735,724,720],"class_list":["post-41676","tribe_events","type-tribe_events","status-publish","has-post-thumbnail","hentry","tag-dietrich-buxtehude","tag-hans-leo-hassler","tag-hieronymus-praetorius","tag-jan-pieterszoon-sweelinck","tag-michael-praetorius","tag-vincent-luebeck","tag-william-byrd","tribe_events_cat-audio","tribe_events_cat-barock","tribe_events_cat-berlin","tribe_events_cat-chor","tribe_events_cat-gottesdienst","tribe_events_cat-kirche","tribe_events_cat-konzert","tribe_events_cat-liturgie","tribe_events_cat-noonsong","tribe_events_cat-pdf","tribe_events_cat-renaissance","tribe_events_cat-vokal","cat_audio","cat_barock","cat_berlin","cat_chor","cat_gottesdienst","cat_kirche","cat_konzert","cat_liturgie","cat_noonsong","cat_pdf","cat_renaissance","cat_vokal"],"acf":[],"_links":{"self":[{"href":"https:\/\/noonsong.de\/en\/wp-json\/wp\/v2\/tribe_events\/41676","targetHints":{"allow":["GET"]}}],"collection":[{"href":"https:\/\/noonsong.de\/en\/wp-json\/wp\/v2\/tribe_events"}],"about":[{"href":"https:\/\/noonsong.de\/en\/wp-json\/wp\/v2\/types\/tribe_events"}],"author":[{"embeddable":true,"href":"https:\/\/noonsong.de\/en\/wp-json\/wp\/v2\/users\/16"}],"version-history":[{"count":1,"href":"https:\/\/noonsong.de\/en\/wp-json\/wp\/v2\/tribe_events\/41676\/revisions"}],"predecessor-version":[{"id":57027,"href":"https:\/\/noonsong.de\/en\/wp-json\/wp\/v2\/tribe_events\/41676\/revisions\/57027"}],"wp:featuredmedia":[{"embeddable":true,"href":"https:\/\/noonsong.de\/en\/wp-json\/wp\/v2\/media\/5105"}],"wp:attachment":[{"href":"https:\/\/noonsong.de\/en\/wp-json\/wp\/v2\/media?parent=41676"}],"wp:term":[{"taxonomy":"post_tag","embeddable":true,"href":"https:\/\/noonsong.de\/en\/wp-json\/wp\/v2\/tags?post=41676"},{"taxonomy":"tribe_events_cat","embeddable":true,"href":"https:\/\/noonsong.de\/en\/wp-json\/wp\/v2\/tribe_events_cat?post=41676"}],"curies":[{"name":"wp","href":"https:\/\/api.w.org\/{rel}","templated":true}]}}

<div class="wp-block-group is-layout-constrained wp-block-group-is-layout-constrained">

<h2 class="wp-block-heading">Programme</h2>



<p>
<strong>Organ prelude</strong>: Vincent Lübeck (1654-1740): Präludium und Fuge F-Dur<br/><strong>Preces</strong>: William Byrd (ca. 1540-1623): Preces &amp; Responses für fünfstimmig gemischten Chor a cappella<br/><strong>Psalm of the day</strong>: Psalm 128: Hans Leo Haßler (1564-1612): Beati omnes für vierstimmig gemischten Chor a cappella<br/><strong>Psalm of the week</strong>: Psalm 78: Jan Pieterszoon Sweelinck (1562-1621): Sois ententif mon peuple, à ma doctrine für fünfstimmig gemischten Chor a cappella<br/><strong>Responsorium</strong>: gregorianisch

<br/><strong>Canticle</strong>: Hieronymus Praetorius (1560-1629): Also hat Gott die Welt geliebt für sechsstimmig gemischten Chor a cappella<br/><strong>Hymn</strong>: Michael Praetorius (1571-1621): Herr, für Dein Wort sei hoch gepreist für vierstimmig gemischten Chor a cappella<br/><strong>Organ postlude</strong>: Dietrich Buxtehude (1637-1707): Toccata und Fuge F-Dur (BuxWV 157)<br/><strong>Bible reading</strong>: Evangelium nach Johannes 7,14-18</p>



<div style="height:30px" aria-hidden="true" class="wp-block-spacer"></div>



<blockquote class="wp-block-quote is-layout-flow wp-block-quote-is-layout-flow" style="font-family:Playfair-Display">
Liturgy: Sexagesimae<br>
Pfarrerin: Barbara Deml<br>
Organist: Rudolf Seidel<br>
Location: <a href="/kontakt/#anker-kommen-sie-vorbei">Kirche am Hohenzollernplatz</a>
</blockquote>

</div>

<div style="height:20px" aria-hidden="true" class="wp-block-spacer"></div>



<div class="wp-block-group is-layout-constrained wp-block-group-is-layout-constrained">
<h2 class="wp-block-heading">Listen</h2>




<p>Here you can listen to this NoonSong. If you&#8217;d like to listen to more NoonSongs recordings, please register.</p>

<div class="um-locked-content">
	<div class="um-locked-content-msg">This content has been restricted to logged-in users only. Please <a href="https://noonsong.de/en/login-audio-archive/?redirect_to=https%3A%2F%2Fnoonsong.de%2Fen%2Fwp-json%2Fwp%2Fv2%2Ftribe_events%2F41676">log in</a> to view this content.</div>
</div>
</div>

<div style="height:20px" aria-hidden="true" class="wp-block-spacer"></div>



<div class="wp-block-group is-layout-constrained wp-block-group-is-layout-constrained">

<h2 class="wp-block-heading">Programme PDF</h2>




<p>Read more about this NoonSong in the programme document.</p>




<div style="height:1em" aria-hidden="true" class="wp-block-spacer"></div>



<figure class="wp-block-image aligncenter is-resized">
<a target="_blank" rel="noopener noreferrer" href="https://noonsong.de/wp-content/uploads/2024/07/2012-02-11-Liturgie.pdf">
<img decoding="async" src="https://noonsong.de/wp-content/uploads/2024/07/2012-02-11-Liturgie-pdf.jpg" alt="" style="max-height:45em; max-width:61.8%" />
<br>
PDF DOWNLOAD
</a>
</figure>



<div style="height:20px" aria-hidden="true" class="wp-block-spacer"></div>

</div>

<div style="height:50px" aria-hidden="true" class="wp-block-spacer"></div>



<p hidden>, , , Byrd, &#8230;; Byrd, W.; Byrd, Guil.; Byrd of Virginia, William; Berd, V.; Byred, William; Bird, William; Byrde, William, Cantiones sacrae de festis praecipuis totius anni. Beati omnes qui timent Dominum. Fassung 1597
Cantiones sacrae
Beati omnes qui timent Dominum
Wohl dem, der den Herrn fürchtet
Wohl dem, der den Herrn fürchtet und auf seinen Wegen geht!
Cantiones sacrae de festis praecipuis totius anni (Beati omnes qui timent Dominum. Fassung 1597), Hassler, Hans Leo; Hassler, J. L.; Hasler, Jean Leo; Hasler, Hans Leo von; Hasler, Giovan Leo; Hasler, Ioannes Leo; Hasler, L.; Hasler, Hanns Leo; Hassler, Hans L.; Hasler, Hans L.; Hasler, Joanne Leone; Hasler, &#8230;; Hassler, Johann Leo; Hasler, Johann Leo; Hasler, Hans Leo; Hasler, Johannes Leo; Hasler, J. L.; Haslerus, Hans Leo; Hassler, H. L.; Hassler, Léo; Hassler, Hans Leo; Haslero, Joanne Leone, , Sweeling, Jan P.; Sweelinck, Jan P.; Sweelink, Jan P.; Sweelinck, &#8230;; Sweeling, Johan Peterssen; Swelingh, Jean Pierre; Sweelinck, Jan Peter; Sweling, Johan P.; Sweling, Johann P.; Sweling, Johan Peterssen; Sweling, Johann Peterssen; Swelingh, D. J.; Sweelinck, J. P.; Sweelinck, Jan Pieterszon; Sweelinck, Jan Pieterszn; Sweelinck, Jan Pieters; Sweelinck, Jan Pieter; Sweeling, Jan Pieterszoon; Zwelinck, Jan Pieterszoon; Sweelingh, Jan Pieterszoon; Sweling, Jan Pieterszoon; Swelingh, Jan Pieterszoon; Swelinck, Jan Pietersz.; Swelinck, Jan Pieterszoon; Sweelinck, Johann Peter, , Schultz, Hieronymus; Praetorius, Hieronymus, der Ältere; Schultze, Hieronymus; Praetorius, Hieronimus, , Praetorius, M.; Praetorius; Praetorij, Michaëlis; Prätorius, Michael; Prätorius, Mich.; Schultheiß, Michael; Schultheiss, Michael, Präludien und Fugen, Org F-Dur, Lübeck, Vincent; Lübeck, Vincent, Vater; Lübeck, Vincentius; Lübeck, Vincent, der Ältere; Liubek, V.; Lübeck, V, Tokkaten, Orgel, BuxWV 157 (F-Dur)
Tokkaten, Org K 157, Buxtehude, &#8230;; Buxtehude, D.; Buxtehude, Diderik; Buxtehude, Diderich; Buxtehude, Dieterich, </p>
