{"id":41681,"date":"2025-07-07T21:39:27","date_gmt":"2025-07-07T19:39:27","guid":{"rendered":"https:\/\/noonsong.de\/veranstaltung\/noonsong-event-2014-03-08\/"},"modified":"2025-07-07T21:39:27","modified_gmt":"2025-07-07T19:39:27","slug":"noonsong-event-2014-03-08","status":"publish","type":"tribe_events","link":"https:\/\/noonsong.de\/en\/event\/noonsong-event-2014-03-08\/","title":{"rendered":"236. NoonSong am 08.03.2014 um 12:00"},"content":{"rendered":"\n<div class=\"wp-block-group is-layout-constrained wp-block-group-is-layout-constrained\">\n\n<h2 class=\"wp-block-heading\">Programme<\/h2>\n\n\n\n<p>\n<strong>Organ prelude<\/strong>: Jehan Alain (1911-1940): Choral dorien<br\/><strong>Preces<\/strong>: William Smith (1603-1645): Preces &amp; Responses f\u00fcr vierstimmig gemischten Chor a cappella<br\/><strong>Psalm of the day<\/strong>: Psalm 141: Cyrillus Kreek (1889-1962): Taaveti laul Nr.141 f\u00fcr siebenstimmig gemischten Chor a cappella<br\/><strong>Psalm of the week<\/strong>: Psalm 91: Felix Mendelssohn Bartholdy (1809-1847): Denn er hat seinen Engeln befohlen \u00fcber Dir f\u00fcr achtstimmig gemischten Chor a cappella<br\/><strong>Responsorium<\/strong>: gregorianisch\n\n<br\/><strong>Canticle<\/strong>: Anton Bruckner (1824-1896): Christus factus est obediens (d-Moll) f\u00fcr vier- bis achtstimmigen Chor a cappella<br\/><strong>Hymn<\/strong>: Lukas Osiander (1534-1604): Ein feste Burg f\u00fcr vierstimmig gemischten Chor a cappella<br\/><strong>Organ postlude<\/strong>: Dietrich Buxtehude (1637-1707): Pr\u00e4ludium und Fuge g-Moll (BuxWV 149)<br\/><strong>Bible reading<\/strong>: 5. Buch Mose 8,11-18<\/p>\n\n\n\n<div style=\"height:30px\" aria-hidden=\"true\" class=\"wp-block-spacer\"><\/div>\n\n\n\n<blockquote class=\"wp-block-quote is-layout-flow wp-block-quote-is-layout-flow\" style=\"font-family:Playfair-Display\">\nLiturgy: Invokavit<br>\nPfarrer: Superintendent Harald Gr\u00fcn-Rath<br>\nOrganist: Rudolf Seidel<br>\nLocation: <a href=\"\/kontakt\/#anker-kommen-sie-vorbei\">Kirche am Hohenzollernplatz<\/a>\n<\/blockquote>\n\n<\/div>\n\n<div style=\"height:20px\" aria-hidden=\"true\" class=\"wp-block-spacer\"><\/div>\n\n\n\n<div class=\"wp-block-group is-layout-constrained wp-block-group-is-layout-constrained\">\n<h2 class=\"wp-block-heading\">Listen<\/h2>\n\n\n\n\n<p>Here you can listen to this NoonSong. If you&#8217;d like to listen to more NoonSongs recordings, please register.<\/p>\n\n<div class=\"um-locked-content\">\n\t<div class=\"um-locked-content-msg\">This content has been restricted to logged-in users only. Please <a href=\"https:\/\/noonsong.de\/en\/login-audio-archive\/?redirect_to=https%3A%2F%2Fnoonsong.de%2Fen%2Fwp-json%2Fwp%2Fv2%2Ftribe_events%2F41681\">log in<\/a> to view this content.<\/div>\n<\/div>\n<\/div>\n\n<div style=\"height:20px\" aria-hidden=\"true\" class=\"wp-block-spacer\"><\/div>\n\n\n\n<div class=\"wp-block-group is-layout-constrained wp-block-group-is-layout-constrained\">\n\n<h2 class=\"wp-block-heading\">Programme PDF<\/h2>\n\n\n\n\n<p>Read more about this NoonSong in the programme document.<\/p>\n\n\n\n\n<div style=\"height:1em\" aria-hidden=\"true\" class=\"wp-block-spacer\"><\/div>\n\n\n\n<figure class=\"wp-block-image aligncenter is-resized\">\n<a target=\"_blank\" rel=\"noopener noreferrer\" href=\"https:\/\/noonsong.de\/wp-content\/uploads\/2024\/07\/2014-03-08-Liturgie.pdf\">\n<img decoding=\"async\" src=\"https:\/\/noonsong.de\/wp-content\/uploads\/2024\/07\/2014-03-08-Liturgie-pdf.jpg\" alt=\"\" style=\"max-height:45em; max-width:61.8%\" \/>\n<br>\nPDF DOWNLOAD\n<\/a>\n<\/figure>\n\n\n\n<div style=\"height:20px\" aria-hidden=\"true\" class=\"wp-block-spacer\"><\/div>\n\n<\/div>\n\n<div style=\"height:50px\" aria-hidden=\"true\" class=\"wp-block-spacer\"><\/div>\n\n\n\n<p hidden>Buch Deuteronomium 8,11-18, , , , , Kreek, Cirillius; Kreek, Cyrillius; Kreek, Kirillius; Kreek, Karl Ustav; Kre\u0117k, Kirillus; Kreegi, Cyrillus, Denn er hat seinen Engeln befohlen \u00fcber dir\nPsalm 91\nFor he shall give his angels charge over thee, Mendelssohn-Bartholdy, Felix; Mendelssohn-Bartholdi, Felix; Mendelssohn Bartholdi; Mendelssohn-Bartholdy, Felix; Mendelssohn B., Felix; Mendelssohn Bartholdy, Jakob Ludwig Felix; Mendelssohn-Bartholdy, Jakob Ludwig Felix; Mendelssohn-Bartholdy, Jacob Ludwig Felix; Mendelssohn Bartholdy, Felix Jakob; Mendelssohn, Jakob Ludwig Felix; Mendelssohn Bartholdy, F.; Mendelssohn Bartholdy; Mendelssohn-Bartholdy; Mendelssohn; F.; Mendelson-Bartoldi, Feliks; Mendel\u02b9son-Bartol\u02b9di, Feliks; Mendelsson-Bartholdy, Felix; Mendelsohn-Bartholdy, Felix; Bartholdy, Felix Mendelssohn; Mendelssohn, Felix; Mendelssohn, F.; Mendelssohn-Bartholdy, F.; Mendelssohn Batholdy, Felix; Mendel&#x27;son, Feliks; Mendel&#x27;son, F., Christus factus est G 11\nWAB 11, Bruckner, A.; Brukner, Anton; Bruckner, &#8230;; Bruckner, Joseph Anton; Bruckner, Josef Anton; Burukkun\u0101, Anton, Geistliche Lieder vnd Psalmen. Ein veste Burg ist vnser Gott\t\nEin veste Burg ist vnser Gott\nEin feste Burg\nEin feste Burg ist unser Gott\nEin veste Burg ist unser Gott\nEin veste Burg\nGeistliche Lieder vnd Psalmen. Nr. 33\n, Osiander, Lucas, der \u00c4ltere; Osiander, Lucas, d.\u00c4.; Osiander, Lukas d.\u00c4.; Osiander, Lukas; Osiander, Lucas (der Aeltere); Osiander, Lukas, der \u00c4ltere; Osiandrus, Lucas; Osiander, Lukas (der Aeltere), Chor\u00e4le, Org (1935). Choral dorien, Alain, &#8230;; Alain, Jehan Ariste; Alain, Jehan-Ariste; Alain, Jehan A.; Alain, Jean-Ariste; Alain, Jean Artiste, , Buxtehude, &#8230;; Buxtehude, D.; Buxtehude, Diderik; Buxtehude, Diderich; Buxtehude, Dieterich, <\/p>\n\n","protected":false},"excerpt":{"rendered":"<p style='position:absolute'>&nbsp;<\/p>\n","protected":false},"author":16,"featured_media":4441,"template":"","meta":{"_et_pb_use_builder":"","_et_pb_old_content":"","_et_gb_content_width":"","_tribe_events_status":"","_tribe_events_status_reason":"","footnotes":""},"tags":[92,371,205,115,327,222,114],"tribe_events_cat":[722,743,726,723,711,712,716,717,719,729,708,735,724,725,720],"class_list":["post-41681","tribe_events","type-tribe_events","status-publish","has-post-thumbnail","hentry","tag-anton-bruckner","tag-cyrillus-kreek","tag-dietrich-buxtehude","tag-felix-mendelssohn-bartholdy","tag-jehan-alain","tag-lukas-osiander","tag-william-smith","tribe_events_cat-20-jahrhundert","tribe_events_cat-audio","tribe_events_cat-avantgarde","tribe_events_cat-barock","tribe_events_cat-berlin","tribe_events_cat-chor","tribe_events_cat-gottesdienst","tribe_events_cat-kirche","tribe_events_cat-konzert","tribe_events_cat-liturgie","tribe_events_cat-noonsong","tribe_events_cat-pdf","tribe_events_cat-renaissance","tribe_events_cat-romantik","tribe_events_cat-vokal","cat_20-jahrhundert","cat_audio","cat_avantgarde","cat_barock","cat_berlin","cat_chor","cat_gottesdienst","cat_kirche","cat_konzert","cat_liturgie","cat_noonsong","cat_pdf","cat_renaissance","cat_romantik","cat_vokal"],"acf":[],"_links":{"self":[{"href":"https:\/\/noonsong.de\/en\/wp-json\/wp\/v2\/tribe_events\/41681","targetHints":{"allow":["GET"]}}],"collection":[{"href":"https:\/\/noonsong.de\/en\/wp-json\/wp\/v2\/tribe_events"}],"about":[{"href":"https:\/\/noonsong.de\/en\/wp-json\/wp\/v2\/types\/tribe_events"}],"author":[{"embeddable":true,"href":"https:\/\/noonsong.de\/en\/wp-json\/wp\/v2\/users\/16"}],"version-history":[{"count":1,"href":"https:\/\/noonsong.de\/en\/wp-json\/wp\/v2\/tribe_events\/41681\/revisions"}],"predecessor-version":[{"id":57181,"href":"https:\/\/noonsong.de\/en\/wp-json\/wp\/v2\/tribe_events\/41681\/revisions\/57181"}],"wp:featuredmedia":[{"embeddable":true,"href":"https:\/\/noonsong.de\/en\/wp-json\/wp\/v2\/media\/4441"}],"wp:attachment":[{"href":"https:\/\/noonsong.de\/en\/wp-json\/wp\/v2\/media?parent=41681"}],"wp:term":[{"taxonomy":"post_tag","embeddable":true,"href":"https:\/\/noonsong.de\/en\/wp-json\/wp\/v2\/tags?post=41681"},{"taxonomy":"tribe_events_cat","embeddable":true,"href":"https:\/\/noonsong.de\/en\/wp-json\/wp\/v2\/tribe_events_cat?post=41681"}],"curies":[{"name":"wp","href":"https:\/\/api.w.org\/{rel}","templated":true}]}}

<div class="wp-block-group is-layout-constrained wp-block-group-is-layout-constrained">

<h2 class="wp-block-heading">Programme</h2>



<p>
<strong>Organ prelude</strong>: Jehan Alain (1911-1940): Choral dorien<br/><strong>Preces</strong>: William Smith (1603-1645): Preces &amp; Responses für vierstimmig gemischten Chor a cappella<br/><strong>Psalm of the day</strong>: Psalm 141: Cyrillus Kreek (1889-1962): Taaveti laul Nr.141 für siebenstimmig gemischten Chor a cappella<br/><strong>Psalm of the week</strong>: Psalm 91: Felix Mendelssohn Bartholdy (1809-1847): Denn er hat seinen Engeln befohlen über Dir für achtstimmig gemischten Chor a cappella<br/><strong>Responsorium</strong>: gregorianisch

<br/><strong>Canticle</strong>: Anton Bruckner (1824-1896): Christus factus est obediens (d-Moll) für vier- bis achtstimmigen Chor a cappella<br/><strong>Hymn</strong>: Lukas Osiander (1534-1604): Ein feste Burg für vierstimmig gemischten Chor a cappella<br/><strong>Organ postlude</strong>: Dietrich Buxtehude (1637-1707): Präludium und Fuge g-Moll (BuxWV 149)<br/><strong>Bible reading</strong>: 5. Buch Mose 8,11-18</p>



<div style="height:30px" aria-hidden="true" class="wp-block-spacer"></div>



<blockquote class="wp-block-quote is-layout-flow wp-block-quote-is-layout-flow" style="font-family:Playfair-Display">
Liturgy: Invokavit<br>
Pfarrer: Superintendent Harald Grün-Rath<br>
Organist: Rudolf Seidel<br>
Location: <a href="/kontakt/#anker-kommen-sie-vorbei">Kirche am Hohenzollernplatz</a>
</blockquote>

</div>

<div style="height:20px" aria-hidden="true" class="wp-block-spacer"></div>



<div class="wp-block-group is-layout-constrained wp-block-group-is-layout-constrained">
<h2 class="wp-block-heading">Listen</h2>




<p>Here you can listen to this NoonSong. If you&#8217;d like to listen to more NoonSongs recordings, please register.</p>

<div class="um-locked-content">
	<div class="um-locked-content-msg">This content has been restricted to logged-in users only. Please <a href="https://noonsong.de/en/login-audio-archive/?redirect_to=https%3A%2F%2Fnoonsong.de%2Fen%2Fwp-json%2Fwp%2Fv2%2Ftribe_events%2F41681">log in</a> to view this content.</div>
</div>
</div>

<div style="height:20px" aria-hidden="true" class="wp-block-spacer"></div>



<div class="wp-block-group is-layout-constrained wp-block-group-is-layout-constrained">

<h2 class="wp-block-heading">Programme PDF</h2>




<p>Read more about this NoonSong in the programme document.</p>




<div style="height:1em" aria-hidden="true" class="wp-block-spacer"></div>



<figure class="wp-block-image aligncenter is-resized">
<a target="_blank" rel="noopener noreferrer" href="https://noonsong.de/wp-content/uploads/2024/07/2014-03-08-Liturgie.pdf">
<img decoding="async" src="https://noonsong.de/wp-content/uploads/2024/07/2014-03-08-Liturgie-pdf.jpg" alt="" style="max-height:45em; max-width:61.8%" />
<br>
PDF DOWNLOAD
</a>
</figure>



<div style="height:20px" aria-hidden="true" class="wp-block-spacer"></div>

</div>

<div style="height:50px" aria-hidden="true" class="wp-block-spacer"></div>



<p hidden>Buch Deuteronomium 8,11-18, , , , , Kreek, Cirillius; Kreek, Cyrillius; Kreek, Kirillius; Kreek, Karl Ustav; Kreėk, Kirillus; Kreegi, Cyrillus, Denn er hat seinen Engeln befohlen über dir
Psalm 91
For he shall give his angels charge over thee, Mendelssohn-Bartholdy, Felix; Mendelssohn-Bartholdi, Felix; Mendelssohn Bartholdi; Mendelssohn-Bartholdy, Felix; Mendelssohn B., Felix; Mendelssohn Bartholdy, Jakob Ludwig Felix; Mendelssohn-Bartholdy, Jakob Ludwig Felix; Mendelssohn-Bartholdy, Jacob Ludwig Felix; Mendelssohn Bartholdy, Felix Jakob; Mendelssohn, Jakob Ludwig Felix; Mendelssohn Bartholdy, F.; Mendelssohn Bartholdy; Mendelssohn-Bartholdy; Mendelssohn; F.; Mendelson-Bartoldi, Feliks; Mendelʹson-Bartolʹdi, Feliks; Mendelsson-Bartholdy, Felix; Mendelsohn-Bartholdy, Felix; Bartholdy, Felix Mendelssohn; Mendelssohn, Felix; Mendelssohn, F.; Mendelssohn-Bartholdy, F.; Mendelssohn Batholdy, Felix; Mendel&#x27;son, Feliks; Mendel&#x27;son, F., Christus factus est G 11
WAB 11, Bruckner, A.; Brukner, Anton; Bruckner, &#8230;; Bruckner, Joseph Anton; Bruckner, Josef Anton; Burukkunā, Anton, Geistliche Lieder vnd Psalmen. Ein veste Burg ist vnser Gott	
Ein veste Burg ist vnser Gott
Ein feste Burg
Ein feste Burg ist unser Gott
Ein veste Burg ist unser Gott
Ein veste Burg
Geistliche Lieder vnd Psalmen. Nr. 33
, Osiander, Lucas, der Ältere; Osiander, Lucas, d.Ä.; Osiander, Lukas d.Ä.; Osiander, Lukas; Osiander, Lucas (der Aeltere); Osiander, Lukas, der Ältere; Osiandrus, Lucas; Osiander, Lukas (der Aeltere), Choräle, Org (1935). Choral dorien, Alain, &#8230;; Alain, Jehan Ariste; Alain, Jehan-Ariste; Alain, Jehan A.; Alain, Jean-Ariste; Alain, Jean Artiste, , Buxtehude, &#8230;; Buxtehude, D.; Buxtehude, Diderik; Buxtehude, Diderich; Buxtehude, Dieterich, </p>
