{"id":41686,"date":"2025-07-07T21:44:13","date_gmt":"2025-07-07T19:44:13","guid":{"rendered":"https:\/\/noonsong.de\/veranstaltung\/noonsong-event-2022-09-17\/"},"modified":"2025-07-07T21:44:13","modified_gmt":"2025-07-07T19:44:13","slug":"noonsong-event-2022-09-17","status":"publish","type":"tribe_events","link":"https:\/\/noonsong.de\/en\/event\/noonsong-event-2022-09-17\/","title":{"rendered":"594. NoonSong am 17.09.2022 um 12:00 Festival Prayse! Berlin"},"content":{"rendered":"\n<div class=\"wp-block-group is-layout-constrained wp-block-group-is-layout-constrained\">\n\n<h2 class=\"wp-block-heading\">Programme<\/h2>\n\n\n\n<p>\n<br\/><strong>Preces<\/strong>: anonym (gregorianisch): Deus in adiutorium meum intende f\u00fcr einstimmigen Chor a cappella<br\/><strong>Psalm of the day<\/strong>: Psalm 95: Jan Pieterszoon Sweelinck (1562-1621): Venite exultemus f\u00fcr f\u00fcnfstimmigen Chor a cappella<br\/><strong>Psalm of the week<\/strong>: Psalm 3: Adam Gumpelzhaimer (1559-1625): Domine quid multiplicati sunt f\u00fcr zwei vierstimmig gemischte Ch\u00f6re a cappella<br\/><strong>Responsorium<\/strong>: gregorianisch\n\n<br\/><strong>Canticle<\/strong>: anonym (gregorianisch): Magnificat secundi toni<br\/><strong>Hymn<\/strong>: Joseph Mohr (1792-1848): Quem terra, pontus, sidera f\u00fcr vierstimmig gemischten Chor a cappella<br\/>anonym (gregorianisch): Antiphon Ostende nobis Domine<br\/>anonym (gregorianisch): O gloriosa Domina<br\/>anonym (gregorianisch): Hymnus: Rector potens verax f\u00fcr einstimmigen Chor a cappella<br\/>Wolfgang Rihm (*1952): Mit geschlossenem Mund f\u00fcr achtstimmig gemischten Chor a cappella<br\/>Max Reger (1873-1916): Ich liege und schlafe f\u00fcr f\u00fcnfstimmig gemoschten Chor a cappella<br\/>Johann Walter (1496-1570): Lumen ad revelationem gentium f\u00fcr sechsstimmig gemischten Chor a cappella<\/p>\n\n\n\n<div style=\"height:30px\" aria-hidden=\"true\" class=\"wp-block-spacer\"><\/div>\n\n\n\n<blockquote class=\"wp-block-quote is-layout-flow wp-block-quote-is-layout-flow\" style=\"font-family:Playfair-Display\">\nLiturgy: 14. Sonntag nach Trinitatis<br>\n\n\nLocation: <a href=\"\/kontakt\/#anker-kommen-sie-vorbei\">Kirche am Hohenzollernplatz<\/a>\n<\/blockquote>\n\n<\/div>\n\n<div style=\"height:50px\" aria-hidden=\"true\" class=\"wp-block-spacer\"><\/div>\n\n\n\n<p hidden>, Anonymus, Cantiones sacrae. Venite exultemus Domino\nPsalm 94\nVenite exultemus Domino\nCantiones sacrae, Nr. 9, Sweeling, Jan P.; Sweelinck, Jan P.; Sweelink, Jan P.; Sweelinck, &#8230;; Sweeling, Johan Peterssen; Swelingh, Jean Pierre; Sweelinck, Jan Peter; Sweling, Johan P.; Sweling, Johann P.; Sweling, Johan Peterssen; Sweling, Johann Peterssen; Swelingh, D. J.; Sweelinck, J. P.; Sweelinck, Jan Pieterszon; Sweelinck, Jan Pieterszn; Sweelinck, Jan Pieters; Sweelinck, Jan Pieter; Sweeling, Jan Pieterszoon; Zwelinck, Jan Pieterszoon; Sweelingh, Jan Pieterszoon; Sweling, Jan Pieterszoon; Swelingh, Jan Pieterszoon; Swelinck, Jan Pietersz.; Swelinck, Jan Pieterszoon; Sweelinck, Johann Peter, Sacrorvm concentvvm, Liber primvs. Domine quid multiplicati sunt\nDomine quid multiplicati sunt\nSacrorum concentuum, Liber primus. Domine quid multiplicati sunt, Gumpeltzhaimer, Adam; Gumpelzhaimer, Adamus; Gvmpelzhaimer, Adamvs; A. G.; A. G. T. B.; Gumpelshaimer, Adam; Gumpeltzheimer, Adam; Gumpelzheimer, Adam; Gumpelzhaimerus, Adamus; Gumpelzhaimer, Adam., , Anonymus, , Mohr; Gruber-Mohr; Mohr, Josephus Franciscus; Mohr, Joseph Franziskus; Mohr, J.; Mohr, Josef, , Anonymus, , Anonymus, , Anonymus, , , aus Ach Herr, strafe mich nicht op. 110, Reger, Max; Reger, Johann Baptist Joseph Maximilian; Reger, M.; Reger, &#8230;; Reger, Maks; R\u0113gers, M., , Blankenm\u00fcller, Johann; Blanckenm\u00fcller, Johann; Blanckenm\u00f6ller, Johann; Walter, Joh.; Walter, Johannes; Walther, Johannes; Walther, Johan; Walter, Johan; Walterus, Johannes; Walther, Johann; Walthern, Johan; Walther, Johannes; Walther, Hans, aus Kahla; Johann, d.\u00c4., <\/p>\n\n","protected":false},"excerpt":{"rendered":"<p style='position:absolute'>&nbsp;<\/p>\n","protected":false},"author":16,"featured_media":36415,"template":"","meta":{"_et_pb_use_builder":"","_et_pb_old_content":"","_et_gb_content_width":"","_tribe_events_status":"","_tribe_events_status_reason":"","footnotes":""},"tags":[211,195,320,804,226,805],"tribe_events_cat":[722,726,723,711,712,716,742,717,719,729,708,724,725,720],"class_list":["post-41686","tribe_events","type-tribe_events","status-publish","has-post-thumbnail","hentry","tag-adam-gumpelzhaimer","tag-jan-pieterszoon-sweelinck","tag-johann-walter","tag-joseph-mohr","tag-max-reger","tag-wolfgang-rihm","tribe_events_cat-20-jahrhundert","tribe_events_cat-avantgarde","tribe_events_cat-barock","tribe_events_cat-berlin","tribe_events_cat-chor","tribe_events_cat-gottesdienst","tribe_events_cat-gregorianik","tribe_events_cat-kirche","tribe_events_cat-konzert","tribe_events_cat-liturgie","tribe_events_cat-noonsong","tribe_events_cat-renaissance","tribe_events_cat-romantik","tribe_events_cat-vokal","cat_20-jahrhundert","cat_avantgarde","cat_barock","cat_berlin","cat_chor","cat_gottesdienst","cat_gregorianik","cat_kirche","cat_konzert","cat_liturgie","cat_noonsong","cat_renaissance","cat_romantik","cat_vokal"],"acf":[],"_links":{"self":[{"href":"https:\/\/noonsong.de\/en\/wp-json\/wp\/v2\/tribe_events\/41686","targetHints":{"allow":["GET"]}}],"collection":[{"href":"https:\/\/noonsong.de\/en\/wp-json\/wp\/v2\/tribe_events"}],"about":[{"href":"https:\/\/noonsong.de\/en\/wp-json\/wp\/v2\/types\/tribe_events"}],"author":[{"embeddable":true,"href":"https:\/\/noonsong.de\/en\/wp-json\/wp\/v2\/users\/16"}],"version-history":[{"count":1,"href":"https:\/\/noonsong.de\/en\/wp-json\/wp\/v2\/tribe_events\/41686\/revisions"}],"predecessor-version":[{"id":55497,"href":"https:\/\/noonsong.de\/en\/wp-json\/wp\/v2\/tribe_events\/41686\/revisions\/55497"}],"wp:featuredmedia":[{"embeddable":true,"href":"https:\/\/noonsong.de\/en\/wp-json\/wp\/v2\/media\/36415"}],"wp:attachment":[{"href":"https:\/\/noonsong.de\/en\/wp-json\/wp\/v2\/media?parent=41686"}],"wp:term":[{"taxonomy":"post_tag","embeddable":true,"href":"https:\/\/noonsong.de\/en\/wp-json\/wp\/v2\/tags?post=41686"},{"taxonomy":"tribe_events_cat","embeddable":true,"href":"https:\/\/noonsong.de\/en\/wp-json\/wp\/v2\/tribe_events_cat?post=41686"}],"curies":[{"name":"wp","href":"https:\/\/api.w.org\/{rel}","templated":true}]}}

<div class="wp-block-group is-layout-constrained wp-block-group-is-layout-constrained">

<h2 class="wp-block-heading">Programme</h2>



<p>
<br/><strong>Preces</strong>: anonym (gregorianisch): Deus in adiutorium meum intende für einstimmigen Chor a cappella<br/><strong>Psalm of the day</strong>: Psalm 95: Jan Pieterszoon Sweelinck (1562-1621): Venite exultemus für fünfstimmigen Chor a cappella<br/><strong>Psalm of the week</strong>: Psalm 3: Adam Gumpelzhaimer (1559-1625): Domine quid multiplicati sunt für zwei vierstimmig gemischte Chöre a cappella<br/><strong>Responsorium</strong>: gregorianisch

<br/><strong>Canticle</strong>: anonym (gregorianisch): Magnificat secundi toni<br/><strong>Hymn</strong>: Joseph Mohr (1792-1848): Quem terra, pontus, sidera für vierstimmig gemischten Chor a cappella<br/>anonym (gregorianisch): Antiphon Ostende nobis Domine<br/>anonym (gregorianisch): O gloriosa Domina<br/>anonym (gregorianisch): Hymnus: Rector potens verax für einstimmigen Chor a cappella<br/>Wolfgang Rihm (*1952): Mit geschlossenem Mund für achtstimmig gemischten Chor a cappella<br/>Max Reger (1873-1916): Ich liege und schlafe für fünfstimmig gemoschten Chor a cappella<br/>Johann Walter (1496-1570): Lumen ad revelationem gentium für sechsstimmig gemischten Chor a cappella</p>



<div style="height:30px" aria-hidden="true" class="wp-block-spacer"></div>



<blockquote class="wp-block-quote is-layout-flow wp-block-quote-is-layout-flow" style="font-family:Playfair-Display">
Liturgy: 14. Sonntag nach Trinitatis<br>


Location: <a href="/kontakt/#anker-kommen-sie-vorbei">Kirche am Hohenzollernplatz</a>
</blockquote>

</div>

<div style="height:50px" aria-hidden="true" class="wp-block-spacer"></div>



<p hidden>, Anonymus, Cantiones sacrae. Venite exultemus Domino
Psalm 94
Venite exultemus Domino
Cantiones sacrae, Nr. 9, Sweeling, Jan P.; Sweelinck, Jan P.; Sweelink, Jan P.; Sweelinck, &#8230;; Sweeling, Johan Peterssen; Swelingh, Jean Pierre; Sweelinck, Jan Peter; Sweling, Johan P.; Sweling, Johann P.; Sweling, Johan Peterssen; Sweling, Johann Peterssen; Swelingh, D. J.; Sweelinck, J. P.; Sweelinck, Jan Pieterszon; Sweelinck, Jan Pieterszn; Sweelinck, Jan Pieters; Sweelinck, Jan Pieter; Sweeling, Jan Pieterszoon; Zwelinck, Jan Pieterszoon; Sweelingh, Jan Pieterszoon; Sweling, Jan Pieterszoon; Swelingh, Jan Pieterszoon; Swelinck, Jan Pietersz.; Swelinck, Jan Pieterszoon; Sweelinck, Johann Peter, Sacrorvm concentvvm, Liber primvs. Domine quid multiplicati sunt
Domine quid multiplicati sunt
Sacrorum concentuum, Liber primus. Domine quid multiplicati sunt, Gumpeltzhaimer, Adam; Gumpelzhaimer, Adamus; Gvmpelzhaimer, Adamvs; A. G.; A. G. T. B.; Gumpelshaimer, Adam; Gumpeltzheimer, Adam; Gumpelzheimer, Adam; Gumpelzhaimerus, Adamus; Gumpelzhaimer, Adam., , Anonymus, , Mohr; Gruber-Mohr; Mohr, Josephus Franciscus; Mohr, Joseph Franziskus; Mohr, J.; Mohr, Josef, , Anonymus, , Anonymus, , Anonymus, , , aus Ach Herr, strafe mich nicht op. 110, Reger, Max; Reger, Johann Baptist Joseph Maximilian; Reger, M.; Reger, &#8230;; Reger, Maks; Rēgers, M., , Blankenmüller, Johann; Blanckenmüller, Johann; Blanckenmöller, Johann; Walter, Joh.; Walter, Johannes; Walther, Johannes; Walther, Johan; Walter, Johan; Walterus, Johannes; Walther, Johann; Walthern, Johan; Walther, Johannes; Walther, Hans, aus Kahla; Johann, d.Ä., </p>
