{"id":41738,"date":"2025-07-07T21:44:00","date_gmt":"2025-07-07T19:44:00","guid":{"rendered":"https:\/\/noonsong.de\/veranstaltung\/noonsong-event-2008-11-08\/"},"modified":"2025-07-07T21:44:00","modified_gmt":"2025-07-07T19:44:00","slug":"noonsong-event-2008-11-08","status":"publish","type":"tribe_events","link":"https:\/\/noonsong.de\/en\/event\/noonsong-event-2008-11-08\/","title":{"rendered":"2. NoonSong am 08.11.2008 um 12:00"},"content":{"rendered":"\n<div class=\"wp-block-group is-layout-constrained wp-block-group-is-layout-constrained\">\n\n<h2 class=\"wp-block-heading\">Programme<\/h2>\n\n\n\n<p>\n<strong>Organ prelude<\/strong>: Jehan Alain (1911-1940): Variations sur un th\u00e8me de Cl\u00e9ment Jannequin<br\/><strong>Preces<\/strong>: Richard Ayleward (1626-1669): Preces &amp; Responses f\u00fcr vierstimmig gemischten Chor a cappella<br\/><strong>Psalm of the day<\/strong>: Psalm 60: Cesare de Zacharia (16. Jh.): Falsibordone f\u00fcr vierstimmig gemischten Chor a cappella<br\/><strong>Psalm of the week<\/strong>: Psalm 90: Felix Mendelssohn Bartholdy (1809-1847): Herr Gott, Du bist meine Zuflucht f\u00fcr und f\u00fcr (op. 79,2) f\u00fcr achtstimmig gemischten Chor a cappella<br\/><strong>Responsorium<\/strong>: gregorianisch\n\n<br\/><strong>Canticle<\/strong>: Melchior Franck (1579-1639): Ist Gott f\u00fcr uns f\u00fcr vierstimmig gemischten Chor a cappella<br\/><strong>Hymn<\/strong>: John Sheppard (ca. 1515-ca. 1558): Media vita f\u00fcr vierstimmig gemischten Chor a cappella<br\/><strong>Organ postlude<\/strong>: Jehan Alain (1911-1940): Ballade en mode phrygien<br\/>Psalm 102b: anonym (gregorianisch): Psalm 102b f\u00fcr einstimmigen Chor a cappella<\/p>\n\n\n\n<div style=\"height:30px\" aria-hidden=\"true\" class=\"wp-block-spacer\"><\/div>\n\n\n\n<blockquote class=\"wp-block-quote is-layout-flow wp-block-quote-is-layout-flow\" style=\"font-family:Playfair-Display\">\nLiturgy: Drittletzter Sonntag im Kirchenjahr<br>\nPfarrerin: Claudia W\u00fcstenhagen<br>\nOrganist: Rudolf Seidel<br>\nLocation: <a href=\"\/kontakt\/#anker-kommen-sie-vorbei\">Kirche am Hohenzollernplatz<\/a>\n<\/blockquote>\n\n<\/div>\n\n<div style=\"height:20px\" aria-hidden=\"true\" class=\"wp-block-spacer\"><\/div>\n\n\n\n<div class=\"wp-block-group is-layout-constrained wp-block-group-is-layout-constrained\">\n\n<h2 class=\"wp-block-heading\">Programme PDF<\/h2>\n\n\n\n\n<p>Read more about this NoonSong in the programme document.<\/p>\n\n\n\n\n<div style=\"height:1em\" aria-hidden=\"true\" class=\"wp-block-spacer\"><\/div>\n\n\n\n<figure class=\"wp-block-image aligncenter is-resized\">\n<a target=\"_blank\" rel=\"noopener noreferrer\" href=\"https:\/\/noonsong.de\/wp-content\/uploads\/2023\/05\/pdfProgrammhefte2008-11-08_Liturgie_NoonSong.pdf\">\n<img decoding=\"async\" src=\"https:\/\/noonsong.de\/wp-content\/uploads\/2023\/05\/pdfProgrammhefte2008-11-08_Liturgie_NoonSong-pdf.jpg\" alt=\"\" style=\"max-height:45em; max-width:61.8%\" \/>\n<br>\nPDF DOWNLOAD\n<\/a>\n<\/figure>\n\n\n\n<div style=\"height:20px\" aria-hidden=\"true\" class=\"wp-block-spacer\"><\/div>\n\n<\/div>\n\n<div style=\"height:50px\" aria-hidden=\"true\" class=\"wp-block-spacer\"><\/div>\n\n\n\n<p hidden>, , , Zaccariis, C\u00e4sar de; Zachariis, Caesar de; Zachariis, Cesare de; Zachariis, Caesare de; Zaccaria, Caesar de; Zaccaria, Cesare de; Zaccari, Cesare de; Zaccari, Caesar de, , Mendelssohn-Bartholdy, Felix; Mendelssohn-Bartholdi, Felix; Mendelssohn Bartholdi; Mendelssohn-Bartholdy, Felix; Mendelssohn B., Felix; Mendelssohn Bartholdy, Jakob Ludwig Felix; Mendelssohn-Bartholdy, Jakob Ludwig Felix; Mendelssohn-Bartholdy, Jacob Ludwig Felix; Mendelssohn Bartholdy, Felix Jakob; Mendelssohn, Jakob Ludwig Felix; Mendelssohn Bartholdy, F.; Mendelssohn Bartholdy; Mendelssohn-Bartholdy; Mendelssohn; F.; Mendelson-Bartoldi, Feliks; Mendel\u02b9son-Bartol\u02b9di, Feliks; Mendelsson-Bartholdy, Felix; Mendelsohn-Bartholdy, Felix; Bartholdy, Felix Mendelssohn; Mendelssohn, Felix; Mendelssohn, F.; Mendelssohn-Bartholdy, F.; Mendelssohn Batholdy, Felix; Mendel&#x27;son, Feliks; Mendel&#x27;son, F., Der sch\u00f6ne trostreiche Spruch\nIst Gott f\u00fcr uns, wer mag wider uns sein\nDer sch\u00f6ne trostreiche Spruch &#x2f; R\u00f6m. 8 [\u2026] bey [\u2026] Christlichen Begr\u00e4bnis zu singen\nIst Gott f\u00fcr uns, wer mag wider uns seyn, Francus, Melchior; Frank, Melchior; Franco, Melchior; Francke, Melchior; Franc, Melchior; Franc, M., Media vita [&#8230;] nunc dimittis\nMedia vita\nNunc dimittis, Shepherd, John; Sheperd, John, , Alain, &#8230;; Alain, Jehan Ariste; Alain, Jehan-Ariste; Alain, Jehan A.; Alain, Jean-Ariste; Alain, Jean Artiste, Balladen, Org, 1930\nBalladen, Org (1930), Alain, &#8230;; Alain, Jehan Ariste; Alain, Jehan-Ariste; Alain, Jehan A.; Alain, Jean-Ariste; Alain, Jean Artiste, , Anonymus, <\/p>\n\n","protected":false},"excerpt":{"rendered":"<p style='position:absolute'>&nbsp;<\/p>\n","protected":false},"author":16,"featured_media":36413,"template":"","meta":{"_et_pb_use_builder":"","_et_pb_old_content":"","_et_gb_content_width":"","_tribe_events_status":"","_tribe_events_status_reason":"","footnotes":""},"tags":[408,115,327,655,176,262],"tribe_events_cat":[722,726,723,711,712,716,742,717,719,729,708,735,724,725,720],"class_list":["post-41738","tribe_events","type-tribe_events","status-publish","has-post-thumbnail","hentry","tag-cesare-de-zacharia","tag-felix-mendelssohn-bartholdy","tag-jehan-alain","tag-john-sheppard","tag-melchior-franck","tag-richard-ayleward","tribe_events_cat-20-jahrhundert","tribe_events_cat-avantgarde","tribe_events_cat-barock","tribe_events_cat-berlin","tribe_events_cat-chor","tribe_events_cat-gottesdienst","tribe_events_cat-gregorianik","tribe_events_cat-kirche","tribe_events_cat-konzert","tribe_events_cat-liturgie","tribe_events_cat-noonsong","tribe_events_cat-pdf","tribe_events_cat-renaissance","tribe_events_cat-romantik","tribe_events_cat-vokal","cat_20-jahrhundert","cat_avantgarde","cat_barock","cat_berlin","cat_chor","cat_gottesdienst","cat_gregorianik","cat_kirche","cat_konzert","cat_liturgie","cat_noonsong","cat_pdf","cat_renaissance","cat_romantik","cat_vokal"],"acf":[],"_links":{"self":[{"href":"https:\/\/noonsong.de\/en\/wp-json\/wp\/v2\/tribe_events\/41738","targetHints":{"allow":["GET"]}}],"collection":[{"href":"https:\/\/noonsong.de\/en\/wp-json\/wp\/v2\/tribe_events"}],"about":[{"href":"https:\/\/noonsong.de\/en\/wp-json\/wp\/v2\/types\/tribe_events"}],"author":[{"embeddable":true,"href":"https:\/\/noonsong.de\/en\/wp-json\/wp\/v2\/users\/16"}],"version-history":[{"count":1,"href":"https:\/\/noonsong.de\/en\/wp-json\/wp\/v2\/tribe_events\/41738\/revisions"}],"predecessor-version":[{"id":57490,"href":"https:\/\/noonsong.de\/en\/wp-json\/wp\/v2\/tribe_events\/41738\/revisions\/57490"}],"wp:featuredmedia":[{"embeddable":true,"href":"https:\/\/noonsong.de\/en\/wp-json\/wp\/v2\/media\/36413"}],"wp:attachment":[{"href":"https:\/\/noonsong.de\/en\/wp-json\/wp\/v2\/media?parent=41738"}],"wp:term":[{"taxonomy":"post_tag","embeddable":true,"href":"https:\/\/noonsong.de\/en\/wp-json\/wp\/v2\/tags?post=41738"},{"taxonomy":"tribe_events_cat","embeddable":true,"href":"https:\/\/noonsong.de\/en\/wp-json\/wp\/v2\/tribe_events_cat?post=41738"}],"curies":[{"name":"wp","href":"https:\/\/api.w.org\/{rel}","templated":true}]}}

<div class="wp-block-group is-layout-constrained wp-block-group-is-layout-constrained">

<h2 class="wp-block-heading">Programme</h2>



<p>
<strong>Organ prelude</strong>: Jehan Alain (1911-1940): Variations sur un thème de Clément Jannequin<br/><strong>Preces</strong>: Richard Ayleward (1626-1669): Preces &amp; Responses für vierstimmig gemischten Chor a cappella<br/><strong>Psalm of the day</strong>: Psalm 60: Cesare de Zacharia (16. Jh.): Falsibordone für vierstimmig gemischten Chor a cappella<br/><strong>Psalm of the week</strong>: Psalm 90: Felix Mendelssohn Bartholdy (1809-1847): Herr Gott, Du bist meine Zuflucht für und für (op. 79,2) für achtstimmig gemischten Chor a cappella<br/><strong>Responsorium</strong>: gregorianisch

<br/><strong>Canticle</strong>: Melchior Franck (1579-1639): Ist Gott für uns für vierstimmig gemischten Chor a cappella<br/><strong>Hymn</strong>: John Sheppard (ca. 1515-ca. 1558): Media vita für vierstimmig gemischten Chor a cappella<br/><strong>Organ postlude</strong>: Jehan Alain (1911-1940): Ballade en mode phrygien<br/>Psalm 102b: anonym (gregorianisch): Psalm 102b für einstimmigen Chor a cappella</p>



<div style="height:30px" aria-hidden="true" class="wp-block-spacer"></div>



<blockquote class="wp-block-quote is-layout-flow wp-block-quote-is-layout-flow" style="font-family:Playfair-Display">
Liturgy: Drittletzter Sonntag im Kirchenjahr<br>
Pfarrerin: Claudia Wüstenhagen<br>
Organist: Rudolf Seidel<br>
Location: <a href="/kontakt/#anker-kommen-sie-vorbei">Kirche am Hohenzollernplatz</a>
</blockquote>

</div>

<div style="height:20px" aria-hidden="true" class="wp-block-spacer"></div>



<div class="wp-block-group is-layout-constrained wp-block-group-is-layout-constrained">

<h2 class="wp-block-heading">Programme PDF</h2>




<p>Read more about this NoonSong in the programme document.</p>




<div style="height:1em" aria-hidden="true" class="wp-block-spacer"></div>



<figure class="wp-block-image aligncenter is-resized">
<a target="_blank" rel="noopener noreferrer" href="https://noonsong.de/wp-content/uploads/2023/05/pdfProgrammhefte2008-11-08_Liturgie_NoonSong.pdf">
<img decoding="async" src="https://noonsong.de/wp-content/uploads/2023/05/pdfProgrammhefte2008-11-08_Liturgie_NoonSong-pdf.jpg" alt="" style="max-height:45em; max-width:61.8%" />
<br>
PDF DOWNLOAD
</a>
</figure>



<div style="height:20px" aria-hidden="true" class="wp-block-spacer"></div>

</div>

<div style="height:50px" aria-hidden="true" class="wp-block-spacer"></div>



<p hidden>, , , Zaccariis, Cäsar de; Zachariis, Caesar de; Zachariis, Cesare de; Zachariis, Caesare de; Zaccaria, Caesar de; Zaccaria, Cesare de; Zaccari, Cesare de; Zaccari, Caesar de, , Mendelssohn-Bartholdy, Felix; Mendelssohn-Bartholdi, Felix; Mendelssohn Bartholdi; Mendelssohn-Bartholdy, Felix; Mendelssohn B., Felix; Mendelssohn Bartholdy, Jakob Ludwig Felix; Mendelssohn-Bartholdy, Jakob Ludwig Felix; Mendelssohn-Bartholdy, Jacob Ludwig Felix; Mendelssohn Bartholdy, Felix Jakob; Mendelssohn, Jakob Ludwig Felix; Mendelssohn Bartholdy, F.; Mendelssohn Bartholdy; Mendelssohn-Bartholdy; Mendelssohn; F.; Mendelson-Bartoldi, Feliks; Mendelʹson-Bartolʹdi, Feliks; Mendelsson-Bartholdy, Felix; Mendelsohn-Bartholdy, Felix; Bartholdy, Felix Mendelssohn; Mendelssohn, Felix; Mendelssohn, F.; Mendelssohn-Bartholdy, F.; Mendelssohn Batholdy, Felix; Mendel&#x27;son, Feliks; Mendel&#x27;son, F., Der schöne trostreiche Spruch
Ist Gott für uns, wer mag wider uns sein
Der schöne trostreiche Spruch &#x2f; Röm. 8 […] bey […] Christlichen Begräbnis zu singen
Ist Gott für uns, wer mag wider uns seyn, Francus, Melchior; Frank, Melchior; Franco, Melchior; Francke, Melchior; Franc, Melchior; Franc, M., Media vita [&#8230;] nunc dimittis
Media vita
Nunc dimittis, Shepherd, John; Sheperd, John, , Alain, &#8230;; Alain, Jehan Ariste; Alain, Jehan-Ariste; Alain, Jehan A.; Alain, Jean-Ariste; Alain, Jean Artiste, Balladen, Org, 1930
Balladen, Org (1930), Alain, &#8230;; Alain, Jehan Ariste; Alain, Jehan-Ariste; Alain, Jehan A.; Alain, Jean-Ariste; Alain, Jean Artiste, , Anonymus, </p>
