{"id":41766,"date":"2025-07-07T21:44:13","date_gmt":"2025-07-07T19:44:13","guid":{"rendered":"https:\/\/noonsong.de\/veranstaltung\/noonsong-event-2011-06-11\/"},"modified":"2025-07-07T21:44:13","modified_gmt":"2025-07-07T19:44:13","slug":"noonsong-event-2011-06-11","status":"publish","type":"tribe_events","link":"https:\/\/noonsong.de\/en\/event\/noonsong-event-2011-06-11\/","title":{"rendered":"115. NoonSong am 11.06.2011 um 12:00"},"content":{"rendered":"\n<div class=\"wp-block-group is-layout-constrained wp-block-group-is-layout-constrained\">\n\n<h2 class=\"wp-block-heading\">Programme<\/h2>\n\n\n\n<p>\n<strong>Organ prelude<\/strong>: Jehan Alain (1911-1940): Premi\u00e8re danse<br\/><strong>Preces<\/strong>: Frank Schwemmer (*1961): Preces und Responses f\u00fcr vierstimmig gemischten Chor a cappela<br\/><strong>Psalm of the week<\/strong>: Psalm 104,3: Franz Josef Sch\u00fctky (1817-1893): Emitte Spiritum tuum f\u00fcr vierstimmig gemischten Chor a cappella<br\/><strong>Responsorium<\/strong>: gregorianisch\n\n<br\/><strong>Canticle<\/strong>: Tom\u00e1s Luis de Victoria (1548-1611): Veni sancte spiritus f\u00fcr achtstimmig gemischten Chor a cappella<br\/><strong>Hymn<\/strong>: Joachim Decker (ca. 1565-1611): Komm heiliger Geist, Herre Gott f\u00fcr vierstimmig gemischten Chor a cappella<br\/><strong>Organ postlude<\/strong>: Nicolas de Grigny (1672-1703): Dialogue sur les Grands Jeux, aus: Veni creator spiritus<br\/><strong>Bible reading<\/strong>: Evangelium nach Johannes 16,5-15<br\/>Giovanni Pierluigi da Palestrina (1525-1594): Loquebantur variis linguis f\u00fcr vierstimmig gemischten Chor a cappella<\/p>\n\n\n\n<div style=\"height:30px\" aria-hidden=\"true\" class=\"wp-block-spacer\"><\/div>\n\n\n\n<blockquote class=\"wp-block-quote is-layout-flow wp-block-quote-is-layout-flow\" style=\"font-family:Playfair-Display\">\nLiturgy: Pfingsten<br>\nPfarrerin: Barbara Deml<br>\nOrganist: Stefan Schuck<br>\nLocation: <a href=\"\/kontakt\/#anker-kommen-sie-vorbei\">Kirche am Hohenzollernplatz<\/a>\n<\/blockquote>\n\n<\/div>\n\n<div style=\"height:20px\" aria-hidden=\"true\" class=\"wp-block-spacer\"><\/div>\n\n\n\n<div class=\"wp-block-group is-layout-constrained wp-block-group-is-layout-constrained\">\n\n<h2 class=\"wp-block-heading\">Programme PDF<\/h2>\n\n\n\n\n<p>Read more about this NoonSong in the programme document.<\/p>\n\n\n\n\n<div style=\"height:1em\" aria-hidden=\"true\" class=\"wp-block-spacer\"><\/div>\n\n\n\n<figure class=\"wp-block-image aligncenter is-resized\">\n<a target=\"_blank\" rel=\"noopener noreferrer\" href=\"https:\/\/noonsong.de\/wp-content\/uploads\/2024\/07\/2011-06-11-Liturgie.pdf\">\n<img decoding=\"async\" src=\"https:\/\/noonsong.de\/wp-content\/uploads\/2024\/07\/2011-06-11-Liturgie-pdf.jpg\" alt=\"\" style=\"max-height:45em; max-width:61.8%\" \/>\n<br>\nPDF DOWNLOAD\n<\/a>\n<\/figure>\n\n\n\n<div style=\"height:20px\" aria-hidden=\"true\" class=\"wp-block-spacer\"><\/div>\n\n<\/div>\n\n<div style=\"height:50px\" aria-hidden=\"true\" class=\"wp-block-spacer\"><\/div>\n\n\n\n<p hidden>, , , , Emitte spiritum\nop. 8, Schuetky, Franz Joseph; Sch\u00fctky, Franc. Jos.; Sch\u00fcttky, Franz Josef; Sch\u00fcttky, Franz Joseph; Sch\u00fctky, Joseph; Sch\u00fcttky, Joseph; Sch\u00fctky, Fr. Jos.; Sch\u00fctky, Franz J.; Sch\u00fctky, Franc Jos.; Sch\u00fctky, Franz Joseph, , Victoria, Tommaso Luis da; Vittoria, Tommaso Luis da; Vittoria, Lodovico da; Vittoria, Thomas L.; Victoria, Thomas L. a; Victoria, Thomas L.; Vittoria, Tom\u00e1s Luis; Vittoria, Louis Tomaso da; Vittorio, Tommaso Luis da; Vittoria, Ludwig Tom\u00e1s; Vittoria, Ludovico da; Vittoria, Ludovicus; Victoria, Tom\u00e1s Luis da; Victoria, Tomao L. da; Victoria, Thoma Ludovico da; Vittoria, Tommaso L. da; Victoria, Tomaso Luis de; Victoria, Tom\u00e1s L. de; Vittoria, Tomaso L.; Victoria, Tomasio L. da; Vittoria, Tom\u00e1s da; Vittoria, Tomaso Luis da; Vittoria, Thomasio L. da; Victoria, Th. L. de; Victoria, Th. Ludovico; Victoria, T. L. de; Vittoria, T. L.; Vittoria, T. L. D.; Vittoria, &#8230;; Vittoria, Tommaso Lodovico da; Victoria, Tommaso Ludovico da; Vittoria, Tommaso Ludovico da; Vittoria, L. da; Vittoria, Tomaso Ludovico da; Victoria, Thomas Ludovicus; Vittoria, Tomas Ludovico; Vittoria, Tom\u00e1s Luis de; Victoria, Thomas Ludovicus Victoria; Vitoria, Tom\u00e1s Luis de; Victoria, Luis Tom\u00e1s da; De Victoria, Tom\u00e1s Luis; Vittoria, T.L. da; Victoria; Victoria, Ludovico da; Victoria, Tom\u00e1s Ludovico da; DaVittoria, Tomas Ludovico, , Deckerus, Joachimus, , Alain, &#8230;; Alain, Jehan Ariste; Alain, Jehan-Ariste; Alain, Jehan A.; Alain, Jean-Ariste; Alain, Jean Artiste, Livre d&#x27;orgue. Veni creator\nVeni creator spiritus, Grigny, N. de, Motecta festorum totius anni cum communi sanctorum, Liber primus. Loquebantur variis linguis\nMotetti per le feste di tutto l&#x27;anno a quattro voci, Libro primo. Loquebantur variis linguis\nMotetten (1564). Loquebantur variis linguis, Palestrina, Giov. Pierluigi da; Palestrina, G. Pierluigi da; Palestrina, G. P. da; Palestrina, G.P. da; Palestrina, Giovanni Pierluigi; Palestrina, Giovanni Pietro; Palestrina, Giovanni Petraloysio; Palestrina, Giovanni L.; Palestrina, Giovanni; Palestrina, G. P.; Palestrina, G.P.; Palestrina, Giovanni da; Palestrina, Giovanno; Palestrina, C. P. da; Palestrina, C.P. da; Palestrina, Jean Pierluigi de; Palestrina, J. P.; Palestrina, J.P.; Palestrina, Joachim; Palestrina, Petrus Aloysius; Palestrina, Petrus A.; Palestrina, Pierluigi da; Palestrina, Pier Luigi; Palestrina, P. L. da; Palestrina, P.L. da; Palestrina; Pal\u00e4strina, G.; Palestrino, Joannes P.; Praenestinius, Ioannes P.; Praenestinius, Joannes Petraloysius; Praenestinus, Joann Petraloysius; Praenestinius, Joannes P.; Praenestino, Joanne Petraloysio; Praenestino, Joanne Petro Aloysio; Praenestino, Joannis P.; Praenestino, Petro Aloysio; Praenestinus, Ioannes P.; Praenestinus, Joannes Petraloysius; Praenestinus, Jo. Petraloysius; Praenestinus, Joannes P.; Praenestinus, Joann. P.; Praenestinus, Joannes Petrus Aloysius; Pr\u00e6nestinus, Ioan. Petraloysius; Pr\u00e6nestinus, Ioannes Aloysius; Pr\u00e6nestinus, Johannes Petrus Aloysius; Prenestino, Giovanni Pierluigi da; Prenestino, Giovanni Pietro Aloysio; Prenestinus, Giovanni P.; Prenestinus, Petrus Aloysius; Pierluigi, Giovanni; Pierluigi da Palestrina, Giovanni; Da Palestrina, Giovanni Pierluigi; Da Palestrina, Pierluigi; DaPalestrina, Giovanni Pierluigi; Giannetto; Sante da Palestrina, Pier Luigi, <\/p>\n\n","protected":false},"excerpt":{"rendered":"<p style='position:absolute'>&nbsp;<\/p>\n","protected":false},"author":16,"featured_media":36394,"template":"","meta":{"_et_pb_use_builder":"","_et_pb_old_content":"","_et_gb_content_width":"","_tribe_events_status":"","_tribe_events_status_reason":"","footnotes":""},"tags":[256,450,289,327,452,653,174],"tribe_events_cat":[722,741,726,723,711,712,716,717,719,729,708,735,724,725,720],"class_list":["post-41766","tribe_events","type-tribe_events","status-publish","has-post-thumbnail","hentry","tag-frank-schwemmer","tag-franz-josef-schuetky","tag-giovanni-pierluigi-da-palestrina","tag-jehan-alain","tag-joachim-decker","tag-nicolas-de-grigny","tag-tomas-luis-de-victoria","tribe_events_cat-20-jahrhundert","tribe_events_cat-21-jahrhundert","tribe_events_cat-avantgarde","tribe_events_cat-barock","tribe_events_cat-berlin","tribe_events_cat-chor","tribe_events_cat-gottesdienst","tribe_events_cat-kirche","tribe_events_cat-konzert","tribe_events_cat-liturgie","tribe_events_cat-noonsong","tribe_events_cat-pdf","tribe_events_cat-renaissance","tribe_events_cat-romantik","tribe_events_cat-vokal","cat_20-jahrhundert","cat_21-jahrhundert","cat_avantgarde","cat_barock","cat_berlin","cat_chor","cat_gottesdienst","cat_kirche","cat_konzert","cat_liturgie","cat_noonsong","cat_pdf","cat_renaissance","cat_romantik","cat_vokal"],"acf":[],"_links":{"self":[{"href":"https:\/\/noonsong.de\/en\/wp-json\/wp\/v2\/tribe_events\/41766","targetHints":{"allow":["GET"]}}],"collection":[{"href":"https:\/\/noonsong.de\/en\/wp-json\/wp\/v2\/tribe_events"}],"about":[{"href":"https:\/\/noonsong.de\/en\/wp-json\/wp\/v2\/types\/tribe_events"}],"author":[{"embeddable":true,"href":"https:\/\/noonsong.de\/en\/wp-json\/wp\/v2\/users\/16"}],"version-history":[{"count":1,"href":"https:\/\/noonsong.de\/en\/wp-json\/wp\/v2\/tribe_events\/41766\/revisions"}],"predecessor-version":[{"id":57508,"href":"https:\/\/noonsong.de\/en\/wp-json\/wp\/v2\/tribe_events\/41766\/revisions\/57508"}],"wp:featuredmedia":[{"embeddable":true,"href":"https:\/\/noonsong.de\/en\/wp-json\/wp\/v2\/media\/36394"}],"wp:attachment":[{"href":"https:\/\/noonsong.de\/en\/wp-json\/wp\/v2\/media?parent=41766"}],"wp:term":[{"taxonomy":"post_tag","embeddable":true,"href":"https:\/\/noonsong.de\/en\/wp-json\/wp\/v2\/tags?post=41766"},{"taxonomy":"tribe_events_cat","embeddable":true,"href":"https:\/\/noonsong.de\/en\/wp-json\/wp\/v2\/tribe_events_cat?post=41766"}],"curies":[{"name":"wp","href":"https:\/\/api.w.org\/{rel}","templated":true}]}}

<div class="wp-block-group is-layout-constrained wp-block-group-is-layout-constrained">

<h2 class="wp-block-heading">Programme</h2>



<p>
<strong>Organ prelude</strong>: Jehan Alain (1911-1940): Première danse<br/><strong>Preces</strong>: Frank Schwemmer (*1961): Preces und Responses für vierstimmig gemischten Chor a cappela<br/><strong>Psalm of the week</strong>: Psalm 104,3: Franz Josef Schütky (1817-1893): Emitte Spiritum tuum für vierstimmig gemischten Chor a cappella<br/><strong>Responsorium</strong>: gregorianisch

<br/><strong>Canticle</strong>: Tomás Luis de Victoria (1548-1611): Veni sancte spiritus für achtstimmig gemischten Chor a cappella<br/><strong>Hymn</strong>: Joachim Decker (ca. 1565-1611): Komm heiliger Geist, Herre Gott für vierstimmig gemischten Chor a cappella<br/><strong>Organ postlude</strong>: Nicolas de Grigny (1672-1703): Dialogue sur les Grands Jeux, aus: Veni creator spiritus<br/><strong>Bible reading</strong>: Evangelium nach Johannes 16,5-15<br/>Giovanni Pierluigi da Palestrina (1525-1594): Loquebantur variis linguis für vierstimmig gemischten Chor a cappella</p>



<div style="height:30px" aria-hidden="true" class="wp-block-spacer"></div>



<blockquote class="wp-block-quote is-layout-flow wp-block-quote-is-layout-flow" style="font-family:Playfair-Display">
Liturgy: Pfingsten<br>
Pfarrerin: Barbara Deml<br>
Organist: Stefan Schuck<br>
Location: <a href="/kontakt/#anker-kommen-sie-vorbei">Kirche am Hohenzollernplatz</a>
</blockquote>

</div>

<div style="height:20px" aria-hidden="true" class="wp-block-spacer"></div>



<div class="wp-block-group is-layout-constrained wp-block-group-is-layout-constrained">

<h2 class="wp-block-heading">Programme PDF</h2>




<p>Read more about this NoonSong in the programme document.</p>




<div style="height:1em" aria-hidden="true" class="wp-block-spacer"></div>



<figure class="wp-block-image aligncenter is-resized">
<a target="_blank" rel="noopener noreferrer" href="https://noonsong.de/wp-content/uploads/2024/07/2011-06-11-Liturgie.pdf">
<img decoding="async" src="https://noonsong.de/wp-content/uploads/2024/07/2011-06-11-Liturgie-pdf.jpg" alt="" style="max-height:45em; max-width:61.8%" />
<br>
PDF DOWNLOAD
</a>
</figure>



<div style="height:20px" aria-hidden="true" class="wp-block-spacer"></div>

</div>

<div style="height:50px" aria-hidden="true" class="wp-block-spacer"></div>



<p hidden>, , , , Emitte spiritum
op. 8, Schuetky, Franz Joseph; Schütky, Franc. Jos.; Schüttky, Franz Josef; Schüttky, Franz Joseph; Schütky, Joseph; Schüttky, Joseph; Schütky, Fr. Jos.; Schütky, Franz J.; Schütky, Franc Jos.; Schütky, Franz Joseph, , Victoria, Tommaso Luis da; Vittoria, Tommaso Luis da; Vittoria, Lodovico da; Vittoria, Thomas L.; Victoria, Thomas L. a; Victoria, Thomas L.; Vittoria, Tomás Luis; Vittoria, Louis Tomaso da; Vittorio, Tommaso Luis da; Vittoria, Ludwig Tomás; Vittoria, Ludovico da; Vittoria, Ludovicus; Victoria, Tomás Luis da; Victoria, Tomao L. da; Victoria, Thoma Ludovico da; Vittoria, Tommaso L. da; Victoria, Tomaso Luis de; Victoria, Tomás L. de; Vittoria, Tomaso L.; Victoria, Tomasio L. da; Vittoria, Tomás da; Vittoria, Tomaso Luis da; Vittoria, Thomasio L. da; Victoria, Th. L. de; Victoria, Th. Ludovico; Victoria, T. L. de; Vittoria, T. L.; Vittoria, T. L. D.; Vittoria, &#8230;; Vittoria, Tommaso Lodovico da; Victoria, Tommaso Ludovico da; Vittoria, Tommaso Ludovico da; Vittoria, L. da; Vittoria, Tomaso Ludovico da; Victoria, Thomas Ludovicus; Vittoria, Tomas Ludovico; Vittoria, Tomás Luis de; Victoria, Thomas Ludovicus Victoria; Vitoria, Tomás Luis de; Victoria, Luis Tomás da; De Victoria, Tomás Luis; Vittoria, T.L. da; Victoria; Victoria, Ludovico da; Victoria, Tomás Ludovico da; DaVittoria, Tomas Ludovico, , Deckerus, Joachimus, , Alain, &#8230;; Alain, Jehan Ariste; Alain, Jehan-Ariste; Alain, Jehan A.; Alain, Jean-Ariste; Alain, Jean Artiste, Livre d&#x27;orgue. Veni creator
Veni creator spiritus, Grigny, N. de, Motecta festorum totius anni cum communi sanctorum, Liber primus. Loquebantur variis linguis
Motetti per le feste di tutto l&#x27;anno a quattro voci, Libro primo. Loquebantur variis linguis
Motetten (1564). Loquebantur variis linguis, Palestrina, Giov. Pierluigi da; Palestrina, G. Pierluigi da; Palestrina, G. P. da; Palestrina, G.P. da; Palestrina, Giovanni Pierluigi; Palestrina, Giovanni Pietro; Palestrina, Giovanni Petraloysio; Palestrina, Giovanni L.; Palestrina, Giovanni; Palestrina, G. P.; Palestrina, G.P.; Palestrina, Giovanni da; Palestrina, Giovanno; Palestrina, C. P. da; Palestrina, C.P. da; Palestrina, Jean Pierluigi de; Palestrina, J. P.; Palestrina, J.P.; Palestrina, Joachim; Palestrina, Petrus Aloysius; Palestrina, Petrus A.; Palestrina, Pierluigi da; Palestrina, Pier Luigi; Palestrina, P. L. da; Palestrina, P.L. da; Palestrina; Palästrina, G.; Palestrino, Joannes P.; Praenestinius, Ioannes P.; Praenestinius, Joannes Petraloysius; Praenestinus, Joann Petraloysius; Praenestinius, Joannes P.; Praenestino, Joanne Petraloysio; Praenestino, Joanne Petro Aloysio; Praenestino, Joannis P.; Praenestino, Petro Aloysio; Praenestinus, Ioannes P.; Praenestinus, Joannes Petraloysius; Praenestinus, Jo. Petraloysius; Praenestinus, Joannes P.; Praenestinus, Joann. P.; Praenestinus, Joannes Petrus Aloysius; Prænestinus, Ioan. Petraloysius; Prænestinus, Ioannes Aloysius; Prænestinus, Johannes Petrus Aloysius; Prenestino, Giovanni Pierluigi da; Prenestino, Giovanni Pietro Aloysio; Prenestinus, Giovanni P.; Prenestinus, Petrus Aloysius; Pierluigi, Giovanni; Pierluigi da Palestrina, Giovanni; Da Palestrina, Giovanni Pierluigi; Da Palestrina, Pierluigi; DaPalestrina, Giovanni Pierluigi; Giannetto; Sante da Palestrina, Pier Luigi, </p>
