{"id":41780,"date":"2025-07-07T21:44:37","date_gmt":"2025-07-07T19:44:37","guid":{"rendered":"https:\/\/noonsong.de\/veranstaltung\/noonsong-event-2019-12-14\/"},"modified":"2025-07-07T21:44:37","modified_gmt":"2025-07-07T19:44:37","slug":"noonsong-event-2019-12-14","status":"publish","type":"tribe_events","link":"https:\/\/noonsong.de\/en\/event\/noonsong-event-2019-12-14\/","title":{"rendered":"493. NoonSong am 14.12.2019 um 12:00"},"content":{"rendered":"\n<div class=\"wp-block-group is-layout-constrained wp-block-group-is-layout-constrained\">\n\n<h2 class=\"wp-block-heading\">Programme<\/h2>\n\n\n\n<p>\n<strong>Organ prelude<\/strong>: Moritz Brosig (1815-1887): Nun komm, der Heiden Heiland (op.52,11)<br\/><strong>Preces<\/strong>: Richard Lloyd (*1933): Preces &amp; Responses f\u00fcr vierstimmig gemischten Chor a cappella<br\/><strong>Psalm of the day<\/strong>: Psalm 42: Giovanni Pierluigi da Palestrina (1525-1594): Sicut cervus f\u00fcr vierstimmig gemischten Chor a cappella<br\/><strong>Psalm of the week<\/strong>: Psalm 85: Johann Pachelbel (1653-1706): Tr\u00f6ste uns Gott, unser Heiland f\u00fcr zwei vierstimmige Ch\u00f6re a cappella<br\/><strong>Responsorium<\/strong>: gregorianisch\n\n<br\/><strong>Hymn<\/strong>: Johannes Eccard (1553-1611): Mit Ernst, o Menschenkinder f\u00fcr vierstimmig gemischten Chor a cappella<br\/><strong>Organ postlude<\/strong>: Johann Sebastian Bach (1685-1750): Nun komm, der Heiden Heiland (BWV 659)<br\/><strong>Bible reading<\/strong>: Evangelium nach Matth\u00e4us 11,2-11<br\/>G\u00fcnter Raphael (1903-1960): Maria durch ein Dornwald ging f\u00fcr f\u00fcnfstimmig gemischten Chor a cappella<\/p>\n\n\n\n<div style=\"height:30px\" aria-hidden=\"true\" class=\"wp-block-spacer\"><\/div>\n\n\n\n<blockquote class=\"wp-block-quote is-layout-flow wp-block-quote-is-layout-flow\" style=\"font-family:Playfair-Display\">\nLiturgy: 3. Sonntag im Advent<br>\nPfarrerin: Anna Kim-Chi Nguyen-Huu<br>\nOrganist: Mirlan Kasymaliev<br>\nLocation: <a href=\"\/kontakt\/#anker-kommen-sie-vorbei\">Kirche am Hohenzollernplatz<\/a>\n<\/blockquote>\n\n<\/div>\n\n<div style=\"height:20px\" aria-hidden=\"true\" class=\"wp-block-spacer\"><\/div>\n\n\n\n<div class=\"wp-block-group is-layout-constrained wp-block-group-is-layout-constrained\">\n<h2 class=\"wp-block-heading\">Listen<\/h2>\n\n\n\n\n<p>Here you can listen to this NoonSong. If you&#8217;d like to listen to more NoonSongs recordings, please register.<\/p>\n\n<div class=\"um-locked-content\">\n\t<div class=\"um-locked-content-msg\">This content has been restricted to logged-in users only. Please <a href=\"https:\/\/noonsong.de\/en\/login-audio-archive\/?redirect_to=https%3A%2F%2Fnoonsong.de%2Fen%2Fwp-json%2Fwp%2Fv2%2Ftribe_events%2F41780\">log in<\/a> to view this content.<\/div>\n<\/div>\n<\/div>\n\n<div style=\"height:20px\" aria-hidden=\"true\" class=\"wp-block-spacer\"><\/div>\n\n\n\n<div class=\"wp-block-group is-layout-constrained wp-block-group-is-layout-constrained\">\n\n<h2 class=\"wp-block-heading\">Watch<\/h2>\n\n\n\n\n<p>Experience the recorded live-stream of this NoonSong.<\/p>\n\n\n\n\n\n<p>You&#8217;ll find many selected video recordings of NoonSongs and other concerts on our <a href=\"https:\/\/youtube.com\/sirventesberlin\" target=\"_blank\" rel=\"noreferrer noopener\">YouTube channel<\/a>.\n<\/p>\n\n\n\n\n<div style=\"height:1em\" aria-hidden=\"true\" class=\"wp-block-spacer\"><\/div>\n<div class=\"um-locked-content\">\n\t<div class=\"um-locked-content-msg\">This content has been restricted to logged-in users only. Please <a href=\"https:\/\/noonsong.de\/en\/login-audio-archive\/?redirect_to=https%3A%2F%2Fnoonsong.de%2Fen%2Fwp-json%2Fwp%2Fv2%2Ftribe_events%2F41780\">log in<\/a> to view this content.<\/div>\n<\/div>\n\n<div style=\"height:20px\" aria-hidden=\"true\" class=\"wp-block-spacer\"><\/div>\n\n<\/div>\n\n<div style=\"height:50px\" aria-hidden=\"true\" class=\"wp-block-spacer\"><\/div>\n\n\n\n<p hidden>, , , Lloyd, Richard Hey; Lloyd, Richard H., Wie der Hirsch schreit nach frischem Wasser, Palestrina, Giov. Pierluigi da; Palestrina, G. Pierluigi da; Palestrina, G. P. da; Palestrina, G.P. da; Palestrina, Giovanni Pierluigi; Palestrina, Giovanni Pietro; Palestrina, Giovanni Petraloysio; Palestrina, Giovanni L.; Palestrina, Giovanni; Palestrina, G. P.; Palestrina, G.P.; Palestrina, Giovanni da; Palestrina, Giovanno; Palestrina, C. P. da; Palestrina, C.P. da; Palestrina, Jean Pierluigi de; Palestrina, J. P.; Palestrina, J.P.; Palestrina, Joachim; Palestrina, Petrus Aloysius; Palestrina, Petrus A.; Palestrina, Pierluigi da; Palestrina, Pier Luigi; Palestrina, P. L. da; Palestrina, P.L. da; Palestrina; Pal\u00e4strina, G.; Palestrino, Joannes P.; Praenestinius, Ioannes P.; Praenestinius, Joannes Petraloysius; Praenestinus, Joann Petraloysius; Praenestinius, Joannes P.; Praenestino, Joanne Petraloysio; Praenestino, Joanne Petro Aloysio; Praenestino, Joannis P.; Praenestino, Petro Aloysio; Praenestinus, Ioannes P.; Praenestinus, Joannes Petraloysius; Praenestinus, Jo. Petraloysius; Praenestinus, Joannes P.; Praenestinus, Joann. P.; Praenestinus, Joannes Petrus Aloysius; Pr\u00e6nestinus, Ioan. Petraloysius; Pr\u00e6nestinus, Ioannes Aloysius; Pr\u00e6nestinus, Johannes Petrus Aloysius; Prenestino, Giovanni Pierluigi da; Prenestino, Giovanni Pietro Aloysio; Prenestinus, Giovanni P.; Prenestinus, Petrus Aloysius; Pierluigi, Giovanni; Pierluigi da Palestrina, Giovanni; Da Palestrina, Giovanni Pierluigi; Da Palestrina, Pierluigi; DaPalestrina, Giovanni Pierluigi; Giannetto; Sante da Palestrina, Pier Luigi, Tr\u00f6ste uns Gott\nP 474, Pachelbel; Pachelbel, J.; Bachelbel, Johann; Pachelbel, Joannes; Pachelbel, Johann Christoph; Pachelbel, Johannes, , Eccardus, Johannes aus M\u00fchlhausen; Eccard, Johann; Eccard, Johann.; Eccard, J.; Eccard, Johan; Eccardt, Johannes; Eccardus, Johannes; Eckard, Johann, St\u00fccke verschiedenen Charakters &amp; Choralvorspiele\nOrgelst\u00fccke verschiedenen Charakters\nSt\u00fccke, Orgel, op. 52, , Choralbearbeitungen verschiedener Art. Nun komm, der Heiden Heiland, BWV 659\nChor\u00e4le der Leipziger Originalhandschrift. Nun komm der Heiden Heiland, BWV 659.2\nNun komm der Heiden Heiland, BWV 659.2\nNun komm, der Heiden Heiland, BWV 659.2\nCome now, Savior of the heathen, BWV 659.2\nCome now, thou Saviour, BWV 659.2\nCome, Redeemer of our race, BWV 659.2\nCome, redeemer, BWV 659.2\nNow comes the gentile&#x27;s Saviour, BWV 659.2\nNow is our Savior come, BWV 659.2\nCome saviour of the gentiles, BWV 659.2\nViens maintenant, sauveur des pa\u00efens, BWV 659.2\nChor\u00e4le von verschiedener Art BWV 651 &#8211; 668. Nun komm&#x27;, der Heiden Heiland BWV 659\nChoralbearbeitungen verschiedener Art &lt;Nun komm, der Heiden Heiland BWV 659&gt;\nNun komm&#x27;, der Heiden Heiland (Choralbearbeitung), BWV 659, Bach; Bach, G. S.; Bach, Iogann Sebast\u02b9jan; Bach, Joh. Sebastian; Bach, Giov. Sebast.; Bach, Jean Sebastien; Bach, Jean Sebastian; Bach, J. Seb.; Bach, Sebastiano; Bach, John Sebastian; Bach, Iogann S.; Bach, Iogann Sebast&#x27;jan; Bach, Iogann Sebastian; Bach, Giovanni Sebastian; Bach, Johan Sebastian; Bach, Joannes Sebastianus; Bach, Giov. Seb.; Bach, Giovanni S.; B\u0101\u1e35, J\u014dh\u0101n Seba\u1e63t\u012b&#x27;\u0101n; Bach, I. S.; Bach, J.-S.; Bach, Giovanni Sebastiano; Bach, Jean-Sebastien; Bach, Sebastian; Bach, Jan Sebastian; Bach, J. S.; Bach, Johann-Sebastian; Bach, Jean S.; Bach, Johannes S.; Bach, Johannes Sebastian; Bach, Joh. Seb.; Bach, Joh.-Seb.; Bach, Joh. Sebas.; Bach, Johann Seb.; Bach, Joh. Sebast.; Bach, Johann S.; Bach, Iogann Sebastjan; Bach, Jean S\u00e9bastien; Bach, Jean-S\u00e9bastien; Bach, Johann; Bakh, Iogann Sebastian, Advents- und Weihnachtslieds\u00e4tze. Maria durch ein&#x27; Dornwald ging, Raphael, G\u00fcnter Albert Rudolf; Raphael, G\u00fcnther; Raphael, G., <\/p>\n\n","protected":false},"excerpt":{"rendered":"<p style='position:absolute'>&nbsp;<\/p>\n","protected":false},"author":16,"featured_media":36430,"template":"","meta":{"_et_pb_use_builder":"","_et_pb_old_content":"","_et_gb_content_width":"","_tribe_events_status":"","_tribe_events_status_reason":"","footnotes":""},"tags":[289,318,104,105,296,306,149],"tribe_events_cat":[722,743,723,711,712,716,717,719,729,708,724,725,744,720],"class_list":["post-41780","tribe_events","type-tribe_events","status-publish","has-post-thumbnail","hentry","tag-giovanni-pierluigi-da-palestrina","tag-guenter-raphael","tag-johann-pachelbel","tag-johann-sebastian-bach","tag-johannes-eccard","tag-moritz-brosig","tag-richard-lloyd","tribe_events_cat-20-jahrhundert","tribe_events_cat-audio","tribe_events_cat-barock","tribe_events_cat-berlin","tribe_events_cat-chor","tribe_events_cat-gottesdienst","tribe_events_cat-kirche","tribe_events_cat-konzert","tribe_events_cat-liturgie","tribe_events_cat-noonsong","tribe_events_cat-renaissance","tribe_events_cat-romantik","tribe_events_cat-video","tribe_events_cat-vokal","cat_20-jahrhundert","cat_audio","cat_barock","cat_berlin","cat_chor","cat_gottesdienst","cat_kirche","cat_konzert","cat_liturgie","cat_noonsong","cat_renaissance","cat_romantik","cat_video","cat_vokal"],"acf":[],"_links":{"self":[{"href":"https:\/\/noonsong.de\/en\/wp-json\/wp\/v2\/tribe_events\/41780","targetHints":{"allow":["GET"]}}],"collection":[{"href":"https:\/\/noonsong.de\/en\/wp-json\/wp\/v2\/tribe_events"}],"about":[{"href":"https:\/\/noonsong.de\/en\/wp-json\/wp\/v2\/types\/tribe_events"}],"author":[{"embeddable":true,"href":"https:\/\/noonsong.de\/en\/wp-json\/wp\/v2\/users\/16"}],"version-history":[{"count":1,"href":"https:\/\/noonsong.de\/en\/wp-json\/wp\/v2\/tribe_events\/41780\/revisions"}],"predecessor-version":[{"id":57538,"href":"https:\/\/noonsong.de\/en\/wp-json\/wp\/v2\/tribe_events\/41780\/revisions\/57538"}],"wp:featuredmedia":[{"embeddable":true,"href":"https:\/\/noonsong.de\/en\/wp-json\/wp\/v2\/media\/36430"}],"wp:attachment":[{"href":"https:\/\/noonsong.de\/en\/wp-json\/wp\/v2\/media?parent=41780"}],"wp:term":[{"taxonomy":"post_tag","embeddable":true,"href":"https:\/\/noonsong.de\/en\/wp-json\/wp\/v2\/tags?post=41780"},{"taxonomy":"tribe_events_cat","embeddable":true,"href":"https:\/\/noonsong.de\/en\/wp-json\/wp\/v2\/tribe_events_cat?post=41780"}],"curies":[{"name":"wp","href":"https:\/\/api.w.org\/{rel}","templated":true}]}}

<div class="wp-block-group is-layout-constrained wp-block-group-is-layout-constrained">

<h2 class="wp-block-heading">Programme</h2>



<p>
<strong>Organ prelude</strong>: Moritz Brosig (1815-1887): Nun komm, der Heiden Heiland (op.52,11)<br/><strong>Preces</strong>: Richard Lloyd (*1933): Preces &amp; Responses für vierstimmig gemischten Chor a cappella<br/><strong>Psalm of the day</strong>: Psalm 42: Giovanni Pierluigi da Palestrina (1525-1594): Sicut cervus für vierstimmig gemischten Chor a cappella<br/><strong>Psalm of the week</strong>: Psalm 85: Johann Pachelbel (1653-1706): Tröste uns Gott, unser Heiland für zwei vierstimmige Chöre a cappella<br/><strong>Responsorium</strong>: gregorianisch

<br/><strong>Hymn</strong>: Johannes Eccard (1553-1611): Mit Ernst, o Menschenkinder für vierstimmig gemischten Chor a cappella<br/><strong>Organ postlude</strong>: Johann Sebastian Bach (1685-1750): Nun komm, der Heiden Heiland (BWV 659)<br/><strong>Bible reading</strong>: Evangelium nach Matthäus 11,2-11<br/>Günter Raphael (1903-1960): Maria durch ein Dornwald ging für fünfstimmig gemischten Chor a cappella</p>



<div style="height:30px" aria-hidden="true" class="wp-block-spacer"></div>



<blockquote class="wp-block-quote is-layout-flow wp-block-quote-is-layout-flow" style="font-family:Playfair-Display">
Liturgy: 3. Sonntag im Advent<br>
Pfarrerin: Anna Kim-Chi Nguyen-Huu<br>
Organist: Mirlan Kasymaliev<br>
Location: <a href="/kontakt/#anker-kommen-sie-vorbei">Kirche am Hohenzollernplatz</a>
</blockquote>

</div>

<div style="height:20px" aria-hidden="true" class="wp-block-spacer"></div>



<div class="wp-block-group is-layout-constrained wp-block-group-is-layout-constrained">
<h2 class="wp-block-heading">Listen</h2>




<p>Here you can listen to this NoonSong. If you&#8217;d like to listen to more NoonSongs recordings, please register.</p>

<div class="um-locked-content">
	<div class="um-locked-content-msg">This content has been restricted to logged-in users only. Please <a href="https://noonsong.de/en/login-audio-archive/?redirect_to=https%3A%2F%2Fnoonsong.de%2Fen%2Fwp-json%2Fwp%2Fv2%2Ftribe_events%2F41780">log in</a> to view this content.</div>
</div>
</div>

<div style="height:20px" aria-hidden="true" class="wp-block-spacer"></div>



<div class="wp-block-group is-layout-constrained wp-block-group-is-layout-constrained">

<h2 class="wp-block-heading">Watch</h2>




<p>Experience the recorded live-stream of this NoonSong.</p>





<p>You&#8217;ll find many selected video recordings of NoonSongs and other concerts on our <a href="https://youtube.com/sirventesberlin" target="_blank" rel="noreferrer noopener">YouTube channel</a>.
</p>




<div style="height:1em" aria-hidden="true" class="wp-block-spacer"></div>
<div class="um-locked-content">
	<div class="um-locked-content-msg">This content has been restricted to logged-in users only. Please <a href="https://noonsong.de/en/login-audio-archive/?redirect_to=https%3A%2F%2Fnoonsong.de%2Fen%2Fwp-json%2Fwp%2Fv2%2Ftribe_events%2F41780">log in</a> to view this content.</div>
</div>

<div style="height:20px" aria-hidden="true" class="wp-block-spacer"></div>

</div>

<div style="height:50px" aria-hidden="true" class="wp-block-spacer"></div>



<p hidden>, , , Lloyd, Richard Hey; Lloyd, Richard H., Wie der Hirsch schreit nach frischem Wasser, Palestrina, Giov. Pierluigi da; Palestrina, G. Pierluigi da; Palestrina, G. P. da; Palestrina, G.P. da; Palestrina, Giovanni Pierluigi; Palestrina, Giovanni Pietro; Palestrina, Giovanni Petraloysio; Palestrina, Giovanni L.; Palestrina, Giovanni; Palestrina, G. P.; Palestrina, G.P.; Palestrina, Giovanni da; Palestrina, Giovanno; Palestrina, C. P. da; Palestrina, C.P. da; Palestrina, Jean Pierluigi de; Palestrina, J. P.; Palestrina, J.P.; Palestrina, Joachim; Palestrina, Petrus Aloysius; Palestrina, Petrus A.; Palestrina, Pierluigi da; Palestrina, Pier Luigi; Palestrina, P. L. da; Palestrina, P.L. da; Palestrina; Palästrina, G.; Palestrino, Joannes P.; Praenestinius, Ioannes P.; Praenestinius, Joannes Petraloysius; Praenestinus, Joann Petraloysius; Praenestinius, Joannes P.; Praenestino, Joanne Petraloysio; Praenestino, Joanne Petro Aloysio; Praenestino, Joannis P.; Praenestino, Petro Aloysio; Praenestinus, Ioannes P.; Praenestinus, Joannes Petraloysius; Praenestinus, Jo. Petraloysius; Praenestinus, Joannes P.; Praenestinus, Joann. P.; Praenestinus, Joannes Petrus Aloysius; Prænestinus, Ioan. Petraloysius; Prænestinus, Ioannes Aloysius; Prænestinus, Johannes Petrus Aloysius; Prenestino, Giovanni Pierluigi da; Prenestino, Giovanni Pietro Aloysio; Prenestinus, Giovanni P.; Prenestinus, Petrus Aloysius; Pierluigi, Giovanni; Pierluigi da Palestrina, Giovanni; Da Palestrina, Giovanni Pierluigi; Da Palestrina, Pierluigi; DaPalestrina, Giovanni Pierluigi; Giannetto; Sante da Palestrina, Pier Luigi, Tröste uns Gott
P 474, Pachelbel; Pachelbel, J.; Bachelbel, Johann; Pachelbel, Joannes; Pachelbel, Johann Christoph; Pachelbel, Johannes, , Eccardus, Johannes aus Mühlhausen; Eccard, Johann; Eccard, Johann.; Eccard, J.; Eccard, Johan; Eccardt, Johannes; Eccardus, Johannes; Eckard, Johann, Stücke verschiedenen Charakters &amp; Choralvorspiele
Orgelstücke verschiedenen Charakters
Stücke, Orgel, op. 52, , Choralbearbeitungen verschiedener Art. Nun komm, der Heiden Heiland, BWV 659
Choräle der Leipziger Originalhandschrift. Nun komm der Heiden Heiland, BWV 659.2
Nun komm der Heiden Heiland, BWV 659.2
Nun komm, der Heiden Heiland, BWV 659.2
Come now, Savior of the heathen, BWV 659.2
Come now, thou Saviour, BWV 659.2
Come, Redeemer of our race, BWV 659.2
Come, redeemer, BWV 659.2
Now comes the gentile&#x27;s Saviour, BWV 659.2
Now is our Savior come, BWV 659.2
Come saviour of the gentiles, BWV 659.2
Viens maintenant, sauveur des païens, BWV 659.2
Choräle von verschiedener Art BWV 651 &#8211; 668. Nun komm&#x27;, der Heiden Heiland BWV 659
Choralbearbeitungen verschiedener Art &lt;Nun komm, der Heiden Heiland BWV 659&gt;
Nun komm&#x27;, der Heiden Heiland (Choralbearbeitung), BWV 659, Bach; Bach, G. S.; Bach, Iogann Sebastʹjan; Bach, Joh. Sebastian; Bach, Giov. Sebast.; Bach, Jean Sebastien; Bach, Jean Sebastian; Bach, J. Seb.; Bach, Sebastiano; Bach, John Sebastian; Bach, Iogann S.; Bach, Iogann Sebast&#x27;jan; Bach, Iogann Sebastian; Bach, Giovanni Sebastian; Bach, Johan Sebastian; Bach, Joannes Sebastianus; Bach, Giov. Seb.; Bach, Giovanni S.; Bāḵ, Jōhān Sebaṣtī&#x27;ān; Bach, I. S.; Bach, J.-S.; Bach, Giovanni Sebastiano; Bach, Jean-Sebastien; Bach, Sebastian; Bach, Jan Sebastian; Bach, J. S.; Bach, Johann-Sebastian; Bach, Jean S.; Bach, Johannes S.; Bach, Johannes Sebastian; Bach, Joh. Seb.; Bach, Joh.-Seb.; Bach, Joh. Sebas.; Bach, Johann Seb.; Bach, Joh. Sebast.; Bach, Johann S.; Bach, Iogann Sebastjan; Bach, Jean Sébastien; Bach, Jean-Sébastien; Bach, Johann; Bakh, Iogann Sebastian, Advents- und Weihnachtsliedsätze. Maria durch ein&#x27; Dornwald ging, Raphael, Günter Albert Rudolf; Raphael, Günther; Raphael, G., </p>
