{"id":42642,"date":"2025-07-07T21:43:34","date_gmt":"2025-07-07T19:43:34","guid":{"rendered":"https:\/\/noonsong.de\/veranstaltung\/noonsong-event-2022-11-26\/"},"modified":"2025-07-07T21:43:34","modified_gmt":"2025-07-07T19:43:34","slug":"noonsong-event-2022-11-26","status":"publish","type":"tribe_events","link":"https:\/\/noonsong.de\/en\/event\/noonsong-event-2022-11-26\/","title":{"rendered":"604. NoonSong am 26.11.2022 um 12:00"},"content":{"rendered":"\n<div class=\"wp-block-group is-layout-constrained wp-block-group-is-layout-constrained\">\n\n<h2 class=\"wp-block-heading\">Programme<\/h2>\n\n\n\n<p>\n<strong>Organ prelude<\/strong>: Anton Heiller (1923-1979): Variationen \u00fcber &quot;Nun komm&#x27;, der Heiden Heiland&quot;<br\/><strong>Preces<\/strong>: Reimar Johne (*1969): Preces und Responses f\u00fcr vierstimmig gemischten Chor a cappella<br\/><strong>Psalm of the day<\/strong>: Psalm 74: Pawel Grigorjewitsch Tschesnokow (1877-1944): Spas\u00e9\u00f1iye, sod\u00e9lal f\u00fcr sechsstimmig gemischten Chor a cappella<br\/><strong>Psalm of the week<\/strong>: Psalm 24: August Neithardt (1793-1861): Die Erde ist des Herrn f\u00fcr vierstimmig gemischten Chor und vier Soli a cappella<br\/><strong>Responsorium<\/strong>: gregorianisch\n\n<br\/><strong>Canticle<\/strong>: Johannes Eccard (1553-1611): \u00dcbers Gebirg Maria ging f\u00fcr f\u00fcnfstimmig gemischten Chor a cappella<br\/><strong>Hymn<\/strong>: Heinrich Weinreis (1874-1950): Es kommt ein Schiff, geladen f\u00fcr vierstimmig gemischten Chor a cappella<br\/><strong>Organ postlude<\/strong>: Johann Sebastian Bach (1685-1750): Pr\u00e4ludium und Fuge d-Moll (BWV 539): Fuge<br\/><strong>Bible reading<\/strong>: Buch Sacharja 9,9-12<\/p>\n\n\n\n<div style=\"height:30px\" aria-hidden=\"true\" class=\"wp-block-spacer\"><\/div>\n\n\n\n<blockquote class=\"wp-block-quote is-layout-flow wp-block-quote-is-layout-flow\" style=\"font-family:Playfair-Display\">\nLiturgy: 1. Sonntag im Advent<br>\nPfarrer: Alexander Brodt-Zabka<br>\nOrganist: Daniel Clark<br>\nLocation: <a href=\"\/kontakt\/#anker-kommen-sie-vorbei\">Kirche am Hohenzollernplatz<\/a>\n<\/blockquote>\n\n<\/div>\n\n<div style=\"height:20px\" aria-hidden=\"true\" class=\"wp-block-spacer\"><\/div>\n\n\n\n<div class=\"wp-block-group is-layout-constrained wp-block-group-is-layout-constrained\">\n<h2 class=\"wp-block-heading\">Listen<\/h2>\n\n\n\n\n<p>Here you can listen to this NoonSong. If you&#8217;d like to listen to more NoonSongs recordings, please register.<\/p>\n\n<div class=\"um-locked-content\">\n\t<div class=\"um-locked-content-msg\">This content has been restricted to logged-in users only. Please <a href=\"https:\/\/noonsong.de\/en\/login-audio-archive\/?redirect_to=https%3A%2F%2Fnoonsong.de%2Fen%2Fwp-json%2Fwp%2Fv2%2Ftribe_events%2F42642\">log in<\/a> to view this content.<\/div>\n<\/div>\n<\/div>\n\n<div style=\"height:20px\" aria-hidden=\"true\" class=\"wp-block-spacer\"><\/div>\n\n\n\n<div class=\"wp-block-group is-layout-constrained wp-block-group-is-layout-constrained\">\n\n<h2 class=\"wp-block-heading\">Watch<\/h2>\n\n\n\n\n<p>Experience the recorded live-stream of this NoonSong.<\/p>\n\n\n\n\n\n<p>You&#8217;ll find many selected video recordings of NoonSongs and other concerts on our <a href=\"https:\/\/youtube.com\/sirventesberlin\" target=\"_blank\" rel=\"noreferrer noopener\">YouTube channel<\/a>.\n<\/p>\n\n\n\n\n<div style=\"height:1em\" aria-hidden=\"true\" class=\"wp-block-spacer\"><\/div>\n<div class=\"um-locked-content\">\n\t<div class=\"um-locked-content-msg\">This content has been restricted to logged-in users only. Please <a href=\"https:\/\/noonsong.de\/en\/login-audio-archive\/?redirect_to=https%3A%2F%2Fnoonsong.de%2Fen%2Fwp-json%2Fwp%2Fv2%2Ftribe_events%2F42642\">log in<\/a> to view this content.<\/div>\n<\/div>\n\n<div style=\"height:20px\" aria-hidden=\"true\" class=\"wp-block-spacer\"><\/div>\n\n<\/div>\n\n<div style=\"height:20px\" aria-hidden=\"true\" class=\"wp-block-spacer\"><\/div>\n\n\n\n<div class=\"wp-block-group is-layout-constrained wp-block-group-is-layout-constrained\">\n\n<h2 class=\"wp-block-heading\">Programme PDF<\/h2>\n\n\n\n\n<p>Read more about this NoonSong in the programme document.<\/p>\n\n\n\n\n<div style=\"height:1em\" aria-hidden=\"true\" class=\"wp-block-spacer\"><\/div>\n\n\n\n<figure class=\"wp-block-image aligncenter is-resized\">\n<a target=\"_blank\" rel=\"noopener noreferrer\" href=\"https:\/\/noonsong.de\/wp-content\/uploads\/2023\/05\/user_upload2022-11-26-Liturgie.pdf\">\n<img decoding=\"async\" src=\"https:\/\/noonsong.de\/wp-content\/uploads\/2023\/05\/user_upload2022-11-26-Liturgie-pdf.jpg\" alt=\"\" style=\"max-height:45em; max-width:61.8%\" \/>\n<br>\nPDF DOWNLOAD\n<\/a>\n<\/figure>\n\n\n\n<div style=\"height:20px\" aria-hidden=\"true\" class=\"wp-block-spacer\"><\/div>\n\n<\/div>\n\n<div style=\"height:50px\" aria-hidden=\"true\" class=\"wp-block-spacer\"><\/div>\n\n\n\n<p hidden>, , , , C\u043f\u0430\u0441\u0435\u043d\u0438\u0435 co\u0434e\u043ba\u043b, \u010cesnokov, Pavel Grigor\u02b9evi\u010d; \u010cesnokov, Pavel; Chesnokov, Pavel Grigor\u02b9yevich; \u010cesnokov, Pavel G.; Tschesnokow, Pawel; Tschnesnokow, Pawel; Chesnokov, Pavel; Tchesnokov, Pavel; Tschesnokoff, Pavel; Tsjesnokow, P.; \u010cesnokov, Pavel Grigor&#x27;evi\u010d; , , Neithardt, A. ((August), ;1793-1861); Neithardt, Heinrich August; Neidhardt, August Heinrich; Neithardt, August H.; Neithardt, A.; Neithardt, Heinrich A.; Neithart, August Heinrich; Neithart, Aug.; Neithardt, &#8230;; Neithard, &#8230;; Neithardt, August Heinrich; Neithardt, August H.; Neithardt, Heinrich August, \u00dcbers Gebirg Maria geht\n\u00dcber&#x27;s Gebirg&#x27; Maria geht, Eccardus, Johannes aus M\u00fchlhausen; Eccard, Johann; Eccard, Johann.; Eccard, J.; Eccard, Johan; Eccardt, Johannes; Eccardus, Johannes; Eckard, Johann, , , Nun komm&#x27;, der Heiden Heiland (Variationen f\u00fcr Orgel), , Pr\u00e4ludium und Fuge, Orgel, BWV 539 (d-Moll). Fuga\nFuga\nFuge\nPr\u00e4ludien und Fugen, Org BWV 539. Fuge Pr\u00e4ludien und Fugen, Org, BWV 539. Fuge\nPr\u00e4ludien und Fugen, Org, BWV 539 &lt;Fuge&gt; \nPr\u00e4ludium und Fuge, Orgel, BWV 539 (d-Moll). Fuge\nBWV 539 2, Bach; Bach, G. S.; Bach, Iogann Sebast\u02b9jan; Bach, Joh. Sebastian; Bach, Giov. Sebast.; Bach, Jean Sebastien; Bach, Jean Sebastian; Bach, J. Seb.; Bach, Sebastiano; Bach, John Sebastian; Bach, Iogann S.; Bach, Iogann Sebast&#x27;jan; Bach, Iogann Sebastian; Bach, Giovanni Sebastian; Bach, Johan Sebastian; Bach, Joannes Sebastianus; Bach, Giov. Seb.; Bach, Giovanni S.; B\u0101\u1e35, J\u014dh\u0101n Seba\u1e63t\u012b&#x27;\u0101n; Bach, I. S.; Bach, J.-S.; Bach, Giovanni Sebastiano; Bach, Jean-Sebastien; Bach, Sebastian; Bach, Jan Sebastian; Bach, J. S.; Bach, Johann-Sebastian; Bach, Jean S.; Bach, Johannes S.; Bach, Johannes Sebastian; Bach, Joh. Seb.; Bach, Joh.-Seb.; Bach, Joh. Sebas.; Bach, Johann Seb.; Bach, Joh. Sebast.; Bach, Johann S.; Bach, Iogann Sebastjan; Bach, Jean S\u00e9bastien; Bach, Jean-S\u00e9bastien; Bach, Johann; Bakh, Iogann Sebastian, <\/p>\n\n","protected":false},"excerpt":{"rendered":"<p>Die Adventszeit beginnt romantisch im NoonSong mit russisch-orthodoxer Musik und Chormusik f\u00fcr den Berliner Dom. Aus dem reichen Schatz beliebter Adventslieder erklingt &#8220;\u00dcbers Gebirg&#8221; von Eccard, schwungvoll und jubelnd musiziert.<\/p>\n","protected":false},"author":16,"featured_media":18294,"template":"","meta":{"_et_pb_use_builder":"","_et_pb_old_content":"","_et_gb_content_width":"","_tribe_events_status":"","_tribe_events_status_reason":"","footnotes":""},"tags":[530,332,515,105,296,192,196],"tribe_events_cat":[722,743,723,711,712,716,717,719,729,708,735,724,725,744,720],"class_list":["post-42642","tribe_events","type-tribe_events","status-publish","has-post-thumbnail","hentry","tag-anton-heiller","tag-august-neithardt","tag-heinrich-weinreis","tag-johann-sebastian-bach","tag-johannes-eccard","tag-pawel-grigorjewitsch-tschesnokow","tag-reimar-johne","tribe_events_cat-20-jahrhundert","tribe_events_cat-audio","tribe_events_cat-barock","tribe_events_cat-berlin","tribe_events_cat-chor","tribe_events_cat-gottesdienst","tribe_events_cat-kirche","tribe_events_cat-konzert","tribe_events_cat-liturgie","tribe_events_cat-noonsong","tribe_events_cat-pdf","tribe_events_cat-renaissance","tribe_events_cat-romantik","tribe_events_cat-video","tribe_events_cat-vokal","cat_20-jahrhundert","cat_audio","cat_barock","cat_berlin","cat_chor","cat_gottesdienst","cat_kirche","cat_konzert","cat_liturgie","cat_noonsong","cat_pdf","cat_renaissance","cat_romantik","cat_video","cat_vokal"],"acf":[],"_links":{"self":[{"href":"https:\/\/noonsong.de\/en\/wp-json\/wp\/v2\/tribe_events\/42642","targetHints":{"allow":["GET"]}}],"collection":[{"href":"https:\/\/noonsong.de\/en\/wp-json\/wp\/v2\/tribe_events"}],"about":[{"href":"https:\/\/noonsong.de\/en\/wp-json\/wp\/v2\/types\/tribe_events"}],"author":[{"embeddable":true,"href":"https:\/\/noonsong.de\/en\/wp-json\/wp\/v2\/users\/16"}],"version-history":[{"count":1,"href":"https:\/\/noonsong.de\/en\/wp-json\/wp\/v2\/tribe_events\/42642\/revisions"}],"predecessor-version":[{"id":57467,"href":"https:\/\/noonsong.de\/en\/wp-json\/wp\/v2\/tribe_events\/42642\/revisions\/57467"}],"wp:featuredmedia":[{"embeddable":true,"href":"https:\/\/noonsong.de\/en\/wp-json\/wp\/v2\/media\/18294"}],"wp:attachment":[{"href":"https:\/\/noonsong.de\/en\/wp-json\/wp\/v2\/media?parent=42642"}],"wp:term":[{"taxonomy":"post_tag","embeddable":true,"href":"https:\/\/noonsong.de\/en\/wp-json\/wp\/v2\/tags?post=42642"},{"taxonomy":"tribe_events_cat","embeddable":true,"href":"https:\/\/noonsong.de\/en\/wp-json\/wp\/v2\/tribe_events_cat?post=42642"}],"curies":[{"name":"wp","href":"https:\/\/api.w.org\/{rel}","templated":true}]}}

<div class="wp-block-group is-layout-constrained wp-block-group-is-layout-constrained">

<h2 class="wp-block-heading">Programme</h2>



<p>
<strong>Organ prelude</strong>: Anton Heiller (1923-1979): Variationen über &quot;Nun komm&#x27;, der Heiden Heiland&quot;<br/><strong>Preces</strong>: Reimar Johne (*1969): Preces und Responses für vierstimmig gemischten Chor a cappella<br/><strong>Psalm of the day</strong>: Psalm 74: Pawel Grigorjewitsch Tschesnokow (1877-1944): Spaséñiye, sodélal für sechsstimmig gemischten Chor a cappella<br/><strong>Psalm of the week</strong>: Psalm 24: August Neithardt (1793-1861): Die Erde ist des Herrn für vierstimmig gemischten Chor und vier Soli a cappella<br/><strong>Responsorium</strong>: gregorianisch

<br/><strong>Canticle</strong>: Johannes Eccard (1553-1611): Übers Gebirg Maria ging für fünfstimmig gemischten Chor a cappella<br/><strong>Hymn</strong>: Heinrich Weinreis (1874-1950): Es kommt ein Schiff, geladen für vierstimmig gemischten Chor a cappella<br/><strong>Organ postlude</strong>: Johann Sebastian Bach (1685-1750): Präludium und Fuge d-Moll (BWV 539): Fuge<br/><strong>Bible reading</strong>: Buch Sacharja 9,9-12</p>



<div style="height:30px" aria-hidden="true" class="wp-block-spacer"></div>



<blockquote class="wp-block-quote is-layout-flow wp-block-quote-is-layout-flow" style="font-family:Playfair-Display">
Liturgy: 1. Sonntag im Advent<br>
Pfarrer: Alexander Brodt-Zabka<br>
Organist: Daniel Clark<br>
Location: <a href="/kontakt/#anker-kommen-sie-vorbei">Kirche am Hohenzollernplatz</a>
</blockquote>

</div>

<div style="height:20px" aria-hidden="true" class="wp-block-spacer"></div>



<div class="wp-block-group is-layout-constrained wp-block-group-is-layout-constrained">
<h2 class="wp-block-heading">Listen</h2>




<p>Here you can listen to this NoonSong. If you&#8217;d like to listen to more NoonSongs recordings, please register.</p>

<div class="um-locked-content">
	<div class="um-locked-content-msg">This content has been restricted to logged-in users only. Please <a href="https://noonsong.de/en/login-audio-archive/?redirect_to=https%3A%2F%2Fnoonsong.de%2Fen%2Fwp-json%2Fwp%2Fv2%2Ftribe_events%2F42642">log in</a> to view this content.</div>
</div>
</div>

<div style="height:20px" aria-hidden="true" class="wp-block-spacer"></div>



<div class="wp-block-group is-layout-constrained wp-block-group-is-layout-constrained">

<h2 class="wp-block-heading">Watch</h2>




<p>Experience the recorded live-stream of this NoonSong.</p>





<p>You&#8217;ll find many selected video recordings of NoonSongs and other concerts on our <a href="https://youtube.com/sirventesberlin" target="_blank" rel="noreferrer noopener">YouTube channel</a>.
</p>




<div style="height:1em" aria-hidden="true" class="wp-block-spacer"></div>
<div class="um-locked-content">
	<div class="um-locked-content-msg">This content has been restricted to logged-in users only. Please <a href="https://noonsong.de/en/login-audio-archive/?redirect_to=https%3A%2F%2Fnoonsong.de%2Fen%2Fwp-json%2Fwp%2Fv2%2Ftribe_events%2F42642">log in</a> to view this content.</div>
</div>

<div style="height:20px" aria-hidden="true" class="wp-block-spacer"></div>

</div>

<div style="height:20px" aria-hidden="true" class="wp-block-spacer"></div>



<div class="wp-block-group is-layout-constrained wp-block-group-is-layout-constrained">

<h2 class="wp-block-heading">Programme PDF</h2>




<p>Read more about this NoonSong in the programme document.</p>




<div style="height:1em" aria-hidden="true" class="wp-block-spacer"></div>



<figure class="wp-block-image aligncenter is-resized">
<a target="_blank" rel="noopener noreferrer" href="https://noonsong.de/wp-content/uploads/2023/05/user_upload2022-11-26-Liturgie.pdf">
<img decoding="async" src="https://noonsong.de/wp-content/uploads/2023/05/user_upload2022-11-26-Liturgie-pdf.jpg" alt="" style="max-height:45em; max-width:61.8%" />
<br>
PDF DOWNLOAD
</a>
</figure>



<div style="height:20px" aria-hidden="true" class="wp-block-spacer"></div>

</div>

<div style="height:50px" aria-hidden="true" class="wp-block-spacer"></div>



<p hidden>, , , , Cпасение coдeлaл, Česnokov, Pavel Grigorʹevič; Česnokov, Pavel; Chesnokov, Pavel Grigorʹyevich; Česnokov, Pavel G.; Tschesnokow, Pawel; Tschnesnokow, Pawel; Chesnokov, Pavel; Tchesnokov, Pavel; Tschesnokoff, Pavel; Tsjesnokow, P.; Česnokov, Pavel Grigor&#x27;evič; , , Neithardt, A. ((August), ;1793-1861); Neithardt, Heinrich August; Neidhardt, August Heinrich; Neithardt, August H.; Neithardt, A.; Neithardt, Heinrich A.; Neithart, August Heinrich; Neithart, Aug.; Neithardt, &#8230;; Neithard, &#8230;; Neithardt, August Heinrich; Neithardt, August H.; Neithardt, Heinrich August, Übers Gebirg Maria geht
Über&#x27;s Gebirg&#x27; Maria geht, Eccardus, Johannes aus Mühlhausen; Eccard, Johann; Eccard, Johann.; Eccard, J.; Eccard, Johan; Eccardt, Johannes; Eccardus, Johannes; Eckard, Johann, , , Nun komm&#x27;, der Heiden Heiland (Variationen für Orgel), , Präludium und Fuge, Orgel, BWV 539 (d-Moll). Fuga
Fuga
Fuge
Präludien und Fugen, Org BWV 539. Fuge Präludien und Fugen, Org, BWV 539. Fuge
Präludien und Fugen, Org, BWV 539 &lt;Fuge&gt; 
Präludium und Fuge, Orgel, BWV 539 (d-Moll). Fuge
BWV 539 2, Bach; Bach, G. S.; Bach, Iogann Sebastʹjan; Bach, Joh. Sebastian; Bach, Giov. Sebast.; Bach, Jean Sebastien; Bach, Jean Sebastian; Bach, J. Seb.; Bach, Sebastiano; Bach, John Sebastian; Bach, Iogann S.; Bach, Iogann Sebast&#x27;jan; Bach, Iogann Sebastian; Bach, Giovanni Sebastian; Bach, Johan Sebastian; Bach, Joannes Sebastianus; Bach, Giov. Seb.; Bach, Giovanni S.; Bāḵ, Jōhān Sebaṣtī&#x27;ān; Bach, I. S.; Bach, J.-S.; Bach, Giovanni Sebastiano; Bach, Jean-Sebastien; Bach, Sebastian; Bach, Jan Sebastian; Bach, J. S.; Bach, Johann-Sebastian; Bach, Jean S.; Bach, Johannes S.; Bach, Johannes Sebastian; Bach, Joh. Seb.; Bach, Joh.-Seb.; Bach, Joh. Sebas.; Bach, Johann Seb.; Bach, Joh. Sebast.; Bach, Johann S.; Bach, Iogann Sebastjan; Bach, Jean Sébastien; Bach, Jean-Sébastien; Bach, Johann; Bakh, Iogann Sebastian, </p>

<p>Die Adventszeit beginnt romantisch im NoonSong mit russisch-orthodoxer Musik und Chormusik für den Berliner Dom. Aus dem reichen Schatz beliebter Adventslieder erklingt &#8220;Übers Gebirg&#8221; von Eccard, schwungvoll und jubelnd musiziert.</p>
