{"id":55321,"date":"2025-07-07T21:37:51","date_gmt":"2025-07-07T19:37:51","guid":{"rendered":"https:\/\/noonsong.de\/event\/noonsong-event-2025-03-22\/"},"modified":"2025-07-07T21:37:51","modified_gmt":"2025-07-07T19:37:51","slug":"noonsong-event-2025-03-22","status":"publish","type":"tribe_events","link":"https:\/\/noonsong.de\/en\/event\/noonsong-event-2025-03-22\/","title":{"rendered":"708. NoonSong am 22.03.2025 um 12:00 Sch\u00e4tze romantischer Chormusik"},"content":{"rendered":"\n<div class=\"wp-block-group is-layout-constrained wp-block-group-is-layout-constrained\">\n\n<h2 class=\"wp-block-heading\">Programme<\/h2>\n\n\n\n<p>\n<strong>Organ prelude<\/strong>: Samuel Sebastian Wesley (1810-1876): Larghetto in fis-moll<br\/><strong>Preces<\/strong>: John Tavener (1944-2013): Preces &amp; Responses f\u00fcr achtstimmig gemischten Chor a cappella<br\/><strong>Psalm of the day<\/strong>: Psalm 141: Moritz Brosig (1815-1887): Dirigatur oratio mea f\u00fcr vierstimmig gemischten Chor a cappella<br\/><strong>Psalm of the week<\/strong>: Psalm 34b: Samuel Sebastian Wesley (1810-1876): The Face of the Lord f\u00fcr achtstimmig gemischten Chor und Orgel<br\/><strong>Responsorium<\/strong>: gregorianisch\n\n<br\/><strong>Canticle<\/strong>: Felix Mendelssohn Bartholdy (1809-1847): Am Karfreitag (MWV B 52) f\u00fcr achtstimmig gemischten Chor a cappella<br\/><strong>Hymn<\/strong>: Adam Drese (1620-1701): Jesu geh voran f\u00fcr vierstimmig gemischten Chor a cappella<br\/><strong>Organ postlude<\/strong>: Ludwig Thiele (1816-1848): Chromatische Fuge in a-Moll<br\/><strong>Bible reading<\/strong>: Evangelium nach Lukas 9,57-62<\/p>\n\n\n\n<div style=\"height:30px\" aria-hidden=\"true\" class=\"wp-block-spacer\"><\/div>\n\n\n\n<blockquote class=\"wp-block-quote is-layout-flow wp-block-quote-is-layout-flow\" style=\"font-family:Playfair-Display\">\nLiturgy: Okuli<br>\nPfarrerin: Claudia W\u00fcstenhagen<br>\nOrganist: Daniel Clark<br>\nLocation: <a href=\"\/kontakt\/#anker-kommen-sie-vorbei\">Kirche am Hohenzollernplatz<\/a>\n<\/blockquote>\n\n<\/div>\n\n<div style=\"height:20px\" aria-hidden=\"true\" class=\"wp-block-spacer\"><\/div>\n\n\n\n<div class=\"wp-block-group is-layout-constrained wp-block-group-is-layout-constrained\">\n<h2 class=\"wp-block-heading\">Listen<\/h2>\n\n\n\n\n<p>Here you can listen to this NoonSong. If you&#8217;d like to listen to more NoonSongs recordings, please register.<\/p>\n\n<div class=\"um-locked-content\">\n\t<div class=\"um-locked-content-msg\">This content has been restricted to logged-in users only. Please <a href=\"https:\/\/noonsong.de\/en\/login-audio-archive\/?redirect_to=https%3A%2F%2Fnoonsong.de%2Fen%2Fwp-json%2Fwp%2Fv2%2Ftribe_events%2F55321\">log in<\/a> to view this content.<\/div>\n<\/div>\n<\/div>\n\n<div style=\"height:20px\" aria-hidden=\"true\" class=\"wp-block-spacer\"><\/div>\n\n\n\n<div class=\"wp-block-group is-layout-constrained wp-block-group-is-layout-constrained\">\n\n<h2 class=\"wp-block-heading\">Watch<\/h2>\n\n\n\n\n<p>Experience the recorded live-stream of this NoonSong.<\/p>\n\n\n\n\n\n<p>You&#8217;ll find many selected video recordings of NoonSongs and other concerts on our <a href=\"https:\/\/youtube.com\/sirventesberlin\" target=\"_blank\" rel=\"noreferrer noopener\">YouTube channel<\/a>.\n<\/p>\n\n\n\n\n<div style=\"height:1em\" aria-hidden=\"true\" class=\"wp-block-spacer\"><\/div>\n<div class=\"um-locked-content\">\n\t<div class=\"um-locked-content-msg\">This content has been restricted to logged-in users only. Please <a href=\"https:\/\/noonsong.de\/en\/login-audio-archive\/?redirect_to=https%3A%2F%2Fnoonsong.de%2Fen%2Fwp-json%2Fwp%2Fv2%2Ftribe_events%2F55321\">log in<\/a> to view this content.<\/div>\n<\/div>\n\n<div style=\"height:20px\" aria-hidden=\"true\" class=\"wp-block-spacer\"><\/div>\n\n<\/div>\n\n<div style=\"height:20px\" aria-hidden=\"true\" class=\"wp-block-spacer\"><\/div>\n\n\n\n<div class=\"wp-block-group is-layout-constrained wp-block-group-is-layout-constrained\">\n\n<h2 class=\"wp-block-heading\">Programme PDF<\/h2>\n\n\n\n\n<p>Read more about this NoonSong in the programme document.<\/p>\n\n\n\n\n<div style=\"height:1em\" aria-hidden=\"true\" class=\"wp-block-spacer\"><\/div>\n\n\n\n<figure class=\"wp-block-image aligncenter is-resized\">\n<a target=\"_blank\" rel=\"noopener noreferrer\" href=\"https:\/\/noonsong.de\/wp-content\/uploads\/2025\/03\/2025-03-22-Liturgie.pdf\">\n<img decoding=\"async\" src=\"https:\/\/noonsong.de\/wp-content\/uploads\/2025\/03\/2025-03-22-Liturgie-pdf.jpg\" alt=\"\" style=\"max-height:45em; max-width:61.8%\" \/>\n<br>\nPDF DOWNLOAD\n<\/a>\n<\/figure>\n\n\n\n<div style=\"height:20px\" aria-hidden=\"true\" class=\"wp-block-spacer\"><\/div>\n\n<\/div>\n\n<div style=\"height:50px\" aria-hidden=\"true\" class=\"wp-block-spacer\"><\/div>\n\n\n\n<p hidden>, , , Tavener, Sir John; Tavener, John Kenneth, , , , , Am Karfreitag\nUm unsrer S\u00fcnden willen\nAm Karfreitage\nAm Charfreitage\nSpr\u00fcche op. 79. Am Karfreitage\nSpr\u00fcche op. 79,6\nop. 79, Nr. 6\nMWV B 52, Mendelssohn-Bartholdy, Felix; Mendelssohn-Bartholdi, Felix; Mendelssohn Bartholdi; Mendelssohn-Bartholdy, Felix; Mendelssohn B., Felix; Mendelssohn Bartholdy, Jakob Ludwig Felix; Mendelssohn-Bartholdy, Jakob Ludwig Felix; Mendelssohn-Bartholdy, Jacob Ludwig Felix; Mendelssohn Bartholdy, Felix Jakob; Mendelssohn, Jakob Ludwig Felix; Mendelssohn Bartholdy, F.; Mendelssohn Bartholdy; Mendelssohn-Bartholdy; Mendelssohn; F.; Mendelson-Bartoldi, Feliks; Mendel\u02b9son-Bartol\u02b9di, Feliks; Mendelsson-Bartholdy, Felix; Mendelsohn-Bartholdy, Felix; Bartholdy, Felix Mendelssohn; Mendelssohn, Felix; Mendelssohn, F.; Mendelssohn-Bartholdy, F.; Mendelssohn Batholdy, Felix; Mendel&#x27;son, Feliks; Mendel&#x27;son, F., , Dre\u00dfe, Adam; Dresen, Ad.; Drese, Adam II., , , Chromatische Fantasie und Fuge\nFantasie und Fuge, Orgel (a-Moll), Thiele, Johann Friedrich Karl Ludwig; Thiele, Karl Ludwig; Thiele, Carl Ludwig; Thiele, Johann Friedrich Ludwig; Thiele, Joh. Friedrich Ludwig; Thiele, L.; Thiele, Johann Friedrich Carl Ludwig; Thiele, Louis, <\/p>\n\n","protected":false},"excerpt":{"rendered":"<p>Drei Komponisten, die zur gleichen Zeit gelebt haben finden v\u00f6llig unterschiedliche Tonsprachen f\u00fcr Musik der Fastenzeit: Der Anglikaner Wesley f\u00fchrt die Tradition des Anthems &#8211; der Motette mit Orgelbegleitung &#8211; in einem gro\u00dfen, sprachgewaltigen, doppelch\u00f6rigen Chorwerk fort, der Breslauer Komponist Brosig orientiert sich ganz an Palestrina w\u00e4hrend Mendelssohn mit seiner eigenen Tonsprache neue Ma\u00dfst\u00e4be f\u00fcr die Chormusik gesetzt hat.<\/p>\n","protected":false},"author":16,"featured_media":55315,"template":"","meta":{"_et_pb_use_builder":"","_et_pb_old_content":"","_et_gb_content_width":"","_tribe_events_status":"","_tribe_events_status_reason":"","footnotes":""},"tags":[506,115,180,519,306,203],"tribe_events_cat":[722,741,743,723,711,712,716,717,719,729,708,735,725,744,720],"class_list":["post-55321","tribe_events","type-tribe_events","status-publish","has-post-thumbnail","hentry","tag-adam-drese","tag-felix-mendelssohn-bartholdy","tag-john-tavener","tag-ludwig-thiele","tag-moritz-brosig","tag-samuel-sebastian-wesley","tribe_events_cat-20-jahrhundert","tribe_events_cat-21-jahrhundert","tribe_events_cat-audio","tribe_events_cat-barock","tribe_events_cat-berlin","tribe_events_cat-chor","tribe_events_cat-gottesdienst","tribe_events_cat-kirche","tribe_events_cat-konzert","tribe_events_cat-liturgie","tribe_events_cat-noonsong","tribe_events_cat-pdf","tribe_events_cat-romantik","tribe_events_cat-video","tribe_events_cat-vokal","cat_20-jahrhundert","cat_21-jahrhundert","cat_audio","cat_barock","cat_berlin","cat_chor","cat_gottesdienst","cat_kirche","cat_konzert","cat_liturgie","cat_noonsong","cat_pdf","cat_romantik","cat_video","cat_vokal"],"acf":[],"_links":{"self":[{"href":"https:\/\/noonsong.de\/en\/wp-json\/wp\/v2\/tribe_events\/55321","targetHints":{"allow":["GET"]}}],"collection":[{"href":"https:\/\/noonsong.de\/en\/wp-json\/wp\/v2\/tribe_events"}],"about":[{"href":"https:\/\/noonsong.de\/en\/wp-json\/wp\/v2\/types\/tribe_events"}],"author":[{"embeddable":true,"href":"https:\/\/noonsong.de\/en\/wp-json\/wp\/v2\/users\/16"}],"version-history":[{"count":6,"href":"https:\/\/noonsong.de\/en\/wp-json\/wp\/v2\/tribe_events\/55321\/revisions"}],"predecessor-version":[{"id":57087,"href":"https:\/\/noonsong.de\/en\/wp-json\/wp\/v2\/tribe_events\/55321\/revisions\/57087"}],"wp:featuredmedia":[{"embeddable":true,"href":"https:\/\/noonsong.de\/en\/wp-json\/wp\/v2\/media\/55315"}],"wp:attachment":[{"href":"https:\/\/noonsong.de\/en\/wp-json\/wp\/v2\/media?parent=55321"}],"wp:term":[{"taxonomy":"post_tag","embeddable":true,"href":"https:\/\/noonsong.de\/en\/wp-json\/wp\/v2\/tags?post=55321"},{"taxonomy":"tribe_events_cat","embeddable":true,"href":"https:\/\/noonsong.de\/en\/wp-json\/wp\/v2\/tribe_events_cat?post=55321"}],"curies":[{"name":"wp","href":"https:\/\/api.w.org\/{rel}","templated":true}]}}

708. NoonSong am 22.03.2025 um 12:00 Schätze romantischer Chormusik

<div class="wp-block-group is-layout-constrained wp-block-group-is-layout-constrained">

<h2 class="wp-block-heading">Programme</h2>



<p>
<strong>Organ prelude</strong>: Samuel Sebastian Wesley (1810-1876): Larghetto in fis-moll<br/><strong>Preces</strong>: John Tavener (1944-2013): Preces &amp; Responses für achtstimmig gemischten Chor a cappella<br/><strong>Psalm of the day</strong>: Psalm 141: Moritz Brosig (1815-1887): Dirigatur oratio mea für vierstimmig gemischten Chor a cappella<br/><strong>Psalm of the week</strong>: Psalm 34b: Samuel Sebastian Wesley (1810-1876): The Face of the Lord für achtstimmig gemischten Chor und Orgel<br/><strong>Responsorium</strong>: gregorianisch

<br/><strong>Canticle</strong>: Felix Mendelssohn Bartholdy (1809-1847): Am Karfreitag (MWV B 52) für achtstimmig gemischten Chor a cappella<br/><strong>Hymn</strong>: Adam Drese (1620-1701): Jesu geh voran für vierstimmig gemischten Chor a cappella<br/><strong>Organ postlude</strong>: Ludwig Thiele (1816-1848): Chromatische Fuge in a-Moll<br/><strong>Bible reading</strong>: Evangelium nach Lukas 9,57-62</p>



<div style="height:30px" aria-hidden="true" class="wp-block-spacer"></div>



<blockquote class="wp-block-quote is-layout-flow wp-block-quote-is-layout-flow" style="font-family:Playfair-Display">
Liturgy: Okuli<br>
Pfarrerin: Claudia Wüstenhagen<br>
Organist: Daniel Clark<br>
Location: <a href="/kontakt/#anker-kommen-sie-vorbei">Kirche am Hohenzollernplatz</a>
</blockquote>

</div>

<div style="height:20px" aria-hidden="true" class="wp-block-spacer"></div>



<div class="wp-block-group is-layout-constrained wp-block-group-is-layout-constrained">
<h2 class="wp-block-heading">Listen</h2>




<p>Here you can listen to this NoonSong. If you&#8217;d like to listen to more NoonSongs recordings, please register.</p>

<div class="um-locked-content">
	<div class="um-locked-content-msg">This content has been restricted to logged-in users only. Please <a href="https://noonsong.de/en/login-audio-archive/?redirect_to=https%3A%2F%2Fnoonsong.de%2Fen%2Fwp-json%2Fwp%2Fv2%2Ftribe_events%2F55321">log in</a> to view this content.</div>
</div>
</div>

<div style="height:20px" aria-hidden="true" class="wp-block-spacer"></div>



<div class="wp-block-group is-layout-constrained wp-block-group-is-layout-constrained">

<h2 class="wp-block-heading">Watch</h2>




<p>Experience the recorded live-stream of this NoonSong.</p>





<p>You&#8217;ll find many selected video recordings of NoonSongs and other concerts on our <a href="https://youtube.com/sirventesberlin" target="_blank" rel="noreferrer noopener">YouTube channel</a>.
</p>




<div style="height:1em" aria-hidden="true" class="wp-block-spacer"></div>
<div class="um-locked-content">
	<div class="um-locked-content-msg">This content has been restricted to logged-in users only. Please <a href="https://noonsong.de/en/login-audio-archive/?redirect_to=https%3A%2F%2Fnoonsong.de%2Fen%2Fwp-json%2Fwp%2Fv2%2Ftribe_events%2F55321">log in</a> to view this content.</div>
</div>

<div style="height:20px" aria-hidden="true" class="wp-block-spacer"></div>

</div>

<div style="height:20px" aria-hidden="true" class="wp-block-spacer"></div>



<div class="wp-block-group is-layout-constrained wp-block-group-is-layout-constrained">

<h2 class="wp-block-heading">Programme PDF</h2>




<p>Read more about this NoonSong in the programme document.</p>




<div style="height:1em" aria-hidden="true" class="wp-block-spacer"></div>



<figure class="wp-block-image aligncenter is-resized">
<a target="_blank" rel="noopener noreferrer" href="https://noonsong.de/wp-content/uploads/2025/03/2025-03-22-Liturgie.pdf">
<img decoding="async" src="https://noonsong.de/wp-content/uploads/2025/03/2025-03-22-Liturgie-pdf.jpg" alt="" style="max-height:45em; max-width:61.8%" />
<br>
PDF DOWNLOAD
</a>
</figure>



<div style="height:20px" aria-hidden="true" class="wp-block-spacer"></div>

</div>

<div style="height:50px" aria-hidden="true" class="wp-block-spacer"></div>



<p hidden>, , , Tavener, Sir John; Tavener, John Kenneth, , , , , Am Karfreitag
Um unsrer Sünden willen
Am Karfreitage
Am Charfreitage
Sprüche op. 79. Am Karfreitage
Sprüche op. 79,6
op. 79, Nr. 6
MWV B 52, Mendelssohn-Bartholdy, Felix; Mendelssohn-Bartholdi, Felix; Mendelssohn Bartholdi; Mendelssohn-Bartholdy, Felix; Mendelssohn B., Felix; Mendelssohn Bartholdy, Jakob Ludwig Felix; Mendelssohn-Bartholdy, Jakob Ludwig Felix; Mendelssohn-Bartholdy, Jacob Ludwig Felix; Mendelssohn Bartholdy, Felix Jakob; Mendelssohn, Jakob Ludwig Felix; Mendelssohn Bartholdy, F.; Mendelssohn Bartholdy; Mendelssohn-Bartholdy; Mendelssohn; F.; Mendelson-Bartoldi, Feliks; Mendelʹson-Bartolʹdi, Feliks; Mendelsson-Bartholdy, Felix; Mendelsohn-Bartholdy, Felix; Bartholdy, Felix Mendelssohn; Mendelssohn, Felix; Mendelssohn, F.; Mendelssohn-Bartholdy, F.; Mendelssohn Batholdy, Felix; Mendel&#x27;son, Feliks; Mendel&#x27;son, F., , Dreße, Adam; Dresen, Ad.; Drese, Adam II., , , Chromatische Fantasie und Fuge
Fantasie und Fuge, Orgel (a-Moll), Thiele, Johann Friedrich Karl Ludwig; Thiele, Karl Ludwig; Thiele, Carl Ludwig; Thiele, Johann Friedrich Ludwig; Thiele, Joh. Friedrich Ludwig; Thiele, L.; Thiele, Johann Friedrich Carl Ludwig; Thiele, Louis, </p>

<p>Drei Komponisten, die zur gleichen Zeit gelebt haben finden völlig unterschiedliche Tonsprachen für Musik der Fastenzeit: Der Anglikaner Wesley führt die Tradition des Anthems &#8211; der Motette mit Orgelbegleitung &#8211; in einem großen, sprachgewaltigen, doppelchörigen Chorwerk fort, der Breslauer Komponist Brosig orientiert sich ganz an Palestrina während Mendelssohn mit seiner eigenen Tonsprache neue Maßstäbe für die Chormusik gesetzt hat.</p>
