{"id":56141,"date":"2026-04-18T04:00:59","date_gmt":"2026-04-18T02:00:59","guid":{"rendered":"https:\/\/noonsong.de\/event\/noonsong-event-2025-05-17\/"},"modified":"2026-04-18T04:00:59","modified_gmt":"2026-04-18T02:00:59","slug":"noonsong-event-2025-05-17","status":"publish","type":"tribe_events","link":"https:\/\/noonsong.de\/en\/event\/noonsong-event-2025-05-17\/","title":{"rendered":"716. NoonSong am 17.05.2025 um 12:00 Gipfeltreffen italienischer Renaissance-Musik"},"content":{"rendered":"\n<div class=\"wp-block-group is-layout-constrained wp-block-group-is-layout-constrained\">\n\n<h2 class=\"wp-block-heading\">Programme<\/h2>\n\n\n\n<p>\n<strong>Organ prelude<\/strong>: Michael Praetorius (1571-1621): Drei T\u00e4nze aus &quot;Terpsichore&quot;<br\/><strong>Preces<\/strong>: John Bertalot (1931-2026): Preces &amp; Responses f\u00fcr vierstimmig gemischten Chor a cappella<br\/><strong>Psalm of the day<\/strong>: Psalm 34: Tom\u00e1s Luis de Victoria (1548-1611): Benedicam Dominum f\u00fcr vierstimmig gemischten Chor a cappella<br\/><strong>Psalm of the week<\/strong>: Psalm 98: Claudio Monteverdi (1567-1643): Cantate Domino, aus: Libro 1 de moteti di Giulio Cesare Bianchi (1620) f\u00fcr sechsstimmig gemischten Chor<br\/><strong>Responsorium<\/strong>: gregorianisch\n\n<br\/><strong>Canticle<\/strong>: Giovanni Pierluigi da Palestrina (1525-1594): Magnificat primi toni \u00e0 8 f\u00fcr zwei vierstimmige Ch\u00f6re a cappella<br\/><strong>Hymn<\/strong>: Johann Georg Ebeling (1637-1676): Du meine Seele singe f\u00fcr vierstimmig gemischten Chor a cappella<br\/><strong>Organ postlude<\/strong>: Johann Sebastian Bach (1685-1750): Jesus bleibet meine Freude (Bearbeitung aus der Kantate BWV 147)<br\/><strong>Bible reading<\/strong>: Evangelium nach Lukas 19,37-40<\/p>\n\n\n\n<div style=\"height:30px\" aria-hidden=\"true\" class=\"wp-block-spacer\"><\/div>\n\n\n\n<blockquote class=\"wp-block-quote is-layout-flow wp-block-quote-is-layout-flow\" style=\"font-family:Playfair-Display\">\nLiturgy: Kantate<br>\nPfarrer: Dr. Sebastian W. Stork<br>\nOrganist: Vladimir Magalashvili<br>\nLocation: <a href=\"\/kontakt\/#anker-kommen-sie-vorbei\">Kirche am Hohenzollernplatz<\/a>\n<\/blockquote>\n\n<\/div>\n\n<div style=\"height:20px\" aria-hidden=\"true\" class=\"wp-block-spacer\"><\/div>\n\n\n\n<div class=\"wp-block-group is-layout-constrained wp-block-group-is-layout-constrained\">\n<h2 class=\"wp-block-heading\">Listen<\/h2>\n\n\n\n\n<p>Here you can listen to this NoonSong. If you&#8217;d like to listen to more NoonSongs recordings, please register.<\/p>\n\n<div class=\"um-locked-content\">\n\t<div class=\"um-locked-content-msg\">This content has been restricted to logged-in users only. Please <a href=\"https:\/\/noonsong.de\/en\/login-audio-archive\/?redirect_to=https%3A%2F%2Fnoonsong.de%2Fen%2Fwp-json%2Fwp%2Fv2%2Ftribe_events%2F56141\">log in<\/a> to view this content.<\/div>\n<\/div>\n<\/div>\n\n<div style=\"height:20px\" aria-hidden=\"true\" class=\"wp-block-spacer\"><\/div>\n\n\n\n<div class=\"wp-block-group is-layout-constrained wp-block-group-is-layout-constrained\">\n\n<h2 class=\"wp-block-heading\">Watch<\/h2>\n\n\n\n\n<p>Experience the recorded live-stream of this NoonSong.<\/p>\n\n\n\n\n\n<p>You&#8217;ll find many selected video recordings of NoonSongs and other concerts on our <a href=\"https:\/\/youtube.com\/sirventesberlin\" target=\"_blank\" rel=\"noreferrer noopener\">YouTube channel<\/a>.\n<\/p>\n\n\n\n\n<div style=\"height:1em\" aria-hidden=\"true\" class=\"wp-block-spacer\"><\/div>\n<div class=\"um-locked-content\">\n\t<div class=\"um-locked-content-msg\">This content has been restricted to logged-in users only. Please <a href=\"https:\/\/noonsong.de\/en\/login-audio-archive\/?redirect_to=https%3A%2F%2Fnoonsong.de%2Fen%2Fwp-json%2Fwp%2Fv2%2Ftribe_events%2F56141\">log in<\/a> to view this content.<\/div>\n<\/div>\n\n<div style=\"height:20px\" aria-hidden=\"true\" class=\"wp-block-spacer\"><\/div>\n\n<\/div>\n\n<div style=\"height:20px\" aria-hidden=\"true\" class=\"wp-block-spacer\"><\/div>\n\n\n\n<div class=\"wp-block-group is-layout-constrained wp-block-group-is-layout-constrained\">\n\n<h2 class=\"wp-block-heading\">Programme PDF<\/h2>\n\n\n\n\n<p>Read more about this NoonSong in the programme document.<\/p>\n\n\n\n\n<div style=\"height:1em\" aria-hidden=\"true\" class=\"wp-block-spacer\"><\/div>\n\n\n\n<figure class=\"wp-block-image aligncenter is-resized\">\n<a target=\"_blank\" rel=\"noopener noreferrer\" href=\"https:\/\/noonsong.de\/wp-content\/uploads\/2025\/05\/2025-05-17-Liturgie.pdf\">\n<img decoding=\"async\" src=\"https:\/\/noonsong.de\/wp-content\/uploads\/2025\/05\/2025-05-17-Liturgie-pdf.jpg\" alt=\"\" style=\"max-height:45em; max-width:61.8%\" \/>\n<br>\nPDF DOWNLOAD\n<\/a>\n<\/figure>\n\n\n\n<div style=\"height:20px\" aria-hidden=\"true\" class=\"wp-block-spacer\"><\/div>\n\n<\/div>\n\n<div style=\"height:50px\" aria-hidden=\"true\" class=\"wp-block-spacer\"><\/div>\n\n\n\n<p hidden>, , , , , Victoria, Tommaso Luis da; Vittoria, Tommaso Luis da; Vittoria, Lodovico da; Vittoria, Thomas L.; Victoria, Thomas L. a; Victoria, Thomas L.; Vittoria, Tom\u00e1s Luis; Vittoria, Louis Tomaso da; Vittorio, Tommaso Luis da; Vittoria, Ludwig Tom\u00e1s; Vittoria, Ludovico da; Vittoria, Ludovicus; Victoria, Tom\u00e1s Luis da; Victoria, Tomao L. da; Victoria, Thoma Ludovico da; Vittoria, Tommaso L. da; Victoria, Tomaso Luis de; Victoria, Tom\u00e1s L. de; Vittoria, Tomaso L.; Victoria, Tomasio L. da; Vittoria, Tom\u00e1s da; Vittoria, Tomaso Luis da; Vittoria, Thomasio L. da; Victoria, Th. L. de; Victoria, Th. Ludovico; Victoria, T. L. de; Vittoria, T. L.; Vittoria, T. L. D.; Vittoria, &#8230;; Vittoria, Tommaso Lodovico da; Victoria, Tommaso Ludovico da; Vittoria, Tommaso Ludovico da; Vittoria, L. da; Vittoria, Tomaso Ludovico da; Victoria, Thomas Ludovicus; Vittoria, Tomas Ludovico; Vittoria, Tom\u00e1s Luis de; Victoria, Thomas Ludovicus Victoria; Vitoria, Tom\u00e1s Luis de; Victoria, Luis Tom\u00e1s da; De Victoria, Tom\u00e1s Luis; Vittoria, T.L. da; Victoria; Victoria, Ludovico da; Victoria, Tom\u00e1s Ludovico da; DaVittoria, Tomas Ludovico, Cantate Domino canticum novum (1620)\nCantate Domino (1620)\nSV 293, Monteverdi; Monteverdi, Claudio Zuan Antonio; Monteverdi, Claudio Zuan Giovanni Antonio; Monteverdi, C.; Montisviridius, Claudinius; Monteverde, Claudio; Monte Verde, Claudio; Monsviridus, Claudio; Montverdi, Claudio, Magnificat, 1. Ton. 8stg, Palestrina, Giov. Pierluigi da; Palestrina, G. Pierluigi da; Palestrina, G. P. da; Palestrina, G.P. da; Palestrina, Giovanni Pierluigi; Palestrina, Giovanni Pietro; Palestrina, Giovanni Petraloysio; Palestrina, Giovanni L.; Palestrina, Giovanni; Palestrina, G. P.; Palestrina, G.P.; Palestrina, Giovanni da; Palestrina, Giovanno; Palestrina, C. P. da; Palestrina, C.P. da; Palestrina, Jean Pierluigi de; Palestrina, J. P.; Palestrina, J.P.; Palestrina, Joachim; Palestrina, Petrus Aloysius; Palestrina, Petrus A.; Palestrina, Pierluigi da; Palestrina, Pier Luigi; Palestrina, P. L. da; Palestrina, P.L. da; Palestrina; Pal\u00e4strina, G.; Palestrino, Joannes P.; Praenestinius, Ioannes P.; Praenestinius, Joannes Petraloysius; Praenestinus, Joann Petraloysius; Praenestinius, Joannes P.; Praenestino, Joanne Petraloysio; Praenestino, Joanne Petro Aloysio; Praenestino, Joannis P.; Praenestino, Petro Aloysio; Praenestinus, Ioannes P.; Praenestinus, Joannes Petraloysius; Praenestinus, Jo. Petraloysius; Praenestinus, Joannes P.; Praenestinus, Joann. P.; Praenestinus, Joannes Petrus Aloysius; Pr\u00e6nestinus, Ioan. Petraloysius; Pr\u00e6nestinus, Ioannes Aloysius; Pr\u00e6nestinus, Johannes Petrus Aloysius; Prenestino, Giovanni Pierluigi da; Prenestino, Giovanni Pietro Aloysio; Prenestinus, Giovanni P.; Prenestinus, Petrus Aloysius; Pierluigi, Giovanni; Pierluigi da Palestrina, Giovanni; Da Palestrina, Giovanni Pierluigi; Da Palestrina, Pierluigi; DaPalestrina, Giovanni Pierluigi; Giannetto; Sante da Palestrina, Pier Luigi, , Ebeling, Johannes Georg; Ebeling, Joh. Georg; Ebeling, J. G.; Ebeling, Johann George; Ebelingius, Johannes Georgius; Ebeling, Johann G.; Ebeling, Johan Georg; Ebeling Johann Georg, Terpsichore\t\nTerpsichore, musarum aoniarum quinta, Praetorius, M.; Praetorius; Praetorij, Micha\u00eblis; Pr\u00e4torius, Michael; Pr\u00e4torius, Mich.; Schulthei\u00df, Michael; Schultheiss, Michael, Orgelbearbeitung zu:\nHerz und Mund und Tat und Leben, BWV 147. Jesus bleibet meine Freude\nHerz und Mund und Tat und Leben. Satz 10, Choral\nKantaten, BWV 147. Jesus bleibet meine Freude\nJesus bleibet meine Freude\nJesu bleibet meine Freude\nJesu, joy of man&#x27;s desiring\nKantaten BWV 147. Jesus bleibet meine Freude\nKantaten, BWV 147a. BWV 147. Jesus bleibet meine Freude, Bach; Bach, G. S.; Bach, Iogann Sebast\u02b9jan; Bach, Joh. Sebastian; Bach, Giov. Sebast.; Bach, Jean Sebastien; Bach, Jean Sebastian; Bach, J. Seb.; Bach, Sebastiano; Bach, John Sebastian; Bach, Iogann S.; Bach, Iogann Sebast&#x27;jan; Bach, Iogann Sebastian; Bach, Giovanni Sebastian; Bach, Johan Sebastian; Bach, Joannes Sebastianus; Bach, Giov. Seb.; Bach, Giovanni S.; B\u0101\u1e35, J\u014dh\u0101n Seba\u1e63t\u012b&#x27;\u0101n; Bach, I. S.; Bach, J.-S.; Bach, Giovanni Sebastiano; Bach, Jean-Sebastien; Bach, Sebastian; Bach, Jan Sebastian; Bach, J. S.; Bach, Johann-Sebastian; Bach, Jean S.; Bach, Johannes S.; Bach, Johannes Sebastian; Bach, Joh. Seb.; Bach, Joh.-Seb.; Bach, Joh. Sebas.; Bach, Johann Seb.; Bach, Joh. Sebast.; Bach, Johann S.; Bach, Iogann Sebastjan; Bach, Jean S\u00e9bastien; Bach, Jean-S\u00e9bastien; Bach, Johann; Bakh, Iogann Sebastian, <\/p>\n\n","protected":false},"excerpt":{"rendered":"<p>R\u00f6mische und venezianische Chormusik treffen in diesem NoonSong aufeinander: beschwingt, elegant, predigend und klangpr\u00e4chtig. Gleichzeitig deckt die Musik von Palestrina, Victoria und Monteverdi drei aufeinanderfolgende Generationen ab und macht das Verbindende und Neue in der Ver\u00e4nderung der Musik von Renaissance zu Barock h\u00f6rbar.<\/p>\n","protected":false},"author":16,"featured_media":56122,"template":"","meta":{"_et_pb_use_builder":"","_et_pb_old_content":"","_et_gb_content_width":"","_tribe_events_status":"","_tribe_events_status_reason":"","footnotes":""},"tags":[102,289,293,105,125,145,174],"tribe_events_cat":[722,743,723,711,712,716,717,719,729,708,735,724,744,720],"class_list":["post-56141","tribe_events","type-tribe_events","status-publish","has-post-thumbnail","hentry","tag-claudio-monteverdi","tag-giovanni-pierluigi-da-palestrina","tag-johann-georg-ebeling","tag-johann-sebastian-bach","tag-john-bertalot","tag-michael-praetorius","tag-tomas-luis-de-victoria","tribe_events_cat-20-jahrhundert","tribe_events_cat-audio","tribe_events_cat-barock","tribe_events_cat-berlin","tribe_events_cat-chor","tribe_events_cat-gottesdienst","tribe_events_cat-kirche","tribe_events_cat-konzert","tribe_events_cat-liturgie","tribe_events_cat-noonsong","tribe_events_cat-pdf","tribe_events_cat-renaissance","tribe_events_cat-video","tribe_events_cat-vokal","cat_20-jahrhundert","cat_audio","cat_barock","cat_berlin","cat_chor","cat_gottesdienst","cat_kirche","cat_konzert","cat_liturgie","cat_noonsong","cat_pdf","cat_renaissance","cat_video","cat_vokal"],"acf":[],"_links":{"self":[{"href":"https:\/\/noonsong.de\/en\/wp-json\/wp\/v2\/tribe_events\/56141","targetHints":{"allow":["GET"]}}],"collection":[{"href":"https:\/\/noonsong.de\/en\/wp-json\/wp\/v2\/tribe_events"}],"about":[{"href":"https:\/\/noonsong.de\/en\/wp-json\/wp\/v2\/types\/tribe_events"}],"author":[{"embeddable":true,"href":"https:\/\/noonsong.de\/en\/wp-json\/wp\/v2\/users\/16"}],"version-history":[{"count":6,"href":"https:\/\/noonsong.de\/en\/wp-json\/wp\/v2\/tribe_events\/56141\/revisions"}],"predecessor-version":[{"id":58903,"href":"https:\/\/noonsong.de\/en\/wp-json\/wp\/v2\/tribe_events\/56141\/revisions\/58903"}],"wp:featuredmedia":[{"embeddable":true,"href":"https:\/\/noonsong.de\/en\/wp-json\/wp\/v2\/media\/56122"}],"wp:attachment":[{"href":"https:\/\/noonsong.de\/en\/wp-json\/wp\/v2\/media?parent=56141"}],"wp:term":[{"taxonomy":"post_tag","embeddable":true,"href":"https:\/\/noonsong.de\/en\/wp-json\/wp\/v2\/tags?post=56141"},{"taxonomy":"tribe_events_cat","embeddable":true,"href":"https:\/\/noonsong.de\/en\/wp-json\/wp\/v2\/tribe_events_cat?post=56141"}],"curies":[{"name":"wp","href":"https:\/\/api.w.org\/{rel}","templated":true}]}}

<div class="wp-block-group is-layout-constrained wp-block-group-is-layout-constrained">

<h2 class="wp-block-heading">Programme</h2>



<p>
<strong>Organ prelude</strong>: Michael Praetorius (1571-1621): Drei Tänze aus &quot;Terpsichore&quot;<br/><strong>Preces</strong>: John Bertalot (1931-2026): Preces &amp; Responses für vierstimmig gemischten Chor a cappella<br/><strong>Psalm of the day</strong>: Psalm 34: Tomás Luis de Victoria (1548-1611): Benedicam Dominum für vierstimmig gemischten Chor a cappella<br/><strong>Psalm of the week</strong>: Psalm 98: Claudio Monteverdi (1567-1643): Cantate Domino, aus: Libro 1 de moteti di Giulio Cesare Bianchi (1620) für sechsstimmig gemischten Chor<br/><strong>Responsorium</strong>: gregorianisch

<br/><strong>Canticle</strong>: Giovanni Pierluigi da Palestrina (1525-1594): Magnificat primi toni à 8 für zwei vierstimmige Chöre a cappella<br/><strong>Hymn</strong>: Johann Georg Ebeling (1637-1676): Du meine Seele singe für vierstimmig gemischten Chor a cappella<br/><strong>Organ postlude</strong>: Johann Sebastian Bach (1685-1750): Jesus bleibet meine Freude (Bearbeitung aus der Kantate BWV 147)<br/><strong>Bible reading</strong>: Evangelium nach Lukas 19,37-40</p>



<div style="height:30px" aria-hidden="true" class="wp-block-spacer"></div>



<blockquote class="wp-block-quote is-layout-flow wp-block-quote-is-layout-flow" style="font-family:Playfair-Display">
Liturgy: Kantate<br>
Pfarrer: Dr. Sebastian W. Stork<br>
Organist: Vladimir Magalashvili<br>
Location: <a href="/kontakt/#anker-kommen-sie-vorbei">Kirche am Hohenzollernplatz</a>
</blockquote>

</div>

<div style="height:20px" aria-hidden="true" class="wp-block-spacer"></div>



<div class="wp-block-group is-layout-constrained wp-block-group-is-layout-constrained">
<h2 class="wp-block-heading">Listen</h2>




<p>Here you can listen to this NoonSong. If you&#8217;d like to listen to more NoonSongs recordings, please register.</p>

<div class="um-locked-content">
	<div class="um-locked-content-msg">This content has been restricted to logged-in users only. Please <a href="https://noonsong.de/en/login-audio-archive/?redirect_to=https%3A%2F%2Fnoonsong.de%2Fen%2Fwp-json%2Fwp%2Fv2%2Ftribe_events%2F56141">log in</a> to view this content.</div>
</div>
</div>

<div style="height:20px" aria-hidden="true" class="wp-block-spacer"></div>



<div class="wp-block-group is-layout-constrained wp-block-group-is-layout-constrained">

<h2 class="wp-block-heading">Watch</h2>




<p>Experience the recorded live-stream of this NoonSong.</p>





<p>You&#8217;ll find many selected video recordings of NoonSongs and other concerts on our <a href="https://youtube.com/sirventesberlin" target="_blank" rel="noreferrer noopener">YouTube channel</a>.
</p>




<div style="height:1em" aria-hidden="true" class="wp-block-spacer"></div>
<div class="um-locked-content">
	<div class="um-locked-content-msg">This content has been restricted to logged-in users only. Please <a href="https://noonsong.de/en/login-audio-archive/?redirect_to=https%3A%2F%2Fnoonsong.de%2Fen%2Fwp-json%2Fwp%2Fv2%2Ftribe_events%2F56141">log in</a> to view this content.</div>
</div>

<div style="height:20px" aria-hidden="true" class="wp-block-spacer"></div>

</div>

<div style="height:20px" aria-hidden="true" class="wp-block-spacer"></div>



<div class="wp-block-group is-layout-constrained wp-block-group-is-layout-constrained">

<h2 class="wp-block-heading">Programme PDF</h2>




<p>Read more about this NoonSong in the programme document.</p>




<div style="height:1em" aria-hidden="true" class="wp-block-spacer"></div>



<figure class="wp-block-image aligncenter is-resized">
<a target="_blank" rel="noopener noreferrer" href="https://noonsong.de/wp-content/uploads/2025/05/2025-05-17-Liturgie.pdf">
<img decoding="async" src="https://noonsong.de/wp-content/uploads/2025/05/2025-05-17-Liturgie-pdf.jpg" alt="" style="max-height:45em; max-width:61.8%" />
<br>
PDF DOWNLOAD
</a>
</figure>



<div style="height:20px" aria-hidden="true" class="wp-block-spacer"></div>

</div>

<div style="height:50px" aria-hidden="true" class="wp-block-spacer"></div>



<p hidden>, , , , , Victoria, Tommaso Luis da; Vittoria, Tommaso Luis da; Vittoria, Lodovico da; Vittoria, Thomas L.; Victoria, Thomas L. a; Victoria, Thomas L.; Vittoria, Tomás Luis; Vittoria, Louis Tomaso da; Vittorio, Tommaso Luis da; Vittoria, Ludwig Tomás; Vittoria, Ludovico da; Vittoria, Ludovicus; Victoria, Tomás Luis da; Victoria, Tomao L. da; Victoria, Thoma Ludovico da; Vittoria, Tommaso L. da; Victoria, Tomaso Luis de; Victoria, Tomás L. de; Vittoria, Tomaso L.; Victoria, Tomasio L. da; Vittoria, Tomás da; Vittoria, Tomaso Luis da; Vittoria, Thomasio L. da; Victoria, Th. L. de; Victoria, Th. Ludovico; Victoria, T. L. de; Vittoria, T. L.; Vittoria, T. L. D.; Vittoria, &#8230;; Vittoria, Tommaso Lodovico da; Victoria, Tommaso Ludovico da; Vittoria, Tommaso Ludovico da; Vittoria, L. da; Vittoria, Tomaso Ludovico da; Victoria, Thomas Ludovicus; Vittoria, Tomas Ludovico; Vittoria, Tomás Luis de; Victoria, Thomas Ludovicus Victoria; Vitoria, Tomás Luis de; Victoria, Luis Tomás da; De Victoria, Tomás Luis; Vittoria, T.L. da; Victoria; Victoria, Ludovico da; Victoria, Tomás Ludovico da; DaVittoria, Tomas Ludovico, Cantate Domino canticum novum (1620)
Cantate Domino (1620)
SV 293, Monteverdi; Monteverdi, Claudio Zuan Antonio; Monteverdi, Claudio Zuan Giovanni Antonio; Monteverdi, C.; Montisviridius, Claudinius; Monteverde, Claudio; Monte Verde, Claudio; Monsviridus, Claudio; Montverdi, Claudio, Magnificat, 1. Ton. 8stg, Palestrina, Giov. Pierluigi da; Palestrina, G. Pierluigi da; Palestrina, G. P. da; Palestrina, G.P. da; Palestrina, Giovanni Pierluigi; Palestrina, Giovanni Pietro; Palestrina, Giovanni Petraloysio; Palestrina, Giovanni L.; Palestrina, Giovanni; Palestrina, G. P.; Palestrina, G.P.; Palestrina, Giovanni da; Palestrina, Giovanno; Palestrina, C. P. da; Palestrina, C.P. da; Palestrina, Jean Pierluigi de; Palestrina, J. P.; Palestrina, J.P.; Palestrina, Joachim; Palestrina, Petrus Aloysius; Palestrina, Petrus A.; Palestrina, Pierluigi da; Palestrina, Pier Luigi; Palestrina, P. L. da; Palestrina, P.L. da; Palestrina; Palästrina, G.; Palestrino, Joannes P.; Praenestinius, Ioannes P.; Praenestinius, Joannes Petraloysius; Praenestinus, Joann Petraloysius; Praenestinius, Joannes P.; Praenestino, Joanne Petraloysio; Praenestino, Joanne Petro Aloysio; Praenestino, Joannis P.; Praenestino, Petro Aloysio; Praenestinus, Ioannes P.; Praenestinus, Joannes Petraloysius; Praenestinus, Jo. Petraloysius; Praenestinus, Joannes P.; Praenestinus, Joann. P.; Praenestinus, Joannes Petrus Aloysius; Prænestinus, Ioan. Petraloysius; Prænestinus, Ioannes Aloysius; Prænestinus, Johannes Petrus Aloysius; Prenestino, Giovanni Pierluigi da; Prenestino, Giovanni Pietro Aloysio; Prenestinus, Giovanni P.; Prenestinus, Petrus Aloysius; Pierluigi, Giovanni; Pierluigi da Palestrina, Giovanni; Da Palestrina, Giovanni Pierluigi; Da Palestrina, Pierluigi; DaPalestrina, Giovanni Pierluigi; Giannetto; Sante da Palestrina, Pier Luigi, , Ebeling, Johannes Georg; Ebeling, Joh. Georg; Ebeling, J. G.; Ebeling, Johann George; Ebelingius, Johannes Georgius; Ebeling, Johann G.; Ebeling, Johan Georg; Ebeling Johann Georg, Terpsichore	
Terpsichore, musarum aoniarum quinta, Praetorius, M.; Praetorius; Praetorij, Michaëlis; Prätorius, Michael; Prätorius, Mich.; Schultheiß, Michael; Schultheiss, Michael, Orgelbearbeitung zu:
Herz und Mund und Tat und Leben, BWV 147. Jesus bleibet meine Freude
Herz und Mund und Tat und Leben. Satz 10, Choral
Kantaten, BWV 147. Jesus bleibet meine Freude
Jesus bleibet meine Freude
Jesu bleibet meine Freude
Jesu, joy of man&#x27;s desiring
Kantaten BWV 147. Jesus bleibet meine Freude
Kantaten, BWV 147a. BWV 147. Jesus bleibet meine Freude, Bach; Bach, G. S.; Bach, Iogann Sebastʹjan; Bach, Joh. Sebastian; Bach, Giov. Sebast.; Bach, Jean Sebastien; Bach, Jean Sebastian; Bach, J. Seb.; Bach, Sebastiano; Bach, John Sebastian; Bach, Iogann S.; Bach, Iogann Sebast&#x27;jan; Bach, Iogann Sebastian; Bach, Giovanni Sebastian; Bach, Johan Sebastian; Bach, Joannes Sebastianus; Bach, Giov. Seb.; Bach, Giovanni S.; Bāḵ, Jōhān Sebaṣtī&#x27;ān; Bach, I. S.; Bach, J.-S.; Bach, Giovanni Sebastiano; Bach, Jean-Sebastien; Bach, Sebastian; Bach, Jan Sebastian; Bach, J. S.; Bach, Johann-Sebastian; Bach, Jean S.; Bach, Johannes S.; Bach, Johannes Sebastian; Bach, Joh. Seb.; Bach, Joh.-Seb.; Bach, Joh. Sebas.; Bach, Johann Seb.; Bach, Joh. Sebast.; Bach, Johann S.; Bach, Iogann Sebastjan; Bach, Jean Sébastien; Bach, Jean-Sébastien; Bach, Johann; Bakh, Iogann Sebastian, </p>

<p>Römische und venezianische Chormusik treffen in diesem NoonSong aufeinander: beschwingt, elegant, predigend und klangprächtig. Gleichzeitig deckt die Musik von Palestrina, Victoria und Monteverdi drei aufeinanderfolgende Generationen ab und macht das Verbindende und Neue in der Veränderung der Musik von Renaissance zu Barock hörbar.</p>
